-- Table structure for table `search_api_db_database_index_tid`
--

CREATE TABLE `search_api_db_database_index_tid` (
  `item_id` varchar(150) NOT NULL COMMENT 'The primary identifier of the item',
  `value` bigint NOT NULL COMMENT 'The field''s value for this item',
  PRIMARY KEY (`item_id`,`value`),
  KEY `_value` (`value`)
) ENGINE=InnoDB DEFAULT CHARSET=utf8mb3;

--
-- Dumping data for table `search_api_db_database_index_tid`
--

INSERT INTO `search_api_db_database_index_tid` VALUES ('entity:node/101:en',17),('entity:node/106:en',17),('entity:node/110:en',17),('entity:node/103:en',18),('entity:node/101:en',19),('entity:node/106:en',19),('entity:node/110:en',19),('entity:node/98:en',20),('entity:node/107:en',21),('entity:node/113:en',21),('entity:node/96:en',21),('entity:node/100:en',22),('entity:node/102:en',22),('entity:node/103:en',22),('entity:node/107:en',22),('entity:node/108:en',22),('entity:node/109:en',22),('entity:node/110:en',22),('entity:node/111:en',22),('entity:node/112:en',22),('entity:node/113:en',22),('entity:node/96:en',22),('entity:node/97:en',22),('entity:node/110:en',23),('entity:node/112:en',23),('entity:node/100:en',24),('entity:node/102:en',24),('entity:node/104:en',24),('entity:node/105:en',24),('entity:node/108:en',24),('entity:node/97:en',24),('entity:node/100:en',25),('entity:node/102:en',25),('entity:node/104:en',25),('entity:node/105:en',25),('entity:node/107:en',25),('entity:node/108:en',25),('entity:node/109:en',25),('entity:node/113:en',25),('entity:node/96:en',25),('entity:node/97:en',25),('entity:node/99:en',25);

--
-- Table structure for table `search_api_db_database_index_tid_1`
--

CREATE TABLE `search_api_db_database_index_tid_1` (
  `item_id` varchar(150) NOT NULL COMMENT 'The primary identifier of the item',
  `value` bigint NOT NULL COMMENT 'The field''s value for this item',
  PRIMARY KEY (`item_id`,`value`),
  KEY `_value` (`value`)
) ENGINE=InnoDB DEFAULT CHARSET=utf8mb3;

--
-- Dumping data for table `search_api_db_database_index_tid_1`
--

INSERT INTO `search_api_db_database_index_tid_1` VALUES ('entity:taxonomy_term/1:en',1),('entity:taxonomy_term/2:en',2),('entity:taxonomy_term/3:en',3),('entity:taxonomy_term/4:en',4),('entity:taxonomy_term/5:en',5),('entity:taxonomy_term/6:en',6),('entity:taxonomy_term/7:en',7),('entity:taxonomy_term/8:en',8),('entity:taxonomy_term/9:en',9),('entity:taxonomy_term/10:en',10),('entity:taxonomy_term/11:en',11),('entity:taxonomy_term/12:en',12),('entity:taxonomy_term/13:en',13),('entity:taxonomy_term/14:en',14),('entity:taxonomy_term/15:en',15),('entity:taxonomy_term/16:en',16),('entity:taxonomy_term/17:en',17),('entity:taxonomy_term/18:en',18),('entity:taxonomy_term/19:en',19),('entity:taxonomy_term/20:en',20),('entity:taxonomy_term/21:en',21),('entity:taxonomy_term/22:en',22),('entity:taxonomy_term/23:en',23),('entity:taxonomy_term/24:en',24),('entity:taxonomy_term/25:en',25),('entity:taxonomy_term/26:en',26),('entity:taxonomy_term/27:en',27),('entity:taxonomy_term/28:en',28),('entity:taxonomy_term/29:en',29),('entity:taxonomy_term/30:en',30),('entity:taxonomy_term/31:en',31),('entity:taxonomy_term/32:en',32),('entity:taxonomy_term/33:en',33),('entity:taxonomy_term/34:en',34),('entity:taxonomy_term/35:en',35),('entity:taxonomy_term/36:en',36),('entity:taxonomy_term/37:en',37),('entity:taxonomy_term/38:en',38),('entity:taxonomy_term/39:en',39),('entity:taxonomy_term/40:en',40),('entity:taxonomy_term/41:en',41),('entity:taxonomy_term/42:en',42),('entity:taxonomy_term/43:en',43),('entity:taxonomy_term/44:en',44),('entity:taxonomy_term/45:en',45),('entity:taxonomy_term/46:en',46),('entity:taxonomy_term/47:en',47),('entity:taxonomy_term/48:en',48),('entity:taxonomy_term/49:en',49),('entity:taxonomy_term/50:en',50),('entity:taxonomy_term/51:en',51),('entity:taxonomy_term/52:en',52),('entity:taxonomy_term/53:en',53),('entity:taxonomy_term/54:en',54),('entity:taxonomy_term/55:en',55),('entity:taxonomy_term/56:en',56),('entity:taxonomy_term/57:en',57),('entity:taxonomy_term/58:en',58),('entity:taxonomy_term/59:en',59),('entity:taxonomy_term/60:en',60),('entity:taxonomy_term/61:en',61),('entity:taxonomy_term/62:en',62),('entity:taxonomy_term/63:en',63),('entity:taxonomy_term/64:en',64),('entity:taxonomy_term/65:en',65),('entity:taxonomy_term/66:en',66),('entity:taxonomy_term/67:en',67),('entity:taxonomy_term/68:en',68),('entity:taxonomy_term/69:en',69),('entity:taxonomy_term/70:en',70),('entity:taxonomy_term/71:en',71);

--
-- Table structure for table `search_api_db_database_index_type`
--

CREATE TABLE `search_api_db_database_index_type` (
  `item_id` varchar(150) NOT NULL COMMENT 'The primary identifier of the item',
  `value` varchar(255) NOT NULL COMMENT 'The field''s value for this item',
  PRIMARY KEY (`item_id`,`value`),
  KEY `_value` (`value`(10))
) ENGINE=InnoDB DEFAULT CHARSET=utf8mb3;

--
-- Dumping data for table `search_api_db_database_index_type`
--

INSERT INTO `search_api_db_database_index_type` VALUES ('entity:node/100:en','client_success'),('entity:node/101:en','client_success'),('entity:node/102:en','client_success'),('entity:node/103:en','client_success'),('entity:node/104:en','client_success'),('entity:node/105:en','client_success'),('entity:node/106:en','client_success'),('entity:node/107:en','client_success'),('entity:node/108:en','client_success'),('entity:node/109:en','client_success'),('entity:node/10:en','contributors'),('entity:node/110:en','client_success'),('entity:node/111:en','client_success'),('entity:node/112:en','client_success'),('entity:node/113:en','client_success'),('entity:node/127:en','podcast'),('entity:node/128:en','podcast'),('entity:node/129:en','podcast'),('entity:node/130:en','podcast'),('entity:node/131:en','blog'),('entity:node/133:en','jobs'),('entity:node/43:en','contributors'),('entity:node/44:en','blog'),('entity:node/46:en','blog'),('entity:node/47:en','featured_article'),('entity:node/48:en','featured_article'),('entity:node/49:en','featured_article'),('entity:node/50:en','featured_article'),('entity:node/51:en','featured_article'),('entity:node/53:en','featured_article'),('entity:node/55:en','featured_article'),('entity:node/57:en','featured_article'),('entity:node/58:en','contributors'),('entity:node/59:en','contributors'),('entity:node/60:en','webinar'),('entity:node/61:en','featured_article'),('entity:node/62:en','webinar'),('entity:node/63:en','webinar'),('entity:node/64:en','blog'),('entity:node/65:en','blog'),('entity:node/66:en','blog'),('entity:node/67:en','blog'),('entity:node/68:en','blog'),('entity:node/69:en','contributors'),('entity:node/70:en','featured_article'),('entity:node/72:en','contributors'),('entity:node/73:en','blog'),('entity:node/74:en','featured_article'),('entity:node/75:en','contributors'),('entity:node/76:en','blog'),('entity:node/77:en','blog'),('entity:node/78:en','blog'),('entity:node/79:en','featured_article'),('entity:node/80:en','featured_article'),('entity:node/81:en','featured_article'),('entity:node/82:en','blog'),('entity:node/83:en','blog'),('entity:node/84:en','blog'),('entity:node/85:en','blog'),('entity:node/86:en','blog'),('entity:node/87:en','blog'),('entity:node/88:en','blog'),('entity:node/89:en','blog'),('entity:node/90:en','blog'),('entity:node/91:en','webinar'),('entity:node/96:en','client_success'),('entity:node/97:en','client_success'),('entity:node/98:en','client_success'),('entity:node/99:en','client_success');

--
-- Table structure for table `search_api_db_database_index_uid`
--

CREATE TABLE `search_api_db_database_index_uid` (
  `item_id` varchar(150) NOT NULL COMMENT 'The primary identifier of the item',
  `value` bigint NOT NULL COMMENT 'The field''s value for this item',
  PRIMARY KEY (`item_id`,`value`),
  KEY `_value` (`value`)
) ENGINE=InnoDB DEFAULT CHARSET=utf8mb3;

--
-- Dumping data for table `search_api_db_database_index_uid`
--

INSERT INTO `search_api_db_database_index_uid` VALUES ('entity:node/10:en',1),('entity:node/133:en',1),('entity:node/100:en',2),('entity:node/101:en',2),('entity:node/102:en',2),('entity:node/103:en',2),('entity:node/104:en',2),('entity:node/105:en',2),('entity:node/106:en',2),('entity:node/107:en',2),('entity:node/108:en',2),('entity:node/109:en',2),('entity:node/110:en',2),('entity:node/111:en',2),('entity:node/112:en',2),('entity:node/113:en',2),('entity:node/127:en',2),('entity:node/128:en',2),('entity:node/129:en',2),('entity:node/130:en',2),('entity:node/131:en',2),('entity:node/43:en',2),('entity:node/44:en',2),('entity:node/46:en',2),('entity:node/47:en',2),('entity:node/48:en',2),('entity:node/49:en',2),('entity:node/50:en',2),('entity:node/51:en',2),('entity:node/53:en',2),('entity:node/55:en',2),('entity:node/57:en',2),('entity:node/58:en',2),('entity:node/59:en',2),('entity:node/60:en',2),('entity:node/61:en',2),('entity:node/62:en',2),('entity:node/63:en',2),('entity:node/64:en',2),('entity:node/65:en',2),('entity:node/66:en',2),('entity:node/67:en',2),('entity:node/68:en',2),('entity:node/69:en',2),('entity:node/70:en',2),('entity:node/72:en',2),('entity:node/73:en',2),('entity:node/74:en',2),('entity:node/75:en',2),('entity:node/76:en',2),('entity:node/77:en',2),('entity:node/78:en',2),('entity:node/79:en',2),('entity:node/80:en',2),('entity:node/81:en',2),('entity:node/82:en',2),('entity:node/83:en',2),('entity:node/84:en',2),('entity:node/85:en',2),('entity:node/86:en',2),('entity:node/87:en',2),('entity:node/88:en',2),('entity:node/89:en',2),('entity:node/90:en',2),('entity:node/91:en',2),('entity:node/96:en',2),('entity:node/97:en',2),('entity:node/98:en',2),('entity:node/99:en',2);

--
-- Table structure for table `search_api_db_database_index_url`
--

CREATE TABLE `search_api_db_database_index_url` (
  `item_id` varchar(150) NOT NULL COMMENT 'The primary identifier of the item',
  `value` varchar(255) NOT NULL COMMENT 'The field''s value for this item',
  PRIMARY KEY (`item_id`,`value`),
  KEY `_value` (`value`(10))
) ENGINE=InnoDB DEFAULT CHARSET=utf8mb3;

--
-- Dumping data for table `search_api_db_database_index_url`
--

INSERT INTO `search_api_db_database_index_url` VALUES ('entity:node/100:en','/why-divihn/client-success/cyber-proofing-legal-documents'),('entity:node/101:en','/why-divihn/client-success/sales-and-operations-platform'),('entity:node/102:en','/why-divihn/client-success/rationalization-of-a-large-application-portfolio'),('entity:node/103:en','/why-divihn/client-success/it-audit-head'),('entity:node/104:en','/why-divihn/client-success/global-cybersecurity-talent'),('entity:node/105:en','/why-divihn/client-success/data-science-talent'),('entity:node/106:en','/why-divihn/client-success/application-health-assessment'),('entity:node/107:en','/why-divihn/client-success/application-security'),('entity:node/108:en','/why-divihn/client-success/medical-device-security'),('entity:node/109:en','/why-divihn/client-success/it-integration-in-ma-strategy-and-readiness'),('entity:node/10:en','/node/10'),('entity:node/110:en','/why-divihn/client-success/enterprise-cyber-risk'),('entity:node/111:en','/why-divihn/client-success/it-integration-in-m-and-a-post-announce-through-full-integration'),('entity:node/112:en','/why-divihn/client-success/learning-management-system'),('entity:node/113:en','/why-divihn/client-success/it-integration-in-m-and-a-due-diligence'),('entity:node/127:en','/cyber/threats'),('entity:node/128:en','/Cybersecurity/Remote%20Teleworking'),('entity:node/129:en','/ThirdParty/supplier'),('entity:node/130:en','/EmployeeTraining/Awareness'),('entity:node/131:en','/perspectives/blog/shadow_AI_and_governance_gap'),('entity:node/133:en','/node/133'),('entity:node/43:en','/contributors/LaszloSGonc'),('entity:node/44:en','/perspectives/blog/real-iot-medical-device-cybersecurity'),('entity:node/46:en','/perspectives/blog/zero-trust-securing-your-business'),('entity:node/47:en','/perspectives/article/cybersecurity-incident-response'),('entity:node/48:en','/perspectives/article/managing-business-risk-context-increased-remote'),('entity:node/49:en','/perspectives/article/employee-security-awareness-training'),('entity:node/50:en','/perspectives/article/third-party-supply-chain-risk-during-covid-19'),('entity:node/51:en','/perspectives/article/zero-trust-as-an-enterprise-security-model'),('entity:node/53:en','/perspectives/article/ccpa-insights-into-applicability-and-preparation'),('entity:node/55:en','/perspectives/article/whitepaper-managing-risk-in-open-source'),('entity:node/57:en','/perspectives/article/whitepaper-ransomware-threat-management'),('entity:node/58:en','/contributors/JosephFNorton'),('entity:node/59:en','/contributors/ShantanooGovilkar'),('entity:node/60:en','/perspectives/webinar/zero-trust-architecture-adoption-in-federal-government'),('entity:node/61:en','/perspectives/article/practicing-effective-cybersecurity'),('entity:node/62:en','/perspectives/webinar/zero-trust-architecture-adoption-in-federal-government2'),('entity:node/63:en','/perspectives/webinar/zero-trust-architecture-adoption-federal-government3'),('entity:node/64:en','/perspectives/blog/security-by-design'),('entity:node/65:en','/perspectives/blog/security-by-design-part-2'),('entity:node/66:en','/perspectives/blog/security-by-design-part-3'),('entity:node/67:en','/perspectives/blog/security-by-design-part-4'),('entity:node/68:en','/perspectives/blog/security-by-design-part-5'),('entity:node/69:en','/contributors/Jeff%20Lanham'),('entity:node/70:en','/perspectives/article/the-legacy-of-eliza'),('entity:node/72:en','/contributors/Kannan%20Venkataraman'),('entity:node/73:en','/perspectives/blog/the-benefits-of-salesforce-communities'),('entity:node/74:en','/perspectives/article/artificial-intelligence-for-all-responsibly'),('entity:node/75:en','/contributor/DougPicirillo'),('entity:node/76:en','/perspectives/blog/aI-in-mainstream-enterprise-applications'),('entity:node/77:en','/perspectives/blog/what-does-aI-offer-humankind'),('entity:node/78:en','/perspectives/blog/what-does-ai-offer-users-of-mainstream-enterprise-systems'),('entity:node/79:en','/perspectives/article/governance-risk-and-compliance'),('entity:node/80:en','/perspectives/article/best-practices-in-salesforce-development'),('entity:node/81:en','/perspectives/article/unleashing-business-potential'),('entity:node/82:en','/perspectives/blog/security-by-design-part-6'),('entity:node/83:en','/perspectives/blog/security-by-design-part-7'),('entity:node/84:en','/perspectives/blog/security-by-design-part-8'),('entity:node/85:en','/perspectives/blog/security-by-design-part-9'),('entity:node/86:en','/perspectives/blog/security-by-design-part-10'),('entity:node/87:en','/perspectives/blog/security-by-design-part-11'),('entity:node/88:en','/perspectives/blog/security-design-part-12'),('entity:node/89:en','/perspectives/blog/security-design-part-13'),('entity:node/90:en','/perspectives/blog/security-design-part-14'),('entity:node/91:en','/perspectives/webinar/CISO_Exchange_for_a_Safer_Digital_World'),('entity:node/96:en','/why-divihn/client-success/it-integration-in-ma-preannounce-through-day-1'),('entity:node/97:en','/why-divihn/client-success/Cyber-PMO-project-prioritization'),('entity:node/98:en','/why-divihn/client-success/cybersecurity-architecture-for-county-governmen'),('entity:node/99:en','/why-divihn/client-success/third-party-risk-management'),('entity:taxonomy_term/10:en','/taxonomy/term/10'),('entity:taxonomy_term/11:en','/taxonomy/term/11'),('entity:taxonomy_term/12:en','/taxonomy/term/12'),('entity:taxonomy_term/13:en','/taxonomy/term/13'),('entity:taxonomy_term/14:en','/taxonomy/term/14'),('entity:taxonomy_term/15:en','/taxonomy/term/15'),('entity:taxonomy_term/16:en','/taxonomy/term/16'),('entity:taxonomy_term/17:en','/taxonomy/term/17'),('entity:taxonomy_term/18:en','/taxonomy/term/18'),('entity:taxonomy_term/19:en','/taxonomy/term/19'),('entity:taxonomy_term/1:en','/taxonomy/term/1'),('entity:taxonomy_term/20:en','/taxonomy/term/20'),('entity:taxonomy_term/21:en','/taxonomy/term/21'),('entity:taxonomy_term/22:en','/taxonomy/term/22'),('entity:taxonomy_term/23:en','/taxonomy/term/23'),('entity:taxonomy_term/24:en','/taxonomy/term/24'),('entity:taxonomy_term/25:en','/taxonomy/term/25'),('entity:taxonomy_term/26:en','/taxonomy/term/26'),('entity:taxonomy_term/27:en','/taxonomy/term/27'),('entity:taxonomy_term/28:en','/taxonomy/term/28'),('entity:taxonomy_term/29:en','/taxonomy/term/29'),('entity:taxonomy_term/2:en','/taxonomy/term/2'),('entity:taxonomy_term/30:en','/taxonomy/term/30'),('entity:taxonomy_term/31:en','/taxonomy/term/31'),('entity:taxonomy_term/32:en','/taxonomy/term/32'),('entity:taxonomy_term/33:en','/taxonomy/term/33'),('entity:taxonomy_term/34:en','/taxonomy/term/34'),('entity:taxonomy_term/35:en','/taxonomy/term/35'),('entity:taxonomy_term/36:en','/taxonomy/term/36'),('entity:taxonomy_term/37:en','/taxonomy/term/37'),('entity:taxonomy_term/38:en','/taxonomy/term/38'),('entity:taxonomy_term/39:en','/taxonomy/term/39'),('entity:taxonomy_term/3:en','/taxonomy/term/3'),('entity:taxonomy_term/40:en','/taxonomy/term/40'),('entity:taxonomy_term/41:en','/taxonomy/term/41'),('entity:taxonomy_term/42:en','/taxonomy/term/42'),('entity:taxonomy_term/43:en','/taxonomy/term/43'),('entity:taxonomy_term/44:en','/taxonomy/term/44'),('entity:taxonomy_term/45:en','/taxonomy/term/45'),('entity:taxonomy_term/46:en','/taxonomy/term/46'),('entity:taxonomy_term/47:en','/taxonomy/term/47'),('entity:taxonomy_term/48:en','/taxonomy/term/48'),('entity:taxonomy_term/49:en','/taxonomy/term/49'),('entity:taxonomy_term/4:en','/taxonomy/term/4'),('entity:taxonomy_term/50:en','/taxonomy/term/50'),('entity:taxonomy_term/51:en','/taxonomy/term/51'),('entity:taxonomy_term/52:en','/taxonomy/term/52'),('entity:taxonomy_term/53:en','/taxonomy/term/53'),('entity:taxonomy_term/54:en','/taxonomy/term/54'),('entity:taxonomy_term/55:en','/taxonomy/term/55'),('entity:taxonomy_term/56:en','/taxonomy/term/56'),('entity:taxonomy_term/57:en','/taxonomy/term/57'),('entity:taxonomy_term/58:en','/taxonomy/term/58'),('entity:taxonomy_term/59:en','/taxonomy/term/59'),('entity:taxonomy_term/5:en','/taxonomy/term/5'),('entity:taxonomy_term/60:en','/taxonomy/term/60'),('entity:taxonomy_term/61:en','/taxonomy/term/61'),('entity:taxonomy_term/62:en','/taxonomy/term/62'),('entity:taxonomy_term/63:en','/taxonomy/term/63'),('entity:taxonomy_term/64:en','/taxonomy/term/64'),('entity:taxonomy_term/65:en','/taxonomy/term/65'),('entity:taxonomy_term/66:en','/taxonomy/term/66'),('entity:taxonomy_term/67:en','/taxonomy/term/67'),('entity:taxonomy_term/68:en','/taxonomy/term/68'),('entity:taxonomy_term/69:en','/taxonomy/term/69'),('entity:taxonomy_term/6:en','/taxonomy/term/6'),('entity:taxonomy_term/70:en','/taxonomy/term/70'),('entity:taxonomy_term/71:en','/taxonomy/term/71'),('entity:taxonomy_term/7:en','/taxonomy/term/7'),('entity:taxonomy_term/8:en','/taxonomy/term/8'),('entity:taxonomy_term/9:en','/taxonomy/term/9');

--
-- Table structure for table `search_api_db_default_index`
--

CREATE TABLE `search_api_db_default_index` (
  `item_id` varchar(150) NOT NULL COMMENT 'The primary identifier of the item',
  `author` varchar(255) DEFAULT NULL COMMENT 'The field''s value for this item',
  `changed` bigint DEFAULT NULL COMMENT 'The field''s value for this item',
  `created` bigint DEFAULT NULL COMMENT 'The field''s value for this item',
  `field_tags` bigint DEFAULT NULL COMMENT 'The field''s value for this item',
  `node_grants` varchar(255) DEFAULT NULL COMMENT 'The field''s value for this item',
  `rendered_item` varchar(30) DEFAULT NULL COMMENT 'The field''s value for this item',
  `status` tinyint DEFAULT NULL COMMENT 'The field''s value for this item',
  `sticky` tinyint DEFAULT NULL COMMENT 'The field''s value for this item',
  `title` varchar(30) DEFAULT NULL COMMENT 'The field''s value for this item',
  `type` varchar(255) DEFAULT NULL COMMENT 'The field''s value for this item',
  `uid` bigint DEFAULT NULL COMMENT 'The field''s value for this item',
  `search_api_datasource` varchar(255) DEFAULT NULL COMMENT 'The field''s value for this item',
  `search_api_language` varchar(255) DEFAULT NULL COMMENT 'The field''s value for this item',
  PRIMARY KEY (`item_id`),
  KEY `_author` (`author`(10)),
  KEY `_changed` (`changed`),
  KEY `_created` (`created`),
  KEY `_field_tags` (`field_tags`),
  KEY `_node_grants` (`node_grants`(10)),
  KEY `_rendered_item` (`rendered_item`(10)),
  KEY `_status` (`status`),
  KEY `_sticky` (`sticky`),
  KEY `_title` (`title`(10)),
  KEY `_type` (`type`(10)),
  KEY `_uid` (`uid`),
  KEY `_search_api_datasource` (`search_api_datasource`(10)),
  KEY `_search_api_language` (`search_api_language`(10))
) ENGINE=InnoDB DEFAULT CHARSET=utf8mb3;

--
-- Dumping data for table `search_api_db_default_index`
--

INSERT INTO `search_api_db_default_index` VALUES ('entity:node/100:en','hemraj',1762879493,1761567129,NULL,'node_access_all:0',NULL,1,0,'cyber proofing legal documents','client_success',2,'entity:node','en'),('entity:node/101:en','hemraj',1762777913,1761568018,NULL,'node_access_all:0',NULL,1,0,'sales and operations platform','client_success',2,'entity:node','en'),('entity:node/102:en','hemraj',1764849057,1761568826,NULL,'node_access_all:0',NULL,1,0,'rationalization large applicat','client_success',2,'entity:node','en'),('entity:node/103:en','hemraj',1762777998,1761569357,NULL,'node_access_all:0',NULL,1,0,'audit head','client_success',2,'entity:node','en'),('entity:node/104:en','hemraj',1762778025,1761571163,NULL,'node_access_all:0',NULL,1,0,'global cybersecurity talent','client_success',2,'entity:node','en'),('entity:node/105:en','hemraj',1762879415,1761571712,NULL,'node_access_all:0',NULL,1,0,'data science talent','client_success',2,'entity:node','en'),('entity:node/106:en','hemraj',1764849033,1761572754,NULL,'node_access_all:0',NULL,1,0,'application health assessment','client_success',2,'entity:node','en'),('entity:node/107:en','hemraj',1764848845,1761573085,NULL,'node_access_all:0',NULL,1,0,'application security','client_success',2,'entity:node','en'),('entity:node/108:en','hemraj',1762778182,1761573518,NULL,'node_access_all:0',NULL,1,0,'medical device security','client_success',2,'entity:node','en'),('entity:node/109:en','hemraj',1762778287,1761573932,NULL,'node_access_all:0',NULL,1,0,'integration strategy and readi','client_success',2,'entity:node','en'),('entity:node/10:en','admin',1754579051,1754578986,NULL,'node_access_all:0',NULL,1,0,'contributor','contributors',1,'entity:node','en'),('entity:node/110:en','hemraj',1764848769,1761574295,NULL,'node_access_all:0',NULL,1,0,'enterprise cyber risk','client_success',2,'entity:node','en'),('entity:node/111:en','hemraj',1762778356,1761574821,NULL,'node_access_all:0',NULL,1,0,'integration post announce thro','client_success',2,'entity:node','en'),('entity:node/112:en','hemraj',1764849130,1761575438,NULL,'node_access_all:0',NULL,1,0,'learning management system','client_success',2,'entity:node','en'),('entity:node/113:en','hemraj',1762778393,1761575792,NULL,'node_access_all:0',NULL,1,0,'integration due diligence','client_success',2,'entity:node','en'),('entity:node/115:en','admin',1761729955,1761655499,NULL,'node_access_all:0',NULL,1,0,'security the digital dna','unique_template_pages',1,'entity:node','en'),('entity:node/116:en','admin',1763030058,1761732790,NULL,'node_access_all:0',NULL,1,0,'client success page','unique_template_pages',1,'entity:node','en'),('entity:node/117:en','hemraj',1764867447,1761819233,NULL,'node_access_all:0',NULL,1,0,'business technology transforma','services',2,'entity:node','en'),('entity:node/118:en','hemraj',1764867397,1761825745,NULL,'node_access_all:0',NULL,1,0,'cybersecurity services','services',2,'entity:node','en'),('entity:node/119:en','hemraj',1764867497,1761832243,NULL,'node_access_all:0',NULL,1,0,'operations management','services',2,'entity:node','en'),('entity:node/120:en','hemraj',1764920786,1761842411,NULL,'node_access_all:0',NULL,1,0,'better results require better','services',2,'entity:node','en'),('entity:node/121:en','hemraj',1764867749,1762169252,NULL,'node_access_all:0',NULL,1,0,'enterprise architecture','specialization_pages',2,'entity:node','en'),('entity:node/122:en','hemraj',1764867852,1762173812,NULL,'node_access_all:0',NULL,1,0,'data analytics with','specialization_pages',2,'entity:node','en'),('entity:node/123:en','hemraj',1764867942,1762243922,NULL,'node_access_all:0',NULL,1,0,'salesforce solutions','specialization_pages',2,'entity:node','en'),('entity:node/124:en','hemraj',1764867794,1762250810,NULL,'node_access_all:0',NULL,1,0,'microsoft','specialization_pages',2,'entity:node','en'),('entity:node/125:en','hemraj',1764867983,1762258233,NULL,'node_access_all:0',NULL,1,0,'cybersecurity','specialization_pages',2,'entity:node','en'),('entity:node/126:en','hemraj',1764867898,1762261079,NULL,'node_access_all:0',NULL,1,0,'servicenow','specialization_pages',2,'entity:node','en'),('entity:node/127:en','hemraj',1762860604,1762435756,NULL,'node_access_all:0',NULL,1,0,'cyber threats your supply chai','podcast',2,'entity:node','en'),('entity:node/128:en','hemraj',1762861511,1762437731,NULL,'node_access_all:0',NULL,1,0,'cybersecurity remote teleworki','podcast',2,'entity:node','en'),('entity:node/129:en','hemraj',1762861704,1762438187,NULL,'node_access_all:0',NULL,1,0,'third party supplier risk','podcast',2,'entity:node','en'),('entity:node/12:en','admin',1763026617,1754999982,NULL,'node_access_all:0',NULL,1,0,'the trust that have earned','testimonial',1,'entity:node','en'),('entity:node/130:en','hemraj',1762861756,1762438426,NULL,'node_access_all:0',NULL,1,0,'employee training awareness','podcast',2,'entity:node','en'),('entity:node/131:en','hemraj',1764605026,1762515676,NULL,'node_access_all:0',NULL,1,0,'shadow and the governance gap','blog',2,'entity:node','en'),('entity:node/133:en','admin',1763460807,1763460748,NULL,'node_access_all:0',NULL,1,0,'sample job listing','jobs',1,'entity:node','en'),('entity:node/134:en','admin',1763464326,1763463458,NULL,'node_access_all:0',NULL,1,0,'internal careers open position','unique_template_pages',1,'entity:node','en'),('entity:node/135:en','admin',1764949534,1763469386,NULL,'node_access_all:0',NULL,1,0,'contact','unique_template_pages',1,'entity:node','en'),('entity:node/136:en','admin',1764330192,1764329572,NULL,'node_access_all:0',NULL,1,0,'8 certified','certifications',1,'entity:node','en'),('entity:node/137:en','admin',1764330274,1764330040,NULL,'node_access_all:0',NULL,1,0,'state illinois commission equi','certifications',1,'entity:node','en'),('entity:node/138:en','admin',1764330370,1764330316,NULL,'node_access_all:0',NULL,1,0,'mbe wbe certification','certifications',1,'entity:node','en'),('entity:node/139:en','admin',1764330423,1764330379,NULL,'node_access_all:0',NULL,1,0,'cmmi level 3','certifications',1,'entity:node','en'),('entity:node/13:en','admin',1763026596,1755000383,NULL,'node_access_all:0',NULL,1,0,'the trust that have earned','testimonial',1,'entity:node','en'),('entity:node/140:en','admin',1764330490,1764330438,NULL,'node_access_all:0',NULL,1,0,'nmsdc mbe certification','certifications',1,'entity:node','en'),('entity:node/141:en','admin',1764942779,1764942642,NULL,'node_access_all:0',NULL,1,0,'webinars page','unique_template_pages',1,'entity:node','en'),('entity:node/142:en','admin',1764943467,1764943370,NULL,'node_access_all:0',NULL,1,0,'featured articles','unique_template_pages',1,'entity:node','en'),('entity:node/14:en','admin',1763026578,1755000530,NULL,'node_access_all:0',NULL,1,0,'the trust that have earned','testimonial',1,'entity:node','en'),('entity:node/15:en','admin',1763026549,1755000661,NULL,'node_access_all:0',NULL,1,0,'the trust that have earned','testimonial',1,'entity:node','en'),('entity:node/16:en','admin',1756473878,1756473868,NULL,'node_access_all:0','test page',1,0,'test page','page',1,'entity:node','en'),('entity:node/1:en','admin',1764945772,1762262821,NULL,'node_access_all:0',NULL,1,0,'homepage','landing_page',1,'entity:node','en'),('entity:node/20:en','admin',1758202168,1758202154,NULL,'node_access_all:0',NULL,1,0,'test','what_we_do',1,'entity:node','en'),('entity:node/21:en','admin',1764952814,1758214175,NULL,'node_access_all:0','privacy policy divihn integrat',1,0,'privacy policy','page',1,'entity:node','en'),('entity:node/23:en','admin',1764860727,1759234672,NULL,'node_access_all:0',NULL,1,0,'who serve','who_we_serve',1,'entity:node','en'),('entity:node/24:en','admin',1764330019,1759485500,NULL,'node_access_all:0',NULL,1,0,'cmmi','certifications',1,'entity:node','en'),('entity:node/25:en','admin',1764330011,1759485545,NULL,'node_access_all:0',NULL,1,0,'iso 9001','certifications',1,'entity:node','en'),('entity:node/26:en','admin',1764330002,1759485583,NULL,'node_access_all:0',NULL,1,0,'iso 20000','certifications',1,'entity:node','en'),('entity:node/27:en','admin',1764329994,1759485618,NULL,'node_access_all:0',NULL,1,0,'iso 27001','certifications',1,'entity:node','en'),('entity:node/28:en','admin',1759490812,1759490597,NULL,'node_access_all:0',NULL,1,0,'holistic technology services a','government_page',1,'entity:node','en'),('entity:node/29:en','admin',1764664494,1759490597,NULL,'node_access_all:0',NULL,1,0,'holistic technology services a','government_page',1,'entity:node','en'),('entity:node/2:en','admin',1761827102,1753456794,NULL,'node_access_all:0',NULL,1,0,'mindful technology solutions t','banner',1,'entity:node','en'),('entity:node/31:en','admin',1764763472,1759831038,NULL,'node_access_all:0',NULL,1,0,'digital strategy transformatio','services',1,'entity:node','en'),('entity:node/38:en','admin',1764862022,1759934275,NULL,'node_access_all:0',NULL,1,0,'why divihn','why_divihn_page',1,'entity:node','en'),('entity:node/41:en','admin',1764929319,1760089689,NULL,'node_access_all:0',NULL,1,0,'tops cat3 jpmc','sled_content_pages',1,'entity:node','en'),('entity:node/42:en','admin',1764935437,1760100009,NULL,'node_access_all:0',NULL,1,0,'illinois public higher educati','sled_content_pages',1,'entity:node','en'),('entity:node/43:en','hemraj',1760458125,1760354778,NULL,'node_access_all:0',NULL,1,0,'laszlo gonc','contributors',2,'entity:node','en'),('entity:node/44:en','hemraj',1764599543,1760360422,NULL,'node_access_all:0',NULL,1,0,'iot medical device cybersecuri','blog',2,'entity:node','en'),('entity:node/46:en','hemraj',1764600086,1760427870,NULL,'node_access_all:0',NULL,1,0,'zero trust securing your busin','blog',2,'entity:node','en'),('entity:node/47:en','hemraj',1764667894,1760434127,NULL,'node_access_all:0',NULL,1,0,'cybersecurity incident respons','featured_article',2,'entity:node','en'),('entity:node/48:en','hemraj',1764668829,1760437306,NULL,'node_access_all:0',NULL,1,0,'managing business risk the con','featured_article',2,'entity:node','en'),('entity:node/49:en','hemraj',1764668489,1760438920,NULL,'node_access_all:0',NULL,1,0,'employee security awareness tr','featured_article',2,'entity:node','en'),('entity:node/50:en','hemraj',1764668582,1760440566,NULL,'node_access_all:0',NULL,1,0,'thirdparty supply chain risk d','featured_article',2,'entity:node','en'),('entity:node/51:en','hemraj',1764669079,1760443875,NULL,'node_access_all:0',NULL,1,0,'zero trust enterprise security','featured_article',2,'entity:node','en'),('entity:node/53:en','hemraj',1764669252,1760447583,NULL,'node_access_all:0',NULL,1,0,'ccpa insights into applicabili','featured_article',2,'entity:node','en'),('entity:node/55:en','hemraj',1764669383,1760452482,NULL,'node_access_all:0',NULL,1,0,'whitepaper managing risk open','featured_article',2,'entity:node','en'),('entity:node/57:en','hemraj',1764669534,1760453783,NULL,'node_access_all:0',NULL,1,0,'whitepaper ransomware threat m','featured_article',2,'entity:node','en'),('entity:node/58:en','hemraj',1760626786,1760454566,NULL,'node_access_all:0',NULL,1,0,'joseph norton','contributors',2,'entity:node','en'),('entity:node/59:en','hemraj',1760507172,1760458423,NULL,'node_access_all:0',NULL,1,0,'shantanoo govilkar','contributors',2,'entity:node','en'),('entity:node/5:en','admin',1753875095,1753874983,NULL,'node_access_all:0',NULL,1,0,'seeking excellence with grace','banner',1,'entity:node','en'),('entity:node/60:en','hemraj',1764671572,1760461215,NULL,'node_access_all:0',NULL,1,0,'zero trust architecture adopti','webinar',2,'entity:node','en'),('entity:node/61:en','hemraj',1764669651,1760522608,NULL,'node_access_all:0',NULL,1,0,'practicing effective cybersecu','featured_article',2,'entity:node','en'),('entity:node/62:en','hemraj',1764671736,1760524041,NULL,'node_access_all:0',NULL,1,0,'zero trust architecture adopti','webinar',2,'entity:node','en'),('entity:node/63:en','hemraj',1764671800,1760543878,NULL,'node_access_all:0',NULL,1,0,'zero trust architecture adopti','webinar',2,'entity:node','en'),('entity:node/64:en','hemraj',1764600772,1760544700,NULL,'node_access_all:0',NULL,1,0,'security design','blog',2,'entity:node','en'),('entity:node/65:en','hemraj',1764601267,1762439980,NULL,'node_access_all:0',NULL,1,0,'security design part 2','blog',2,'entity:node','en'),('entity:node/66:en','hemraj',1764601494,1760603427,NULL,'node_access_all:0',NULL,1,0,'security design part 3','blog',2,'entity:node','en'),('entity:node/67:en','hemraj',1764601586,1760614033,NULL,'node_access_all:0',NULL,1,0,'security design part 4','blog',2,'entity:node','en'),('entity:node/68:en','hemraj',1764601747,1760619051,NULL,'node_access_all:0',NULL,1,0,'security design part 5','blog',2,'entity:node','en'),('entity:node/69:en','hemraj',1760626765,1760622352,NULL,'node_access_all:0',NULL,1,0,'jeff lanham','contributors',2,'entity:node','en'),('entity:node/6:en','admin',1761827389,1753875321,NULL,'node_access_all:0',NULL,1,0,'enterprise architecture and ro','banner',1,'entity:node','en'),('entity:node/70:en','hemraj',1764669808,1760622728,NULL,'node_access_all:0',NULL,1,0,'the legacy eliza','featured_article',2,'entity:node','en'),('entity:node/71:en','admin',1764660596,1760624511,NULL,'node_access_all:0',NULL,1,0,'technology and talent solution','sled',1,'entity:node','en'),('entity:node/72:en','hemraj',1760627587,1760627408,NULL,'node_access_all:0',NULL,1,0,'kannan venkataraman','contributors',2,'entity:node','en'),('entity:node/73:en','hemraj',1764600212,1760627598,NULL,'node_access_all:0',NULL,1,0,'the benefits salesforce commun','blog',2,'entity:node','en'),('entity:node/74:en','hemraj',1764670044,1760687448,NULL,'node_access_all:0',NULL,1,0,'artificial intelligence for al','featured_article',2,'entity:node','en'),('entity:node/75:en','hemraj',1760691119,1760690979,NULL,'node_access_all:0',NULL,1,0,'doug picirillo','contributors',2,'entity:node','en'),('entity:node/76:en','hemraj',1764600327,1760691130,NULL,'node_access_all:0',NULL,1,0,'mainstream enterprise applicat','blog',2,'entity:node','en'),('entity:node/77:en','hemraj',1764600447,1760695829,NULL,'node_access_all:0',NULL,1,0,'what does offer humankind','blog',2,'entity:node','en'),('entity:node/78:en','hemraj',1764600529,1760696904,NULL,'node_access_all:0',NULL,1,0,'what does offer users mainstre','blog',2,'entity:node','en'),('entity:node/79:en','hemraj',1764670199,1760704882,NULL,'node_access_all:0',NULL,1,0,'what governance risk and compl','featured_article',2,'entity:node','en'),('entity:node/7:en','admin',1761827311,1753876166,NULL,'node_access_all:0',NULL,1,0,'salesforce powered modern plat','banner',1,'entity:node','en'),('entity:node/80:en','hemraj',1764670619,1760709402,NULL,'node_access_all:0',NULL,1,0,'15 best practices salesforce d','featured_article',2,'entity:node','en'),('entity:node/81:en','hemraj',1764670816,1760712443,NULL,'node_access_all:0',NULL,1,0,'unleashing business potential','featured_article',2,'entity:node','en'),('entity:node/82:en','hemraj',1764602463,1760944401,NULL,'node_access_all:0',NULL,1,0,'security design part 6','blog',2,'entity:node','en'),('entity:node/83:en','hemraj',1764602510,1760946722,NULL,'node_access_all:0',NULL,1,0,'security design part 7','blog',2,'entity:node','en'),('entity:node/84:en','hemraj',1764602559,1760949145,NULL,'node_access_all:0',NULL,1,0,'security design part 8','blog',2,'entity:node','en'),('entity:node/85:en','hemraj',1764601899,1760954578,NULL,'node_access_all:0',NULL,1,0,'security design part 9','blog',2,'entity:node','en'),('entity:node/86:en','hemraj',1764601954,1760956577,NULL,'node_access_all:0',NULL,1,0,'security design part 10','blog',2,'entity:node','en'),('entity:node/87:en','hemraj',1764602611,1760960262,NULL,'node_access_all:0',NULL,1,0,'security design part 11','blog',2,'entity:node','en'),('entity:node/88:en','hemraj',1764602652,1760961485,NULL,'node_access_all:0',NULL,1,0,'security design part 12','blog',2,'entity:node','en'),('entity:node/89:en','hemraj',1764602011,1761043780,NULL,'node_access_all:0',NULL,1,0,'security design part 13','blog',2,'entity:node','en'),('entity:node/8:en','admin',1761827231,1753876394,NULL,'node_access_all:0',NULL,1,0,'custom lead cash platform','banner',1,'entity:node','en'),('entity:node/90:en','hemraj',1764602152,1761046040,NULL,'node_access_all:0',NULL,1,0,'security design part 14','blog',2,'entity:node','en'),('entity:node/91:en','hemraj',1764863725,1761122528,NULL,'node_access_all:0',NULL,1,0,'the ciso exchange for safer di','webinar',2,'entity:node','en'),('entity:node/92:en','admin',1763457559,1761128226,NULL,'node_access_all:0',NULL,1,0,'perspectives','page',1,'entity:node','en'),('entity:node/93:en','admin',1764605653,1761222406,NULL,'node_access_all:0',NULL,1,0,'your talent our network','unique_template_pages',1,'entity:node','en'),('entity:node/94:en','admin',1761228559,1761227452,NULL,'node_access_all:0',NULL,1,0,'job openings','unique_template_pages',1,'entity:node','en'),('entity:node/95:en','admin',1763469320,1761228962,NULL,'node_access_all:0',NULL,1,0,'grow with purpose','unique_template_pages',1,'entity:node','en'),('entity:node/96:en','hemraj',1762777112,1761559929,NULL,'node_access_all:0',NULL,1,0,'integration preannounce throug','client_success',2,'entity:node','en'),('entity:node/97:en','hemraj',1762777251,1761561196,NULL,'node_access_all:0',NULL,1,0,'cyber pmo project prioritizati','client_success',2,'entity:node','en'),('entity:node/98:en','hemraj',1763025755,1761561749,NULL,'node_access_all:0',NULL,1,0,'cybersecurity architecture for','client_success',2,'entity:node','en'),('entity:node/99:en','hemraj',1764848945,1761562456,NULL,'node_access_all:0',NULL,1,0,'third party risk management','client_success',2,'entity:node','en');

--
-- Table structure for table `search_api_db_default_index_author`
--

CREATE TABLE `search_api_db_default_index_author` (
  `item_id` varchar(150) NOT NULL COMMENT 'The primary identifier of the item',
  `value` varchar(255) NOT NULL COMMENT 'The field''s value for this item',
  PRIMARY KEY (`item_id`,`value`),
  KEY `_value` (`value`(10))
) ENGINE=InnoDB DEFAULT CHARSET=utf8mb3;

--
-- Dumping data for table `search_api_db_default_index_author`
--

INSERT INTO `search_api_db_default_index_author` VALUES ('entity:node/100:en','hemraj'),('entity:node/101:en','hemraj'),('entity:node/102:en','hemraj'),('entity:node/103:en','hemraj'),('entity:node/104:en','hemraj'),('entity:node/105:en','hemraj'),('entity:node/106:en','hemraj'),('entity:node/107:en','hemraj'),('entity:node/108:en','hemraj'),('entity:node/109:en','hemraj'),('entity:node/10:en','admin'),('entity:node/110:en','hemraj'),('entity:node/111:en','hemraj'),('entity:node/112:en','hemraj'),('entity:node/113:en','hemraj'),('entity:node/115:en','admin'),('entity:node/116:en','admin'),('entity:node/117:en','hemraj'),('entity:node/118:en','hemraj'),('entity:node/119:en','hemraj'),('entity:node/120:en','hemraj'),('entity:node/121:en','hemraj'),('entity:node/122:en','hemraj'),('entity:node/123:en','hemraj'),('entity:node/124:en','hemraj'),('entity:node/125:en','hemraj'),('entity:node/126:en','hemraj'),('entity:node/127:en','hemraj'),('entity:node/128:en','hemraj'),('entity:node/129:en','hemraj'),('entity:node/12:en','admin'),('entity:node/130:en','hemraj'),('entity:node/131:en','hemraj'),('entity:node/133:en','admin'),('entity:node/134:en','admin'),('entity:node/135:en','admin'),('entity:node/136:en','admin'),('entity:node/137:en','admin'),('entity:node/138:en','admin'),('entity:node/139:en','admin'),('entity:node/13:en','admin'),('entity:node/140:en','admin'),('entity:node/141:en','admin'),('entity:node/142:en','admin'),('entity:node/14:en','admin'),('entity:node/15:en','admin'),('entity:node/16:en','admin'),('entity:node/1:en','admin'),('entity:node/20:en','admin'),('entity:node/21:en','admin'),('entity:node/23:en','admin'),('entity:node/24:en','admin'),('entity:node/25:en','admin'),('entity:node/26:en','admin'),('entity:node/27:en','admin'),('entity:node/28:en','admin'),('entity:node/29:en','admin'),('entity:node/2:en','admin'),('entity:node/31:en','admin'),('entity:node/38:en','admin'),('entity:node/41:en','admin'),('entity:node/42:en','admin'),('entity:node/43:en','hemraj'),('entity:node/44:en','hemraj'),('entity:node/46:en','hemraj'),('entity:node/47:en','hemraj'),('entity:node/48:en','hemraj'),('entity:node/49:en','hemraj'),('entity:node/50:en','hemraj'),('entity:node/51:en','hemraj'),('entity:node/53:en','hemraj'),('entity:node/55:en','hemraj'),('entity:node/57:en','hemraj'),('entity:node/58:en','hemraj'),('entity:node/59:en','hemraj'),('entity:node/5:en','admin'),('entity:node/60:en','hemraj'),('entity:node/61:en','hemraj'),('entity:node/62:en','hemraj'),('entity:node/63:en','hemraj'),('entity:node/64:en','hemraj'),('entity:node/65:en','hemraj'),('entity:node/66:en','hemraj'),('entity:node/67:en','hemraj'),('entity:node/68:en','hemraj'),('entity:node/69:en','hemraj'),('entity:node/6:en','admin'),('entity:node/70:en','hemraj'),('entity:node/71:en','admin'),('entity:node/72:en','hemraj'),('entity:node/73:en','hemraj'),('entity:node/74:en','hemraj'),('entity:node/75:en','hemraj'),('entity:node/76:en','hemraj'),('entity:node/77:en','hemraj'),('entity:node/78:en','hemraj'),('entity:node/79:en','hemraj'),('entity:node/7:en','admin'),('entity:node/80:en','hemraj'),('entity:node/81:en','hemraj'),('entity:node/82:en','hemraj'),('entity:node/83:en','hemraj'),('entity:node/84:en','hemraj'),('entity:node/85:en','hemraj'),('entity:node/86:en','hemraj'),('entity:node/87:en','hemraj'),('entity:node/88:en','hemraj'),('entity:node/89:en','hemraj'),('entity:node/8:en','admin'),('entity:node/90:en','hemraj'),('entity:node/91:en','hemraj'),('entity:node/92:en','admin'),('entity:node/93:en','admin'),('entity:node/94:en','admin'),('entity:node/95:en','admin'),('entity:node/96:en','hemraj'),('entity:node/97:en','hemraj'),('entity:node/98:en','hemraj'),('entity:node/99:en','hemraj');

--
-- Table structure for table `search_api_db_default_index_changed`
--

CREATE TABLE `search_api_db_default_index_changed` (
  `item_id` varchar(150) NOT NULL COMMENT 'The primary identifier of the item',
  `value` bigint NOT NULL COMMENT 'The field''s value for this item',
  PRIMARY KEY (`item_id`,`value`),
  KEY `_value` (`value`)
) ENGINE=InnoDB DEFAULT CHARSET=utf8mb3;

--
-- Dumping data for table `search_api_db_default_index_changed`
--

INSERT INTO `search_api_db_default_index_changed` VALUES ('entity:node/5:en',1753875095),('entity:node/10:en',1754579051),('entity:node/16:en',1756473878),('entity:node/20:en',1758202168),('entity:node/28:en',1759490812),('entity:node/43:en',1760458125),('entity:node/59:en',1760507172),('entity:node/69:en',1760626765),('entity:node/58:en',1760626786),('entity:node/72:en',1760627587),('entity:node/75:en',1760691119),('entity:node/94:en',1761228559),('entity:node/115:en',1761729955),('entity:node/2:en',1761827102),('entity:node/8:en',1761827231),('entity:node/7:en',1761827311),('entity:node/6:en',1761827389),('entity:node/96:en',1762777112),('entity:node/97:en',1762777251),('entity:node/101:en',1762777913),('entity:node/103:en',1762777998),('entity:node/104:en',1762778025),('entity:node/108:en',1762778182),('entity:node/109:en',1762778287),('entity:node/111:en',1762778356),('entity:node/113:en',1762778393),('entity:node/127:en',1762860604),('entity:node/128:en',1762861511),('entity:node/129:en',1762861704),('entity:node/130:en',1762861756),('entity:node/105:en',1762879415),('entity:node/100:en',1762879493),('entity:node/98:en',1763025755),('entity:node/15:en',1763026549),('entity:node/14:en',1763026578),('entity:node/13:en',1763026596),('entity:node/12:en',1763026617),('entity:node/116:en',1763030058),('entity:node/92:en',1763457559),('entity:node/133:en',1763460807),('entity:node/134:en',1763464326),('entity:node/95:en',1763469320),('entity:node/27:en',1764329994),('entity:node/26:en',1764330002),('entity:node/25:en',1764330011),('entity:node/24:en',1764330019),('entity:node/136:en',1764330192),('entity:node/137:en',1764330274),('entity:node/138:en',1764330370),('entity:node/139:en',1764330423),('entity:node/140:en',1764330490),('entity:node/44:en',1764599543),('entity:node/46:en',1764600086),('entity:node/73:en',1764600212),('entity:node/76:en',1764600327),('entity:node/77:en',1764600447),('entity:node/78:en',1764600529),('entity:node/64:en',1764600772),('entity:node/65:en',1764601267),('entity:node/66:en',1764601494),('entity:node/67:en',1764601586),('entity:node/68:en',1764601747),('entity:node/85:en',1764601899),('entity:node/86:en',1764601954),('entity:node/89:en',1764602011),('entity:node/90:en',1764602152),('entity:node/82:en',1764602463),('entity:node/83:en',1764602510),('entity:node/84:en',1764602559),('entity:node/87:en',1764602611),('entity:node/88:en',1764602652),('entity:node/131:en',1764605026),('entity:node/93:en',1764605653),('entity:node/71:en',1764660596),('entity:node/29:en',1764664494),('entity:node/47:en',1764667894),('entity:node/49:en',1764668489),('entity:node/50:en',1764668582),('entity:node/48:en',1764668829),('entity:node/51:en',1764669079),('entity:node/53:en',1764669252),('entity:node/55:en',1764669383),('entity:node/57:en',1764669534),('entity:node/61:en',1764669651),('entity:node/70:en',1764669808),('entity:node/74:en',1764670044),('entity:node/79:en',1764670199),('entity:node/80:en',1764670619),('entity:node/81:en',1764670816),('entity:node/60:en',1764671572),('entity:node/62:en',1764671736),('entity:node/63:en',1764671800),('entity:node/31:en',1764763472),('entity:node/110:en',1764848769),('entity:node/107:en',1764848845),('entity:node/99:en',1764848945),('entity:node/106:en',1764849033),('entity:node/102:en',1764849057),('entity:node/112:en',1764849130),('entity:node/23:en',1764860727),('entity:node/38:en',1764862022),('entity:node/91:en',1764863725),('entity:node/118:en',1764867397),('entity:node/117:en',1764867447),('entity:node/119:en',1764867497),('entity:node/121:en',1764867749),('entity:node/124:en',1764867794),('entity:node/122:en',1764867852),('entity:node/126:en',1764867898),('entity:node/123:en',1764867942),('entity:node/125:en',1764867983),('entity:node/120:en',1764920786),('entity:node/41:en',1764929319),('entity:node/42:en',1764935437),('entity:node/141:en',1764942779),('entity:node/142:en',1764943467),('entity:node/1:en',1764945772),('entity:node/135:en',1764949534),('entity:node/21:en',1764952814);

--
-- Table structure for table `search_api_db_default_index_created`
--

CREATE TABLE `search_api_db_default_index_created` (
  `item_id` varchar(150) NOT NULL COMMENT 'The primary identifier of the item',
  `value` bigint NOT NULL COMMENT 'The field''s value for this item',
  PRIMARY KEY (`item_id`,`value`),
  KEY `_value` (`value`)
) ENGINE=InnoDB DEFAULT CHARSET=utf8mb3;

--
-- Dumping data for table `search_api_db_default_index_created`
--

INSERT INTO `search_api_db_default_index_created` VALUES ('entity:node/2:en',1753456794),('entity:node/5:en',1753874983),('entity:node/6:en',1753875321),('entity:node/7:en',1753876166),('entity:node/8:en',1753876394),('entity:node/10:en',1754578986),('entity:node/12:en',1754999982),('entity:node/13:en',1755000383),('entity:node/14:en',1755000530),('entity:node/15:en',1755000661),('entity:node/16:en',1756473868),('entity:node/20:en',1758202154),('entity:node/21:en',1758214175),('entity:node/23:en',1759234672),('entity:node/24:en',1759485500),('entity:node/25:en',1759485545),('entity:node/26:en',1759485583),('entity:node/27:en',1759485618),('entity:node/28:en',1759490597),('entity:node/29:en',1759490597),('entity:node/31:en',1759831038),('entity:node/38:en',1759934275),('entity:node/41:en',1760089689),('entity:node/42:en',1760100009),('entity:node/43:en',1760354778),('entity:node/44:en',1760360422),('entity:node/46:en',1760427870),('entity:node/47:en',1760434127),('entity:node/48:en',1760437306),('entity:node/49:en',1760438920),('entity:node/50:en',1760440566),('entity:node/51:en',1760443875),('entity:node/53:en',1760447583),('entity:node/55:en',1760452482),('entity:node/57:en',1760453783),('entity:node/58:en',1760454566),('entity:node/59:en',1760458423),('entity:node/60:en',1760461215),('entity:node/61:en',1760522608),('entity:node/62:en',1760524041),('entity:node/63:en',1760543878),('entity:node/64:en',1760544700),('entity:node/66:en',1760603427),('entity:node/67:en',1760614033),('entity:node/68:en',1760619051),('entity:node/69:en',1760622352),('entity:node/70:en',1760622728),('entity:node/71:en',1760624511),('entity:node/72:en',1760627408),('entity:node/73:en',1760627598),('entity:node/74:en',1760687448),('entity:node/75:en',1760690979),('entity:node/76:en',1760691130),('entity:node/77:en',1760695829),('entity:node/78:en',1760696904),('entity:node/79:en',1760704882),('entity:node/80:en',1760709402),('entity:node/81:en',1760712443),('entity:node/82:en',1760944401),('entity:node/83:en',1760946722),('entity:node/84:en',1760949145),('entity:node/85:en',1760954578),('entity:node/86:en',1760956577),('entity:node/87:en',1760960262),('entity:node/88:en',1760961485),('entity:node/89:en',1761043780),('entity:node/90:en',1761046040),('entity:node/91:en',1761122528),('entity:node/92:en',1761128226),('entity:node/93:en',1761222406),('entity:node/94:en',1761227452),('entity:node/95:en',1761228962),('entity:node/96:en',1761559929),('entity:node/97:en',1761561196),('entity:node/98:en',1761561749),('entity:node/99:en',1761562456),('entity:node/100:en',1761567129),('entity:node/101:en',1761568018),('entity:node/102:en',1761568826),('entity:node/103:en',1761569357),('entity:node/104:en',1761571163),('entity:node/105:en',1761571712),('entity:node/106:en',1761572754),('entity:node/107:en',1761573085),('entity:node/108:en',1761573518),('entity:node/109:en',1761573932),('entity:node/110:en',1761574295),('entity:node/111:en',1761574821),('entity:node/112:en',1761575438),('entity:node/113:en',1761575792),('entity:node/115:en',1761655499),('entity:node/116:en',1761732790),('entity:node/117:en',1761819233),('entity:node/118:en',1761825745),('entity:node/119:en',1761832243),('entity:node/120:en',1761842411),('entity:node/121:en',1762169252),('entity:node/122:en',1762173812),('entity:node/123:en',1762243922),('entity:node/124:en',1762250810),('entity:node/125:en',1762258233),('entity:node/126:en',1762261079),('entity:node/1:en',1762262821),('entity:node/127:en',1762435756),('entity:node/128:en',1762437731),('entity:node/129:en',1762438187),('entity:node/130:en',1762438426),('entity:node/65:en',1762439980),('entity:node/131:en',1762515676),('entity:node/133:en',1763460748),('entity:node/134:en',1763463458),('entity:node/135:en',1763469386),('entity:node/136:en',1764329572),('entity:node/137:en',1764330040),('entity:node/138:en',1764330316),('entity:node/139:en',1764330379),('entity:node/140:en',1764330438),('entity:node/141:en',1764942642),('entity:node/142:en',1764943370);

--
-- Table structure for table `search_api_db_default_index_field_tags`
--

CREATE TABLE `search_api_db_default_index_field_tags` (
  `item_id` varchar(150) NOT NULL COMMENT 'The primary identifier of the item',
  `value` bigint NOT NULL COMMENT 'The field''s value for this item',
  PRIMARY KEY (`item_id`,`value`),
  KEY `_value` (`value`)
) ENGINE=InnoDB DEFAULT CHARSET=utf8mb3;

--
-- Dumping data for table `search_api_db_default_index_field_tags`
--


--
-- Table structure for table `search_api_db_default_index_node_grants`
--

CREATE TABLE `search_api_db_default_index_node_grants` (
  `item_id` varchar(150) NOT NULL COMMENT 'The primary identifier of the item',
  `value` varchar(255) NOT NULL COMMENT 'The field''s value for this item',
  PRIMARY KEY (`item_id`,`value`),
  KEY `_value` (`value`(10))
) ENGINE=InnoDB DEFAULT CHARSET=utf8mb3;

--
-- Dumping data for table `search_api_db_default_index_node_grants`
--

INSERT INTO `search_api_db_default_index_node_grants` VALUES ('entity:node/100:en','node_access_all:0'),('entity:node/101:en','node_access_all:0'),('entity:node/102:en','node_access_all:0'),('entity:node/103:en','node_access_all:0'),('entity:node/104:en','node_access_all:0'),('entity:node/105:en','node_access_all:0'),('entity:node/106:en','node_access_all:0'),('entity:node/107:en','node_access_all:0'),('entity:node/108:en','node_access_all:0'),('entity:node/109:en','node_access_all:0'),('entity:node/10:en','node_access_all:0'),('entity:node/110:en','node_access_all:0'),('entity:node/111:en','node_access_all:0'),('entity:node/112:en','node_access_all:0'),('entity:node/113:en','node_access_all:0'),('entity:node/115:en','node_access_all:0'),('entity:node/116:en','node_access_all:0'),('entity:node/117:en','node_access_all:0'),('entity:node/118:en','node_access_all:0'),('entity:node/119:en','node_access_all:0'),('entity:node/120:en','node_access_all:0'),('entity:node/121:en','node_access_all:0'),('entity:node/122:en','node_access_all:0'),('entity:node/123:en','node_access_all:0'),('entity:node/124:en','node_access_all:0'),('entity:node/125:en','node_access_all:0'),('entity:node/126:en','node_access_all:0'),('entity:node/127:en','node_access_all:0'),('entity:node/128:en','node_access_all:0'),('entity:node/129:en','node_access_all:0'),('entity:node/12:en','node_access_all:0'),('entity:node/130:en','node_access_all:0'),('entity:node/131:en','node_access_all:0'),('entity:node/133:en','node_access_all:0'),('entity:node/134:en','node_access_all:0'),('entity:node/135:en','node_access_all:0'),('entity:node/136:en','node_access_all:0'),('entity:node/137:en','node_access_all:0'),('entity:node/138:en','node_access_all:0'),('entity:node/139:en','node_access_all:0'),('entity:node/13:en','node_access_all:0'),('entity:node/140:en','node_access_all:0'),('entity:node/141:en','node_access_all:0'),('entity:node/142:en','node_access_all:0'),('entity:node/14:en','node_access_all:0'),('entity:node/15:en','node_access_all:0'),('entity:node/16:en','node_access_all:0'),('entity:node/1:en','node_access_all:0'),('entity:node/20:en','node_access_all:0'),('entity:node/21:en','node_access_all:0'),('entity:node/23:en','node_access_all:0'),('entity:node/24:en','node_access_all:0'),('entity:node/25:en','node_access_all:0'),('entity:node/26:en','node_access_all:0'),('entity:node/27:en','node_access_all:0'),('entity:node/28:en','node_access_all:0'),('entity:node/29:en','node_access_all:0'),('entity:node/2:en','node_access_all:0'),('entity:node/31:en','node_access_all:0'),('entity:node/38:en','node_access_all:0'),('entity:node/41:en','node_access_all:0'),('entity:node/42:en','node_access_all:0'),('entity:node/43:en','node_access_all:0'),('entity:node/44:en','node_access_all:0'),('entity:node/46:en','node_access_all:0'),('entity:node/47:en','node_access_all:0'),('entity:node/48:en','node_access_all:0'),('entity:node/49:en','node_access_all:0'),('entity:node/50:en','node_access_all:0'),('entity:node/51:en','node_access_all:0'),('entity:node/53:en','node_access_all:0'),('entity:node/55:en','node_access_all:0'),('entity:node/57:en','node_access_all:0'),('entity:node/58:en','node_access_all:0'),('entity:node/59:en','node_access_all:0'),('entity:node/5:en','node_access_all:0'),('entity:node/60:en','node_access_all:0'),('entity:node/61:en','node_access_all:0'),('entity:node/62:en','node_access_all:0'),('entity:node/63:en','node_access_all:0'),('entity:node/64:en','node_access_all:0'),('entity:node/65:en','node_access_all:0'),('entity:node/66:en','node_access_all:0'),('entity:node/67:en','node_access_all:0'),('entity:node/68:en','node_access_all:0'),('entity:node/69:en','node_access_all:0'),('entity:node/6:en','node_access_all:0'),('entity:node/70:en','node_access_all:0'),('entity:node/71:en','node_access_all:0'),('entity:node/72:en','node_access_all:0'),('entity:node/73:en','node_access_all:0'),('entity:node/74:en','node_access_all:0'),('entity:node/75:en','node_access_all:0'),('entity:node/76:en','node_access_all:0'),('entity:node/77:en','node_access_all:0'),('entity:node/78:en','node_access_all:0'),('entity:node/79:en','node_access_all:0'),('entity:node/7:en','node_access_all:0'),('entity:node/80:en','node_access_all:0'),('entity:node/81:en','node_access_all:0'),('entity:node/82:en','node_access_all:0'),('entity:node/83:en','node_access_all:0'),('entity:node/84:en','node_access_all:0'),('entity:node/85:en','node_access_all:0'),('entity:node/86:en','node_access_all:0'),('entity:node/87:en','node_access_all:0'),('entity:node/88:en','node_access_all:0'),('entity:node/89:en','node_access_all:0'),('entity:node/8:en','node_access_all:0'),('entity:node/90:en','node_access_all:0'),('entity:node/91:en','node_access_all:0'),('entity:node/92:en','node_access_all:0'),('entity:node/93:en','node_access_all:0'),('entity:node/94:en','node_access_all:0'),('entity:node/95:en','node_access_all:0'),('entity:node/96:en','node_access_all:0'),('entity:node/97:en','node_access_all:0'),('entity:node/98:en','node_access_all:0'),('entity:node/99:en','node_access_all:0');

--
-- Table structure for table `search_api_db_default_index_search_api_datasource`
--

CREATE TABLE `search_api_db_default_index_search_api_datasource` (
  `item_id` varchar(150) NOT NULL COMMENT 'The primary identifier of the item',
  `value` varchar(255) NOT NULL COMMENT 'The field''s value for this item',
  PRIMARY KEY (`item_id`,`value`),
  KEY `_value` (`value`(10))
) ENGINE=InnoDB DEFAULT CHARSET=utf8mb3;

--
-- Dumping data for table `search_api_db_default_index_search_api_datasource`
--

INSERT INTO `search_api_db_default_index_search_api_datasource` VALUES ('entity:node/100:en','entity:node'),('entity:node/101:en','entity:node'),('entity:node/102:en','entity:node'),('entity:node/103:en','entity:node'),('entity:node/104:en','entity:node'),('entity:node/105:en','entity:node'),('entity:node/106:en','entity:node'),('entity:node/107:en','entity:node'),('entity:node/108:en','entity:node'),('entity:node/109:en','entity:node'),('entity:node/10:en','entity:node'),('entity:node/110:en','entity:node'),('entity:node/111:en','entity:node'),('entity:node/112:en','entity:node'),('entity:node/113:en','entity:node'),('entity:node/115:en','entity:node'),('entity:node/116:en','entity:node'),('entity:node/117:en','entity:node'),('entity:node/118:en','entity:node'),('entity:node/119:en','entity:node'),('entity:node/120:en','entity:node'),('entity:node/121:en','entity:node'),('entity:node/122:en','entity:node'),('entity:node/123:en','entity:node'),('entity:node/124:en','entity:node'),('entity:node/125:en','entity:node'),('entity:node/126:en','entity:node'),('entity:node/127:en','entity:node'),('entity:node/128:en','entity:node'),('entity:node/129:en','entity:node'),('entity:node/12:en','entity:node'),('entity:node/130:en','entity:node'),('entity:node/131:en','entity:node'),('entity:node/133:en','entity:node'),('entity:node/134:en','entity:node'),('entity:node/135:en','entity:node'),('entity:node/136:en','entity:node'),('entity:node/137:en','entity:node'),('entity:node/138:en','entity:node'),('entity:node/139:en','entity:node'),('entity:node/13:en','entity:node'),('entity:node/140:en','entity:node'),('entity:node/141:en','entity:node'),('entity:node/142:en','entity:node'),('entity:node/14:en','entity:node'),('entity:node/15:en','entity:node'),('entity:node/16:en','entity:node'),('entity:node/1:en','entity:node'),('entity:node/20:en','entity:node'),('entity:node/21:en','entity:node'),('entity:node/23:en','entity:node'),('entity:node/24:en','entity:node'),('entity:node/25:en','entity:node'),('entity:node/26:en','entity:node'),('entity:node/27:en','entity:node'),('entity:node/28:en','entity:node'),('entity:node/29:en','entity:node'),('entity:node/2:en','entity:node'),('entity:node/31:en','entity:node'),('entity:node/38:en','entity:node'),('entity:node/41:en','entity:node'),('entity:node/42:en','entity:node'),('entity:node/43:en','entity:node'),('entity:node/44:en','entity:node'),('entity:node/46:en','entity:node'),('entity:node/47:en','entity:node'),('entity:node/48:en','entity:node'),('entity:node/49:en','entity:node'),('entity:node/50:en','entity:node'),('entity:node/51:en','entity:node'),('entity:node/53:en','entity:node'),('entity:node/55:en','entity:node'),('entity:node/57:en','entity:node'),('entity:node/58:en','entity:node'),('entity:node/59:en','entity:node'),('entity:node/5:en','entity:node'),('entity:node/60:en','entity:node'),('entity:node/61:en','entity:node'),('entity:node/62:en','entity:node'),('entity:node/63:en','entity:node'),('entity:node/64:en','entity:node'),('entity:node/65:en','entity:node'),('entity:node/66:en','entity:node'),('entity:node/67:en','entity:node'),('entity:node/68:en','entity:node'),('entity:node/69:en','entity:node'),('entity:node/6:en','entity:node'),('entity:node/70:en','entity:node'),('entity:node/71:en','entity:node'),('entity:node/72:en','entity:node'),('entity:node/73:en','entity:node'),('entity:node/74:en','entity:node'),('entity:node/75:en','entity:node'),('entity:node/76:en','entity:node'),('entity:node/77:en','entity:node'),('entity:node/78:en','entity:node'),('entity:node/79:en','entity:node'),('entity:node/7:en','entity:node'),('entity:node/80:en','entity:node'),('entity:node/81:en','entity:node'),('entity:node/82:en','entity:node'),('entity:node/83:en','entity:node'),('entity:node/84:en','entity:node'),('entity:node/85:en','entity:node'),('entity:node/86:en','entity:node'),('entity:node/87:en','entity:node'),('entity:node/88:en','entity:node'),('entity:node/89:en','entity:node'),('entity:node/8:en','entity:node'),('entity:node/90:en','entity:node'),('entity:node/91:en','entity:node'),('entity:node/92:en','entity:node'),('entity:node/93:en','entity:node'),('entity:node/94:en','entity:node'),('entity:node/95:en','entity:node'),('entity:node/96:en','entity:node'),('entity:node/97:en','entity:node'),('entity:node/98:en','entity:node'),('entity:node/99:en','entity:node');

--
-- Table structure for table `search_api_db_default_index_search_api_language`
--

CREATE TABLE `search_api_db_default_index_search_api_language` (
  `item_id` varchar(150) NOT NULL COMMENT 'The primary identifier of the item',
  `value` varchar(255) NOT NULL COMMENT 'The field''s value for this item',
  PRIMARY KEY (`item_id`,`value`),
  KEY `_value` (`value`(10))
) ENGINE=InnoDB DEFAULT CHARSET=utf8mb3;

--
-- Dumping data for table `search_api_db_default_index_search_api_language`
--

INSERT INTO `search_api_db_default_index_search_api_language` VALUES ('entity:node/100:en','en'),('entity:node/101:en','en'),('entity:node/102:en','en'),('entity:node/103:en','en'),('entity:node/104:en','en'),('entity:node/105:en','en'),('entity:node/106:en','en'),('entity:node/107:en','en'),('entity:node/108:en','en'),('entity:node/109:en','en'),('entity:node/10:en','en'),('entity:node/110:en','en'),('entity:node/111:en','en'),('entity:node/112:en','en'),('entity:node/113:en','en'),('entity:node/115:en','en'),('entity:node/116:en','en'),('entity:node/117:en','en'),('entity:node/118:en','en'),('entity:node/119:en','en'),('entity:node/120:en','en'),('entity:node/121:en','en'),('entity:node/122:en','en'),('entity:node/123:en','en'),('entity:node/124:en','en'),('entity:node/125:en','en'),('entity:node/126:en','en'),('entity:node/127:en','en'),('entity:node/128:en','en'),('entity:node/129:en','en'),('entity:node/12:en','en'),('entity:node/130:en','en'),('entity:node/131:en','en'),('entity:node/133:en','en'),('entity:node/134:en','en'),('entity:node/135:en','en'),('entity:node/136:en','en'),('entity:node/137:en','en'),('entity:node/138:en','en'),('entity:node/139:en','en'),('entity:node/13:en','en'),('entity:node/140:en','en'),('entity:node/141:en','en'),('entity:node/142:en','en'),('entity:node/14:en','en'),('entity:node/15:en','en'),('entity:node/16:en','en'),('entity:node/1:en','en'),('entity:node/20:en','en'),('entity:node/21:en','en'),('entity:node/23:en','en'),('entity:node/24:en','en'),('entity:node/25:en','en'),('entity:node/26:en','en'),('entity:node/27:en','en'),('entity:node/28:en','en'),('entity:node/29:en','en'),('entity:node/2:en','en'),('entity:node/31:en','en'),('entity:node/38:en','en'),('entity:node/41:en','en'),('entity:node/42:en','en'),('entity:node/43:en','en'),('entity:node/44:en','en'),('entity:node/46:en','en'),('entity:node/47:en','en'),('entity:node/48:en','en'),('entity:node/49:en','en'),('entity:node/50:en','en'),('entity:node/51:en','en'),('entity:node/53:en','en'),('entity:node/55:en','en'),('entity:node/57:en','en'),('entity:node/58:en','en'),('entity:node/59:en','en'),('entity:node/5:en','en'),('entity:node/60:en','en'),('entity:node/61:en','en'),('entity:node/62:en','en'),('entity:node/63:en','en'),('entity:node/64:en','en'),('entity:node/65:en','en'),('entity:node/66:en','en'),('entity:node/67:en','en'),('entity:node/68:en','en'),('entity:node/69:en','en'),('entity:node/6:en','en'),('entity:node/70:en','en'),('entity:node/71:en','en'),('entity:node/72:en','en'),('entity:node/73:en','en'),('entity:node/74:en','en'),('entity:node/75:en','en'),('entity:node/76:en','en'),('entity:node/77:en','en'),('entity:node/78:en','en'),('entity:node/79:en','en'),('entity:node/7:en','en'),('entity:node/80:en','en'),('entity:node/81:en','en'),('entity:node/82:en','en'),('entity:node/83:en','en'),('entity:node/84:en','en'),('entity:node/85:en','en'),('entity:node/86:en','en'),('entity:node/87:en','en'),('entity:node/88:en','en'),('entity:node/89:en','en'),('entity:node/8:en','en'),('entity:node/90:en','en'),('entity:node/91:en','en'),('entity:node/92:en','en'),('entity:node/93:en','en'),('entity:node/94:en','en'),('entity:node/95:en','en'),('entity:node/96:en','en'),('entity:node/97:en','en'),('entity:node/98:en','en'),('entity:node/99:en','en');

--
-- Table structure for table `search_api_db_default_index_status`
--

CREATE TABLE `search_api_db_default_index_status` (
  `item_id` varchar(150) NOT NULL COMMENT 'The primary identifier of the item',
  `value` tinyint NOT NULL COMMENT 'The field''s value for this item',
  PRIMARY KEY (`item_id`,`value`),
  KEY `_value` (`value`)
) ENGINE=InnoDB DEFAULT CHARSET=utf8mb3;

--
-- Dumping data for table `search_api_db_default_index_status`
--

INSERT INTO `search_api_db_default_index_status` VALUES ('entity:node/100:en',1),('entity:node/101:en',1),('entity:node/102:en',1),('entity:node/103:en',1),('entity:node/104:en',1),('entity:node/105:en',1),('entity:node/106:en',1),('entity:node/107:en',1),('entity:node/108:en',1),('entity:node/109:en',1),('entity:node/10:en',1),('entity:node/110:en',1),('entity:node/111:en',1),('entity:node/112:en',1),('entity:node/113:en',1),('entity:node/115:en',1),('entity:node/116:en',1),('entity:node/117:en',1),('entity:node/118:en',1),('entity:node/119:en',1),('entity:node/120:en',1),('entity:node/121:en',1),('entity:node/122:en',1),('entity:node/123:en',1),('entity:node/124:en',1),('entity:node/125:en',1),('entity:node/126:en',1),('entity:node/127:en',1),('entity:node/128:en',1),('entity:node/129:en',1),('entity:node/12:en',1),('entity:node/130:en',1),('entity:node/131:en',1),('entity:node/133:en',1),('entity:node/134:en',1),('entity:node/135:en',1),('entity:node/136:en',1),('entity:node/137:en',1),('entity:node/138:en',1),('entity:node/139:en',1),('entity:node/13:en',1),('entity:node/140:en',1),('entity:node/141:en',1),('entity:node/142:en',1),('entity:node/14:en',1),('entity:node/15:en',1),('entity:node/16:en',1),('entity:node/1:en',1),('entity:node/20:en',1),('entity:node/21:en',1),('entity:node/23:en',1),('entity:node/24:en',1),('entity:node/25:en',1),('entity:node/26:en',1),('entity:node/27:en',1),('entity:node/28:en',1),('entity:node/29:en',1),('entity:node/2:en',1),('entity:node/31:en',1),('entity:node/38:en',1),('entity:node/41:en',1),('entity:node/42:en',1),('entity:node/43:en',1),('entity:node/44:en',1),('entity:node/46:en',1),('entity:node/47:en',1),('entity:node/48:en',1),('entity:node/49:en',1),('entity:node/50:en',1),('entity:node/51:en',1),('entity:node/53:en',1),('entity:node/55:en',1),('entity:node/57:en',1),('entity:node/58:en',1),('entity:node/59:en',1),('entity:node/5:en',1),('entity:node/60:en',1),('entity:node/61:en',1),('entity:node/62:en',1),('entity:node/63:en',1),('entity:node/64:en',1),('entity:node/65:en',1),('entity:node/66:en',1),('entity:node/67:en',1),('entity:node/68:en',1),('entity:node/69:en',1),('entity:node/6:en',1),('entity:node/70:en',1),('entity:node/71:en',1),('entity:node/72:en',1),('entity:node/73:en',1),('entity:node/74:en',1),('entity:node/75:en',1),('entity:node/76:en',1),('entity:node/77:en',1),('entity:node/78:en',1),('entity:node/79:en',1),('entity:node/7:en',1),('entity:node/80:en',1),('entity:node/81:en',1),('entity:node/82:en',1),('entity:node/83:en',1),('entity:node/84:en',1),('entity:node/85:en',1),('entity:node/86:en',1),('entity:node/87:en',1),('entity:node/88:en',1),('entity:node/89:en',1),('entity:node/8:en',1),('entity:node/90:en',1),('entity:node/91:en',1),('entity:node/92:en',1),('entity:node/93:en',1),('entity:node/94:en',1),('entity:node/95:en',1),('entity:node/96:en',1),('entity:node/97:en',1),('entity:node/98:en',1),('entity:node/99:en',1);

--
-- Table structure for table `search_api_db_default_index_sticky`
--

CREATE TABLE `search_api_db_default_index_sticky` (
  `item_id` varchar(150) NOT NULL COMMENT 'The primary identifier of the item',
  `value` tinyint NOT NULL COMMENT 'The field''s value for this item',
  PRIMARY KEY (`item_id`,`value`),
  KEY `_value` (`value`)
) ENGINE=InnoDB DEFAULT CHARSET=utf8mb3;

--
-- Dumping data for table `search_api_db_default_index_sticky`
--

INSERT INTO `search_api_db_default_index_sticky` VALUES ('entity:node/100:en',0),('entity:node/101:en',0),('entity:node/102:en',0),('entity:node/103:en',0),('entity:node/104:en',0),('entity:node/105:en',0),('entity:node/106:en',0),('entity:node/107:en',0),('entity:node/108:en',0),('entity:node/109:en',0),('entity:node/10:en',0),('entity:node/110:en',0),('entity:node/111:en',0),('entity:node/112:en',0),('entity:node/113:en',0),('entity:node/115:en',0),('entity:node/116:en',0),('entity:node/117:en',0),('entity:node/118:en',0),('entity:node/119:en',0),('entity:node/120:en',0),('entity:node/121:en',0),('entity:node/122:en',0),('entity:node/123:en',0),('entity:node/124:en',0),('entity:node/125:en',0),('entity:node/126:en',0),('entity:node/127:en',0),('entity:node/128:en',0),('entity:node/129:en',0),('entity:node/12:en',0),('entity:node/130:en',0),('entity:node/131:en',0),('entity:node/133:en',0),('entity:node/134:en',0),('entity:node/135:en',0),('entity:node/136:en',0),('entity:node/137:en',0),('entity:node/138:en',0),('entity:node/139:en',0),('entity:node/13:en',0),('entity:node/140:en',0),('entity:node/141:en',0),('entity:node/142:en',0),('entity:node/14:en',0),('entity:node/15:en',0),('entity:node/16:en',0),('entity:node/1:en',0),('entity:node/20:en',0),('entity:node/21:en',0),('entity:node/23:en',0),('entity:node/24:en',0),('entity:node/25:en',0),('entity:node/26:en',0),('entity:node/27:en',0),('entity:node/28:en',0),('entity:node/29:en',0),('entity:node/2:en',0),('entity:node/31:en',0),('entity:node/38:en',0),('entity:node/41:en',0),('entity:node/42:en',0),('entity:node/43:en',0),('entity:node/44:en',0),('entity:node/46:en',0),('entity:node/47:en',0),('entity:node/48:en',0),('entity:node/49:en',0),('entity:node/50:en',0),('entity:node/51:en',0),('entity:node/53:en',0),('entity:node/55:en',0),('entity:node/57:en',0),('entity:node/58:en',0),('entity:node/59:en',0),('entity:node/5:en',0),('entity:node/60:en',0),('entity:node/61:en',0),('entity:node/62:en',0),('entity:node/63:en',0),('entity:node/64:en',0),('entity:node/65:en',0),('entity:node/66:en',0),('entity:node/67:en',0),('entity:node/68:en',0),('entity:node/69:en',0),('entity:node/6:en',0),('entity:node/70:en',0),('entity:node/71:en',0),('entity:node/72:en',0),('entity:node/73:en',0),('entity:node/74:en',0),('entity:node/75:en',0),('entity:node/76:en',0),('entity:node/77:en',0),('entity:node/78:en',0),('entity:node/79:en',0),('entity:node/7:en',0),('entity:node/80:en',0),('entity:node/81:en',0),('entity:node/82:en',0),('entity:node/83:en',0),('entity:node/84:en',0),('entity:node/85:en',0),('entity:node/86:en',0),('entity:node/87:en',0),('entity:node/88:en',0),('entity:node/89:en',0),('entity:node/8:en',0),('entity:node/90:en',0),('entity:node/91:en',0),('entity:node/92:en',0),('entity:node/93:en',0),('entity:node/94:en',0),('entity:node/95:en',0),('entity:node/96:en',0),('entity:node/97:en',0),('entity:node/98:en',0),('entity:node/99:en',0);

--
-- Table structure for table `search_api_db_default_index_text`
--

CREATE TABLE `search_api_db_default_index_text` (
  `item_id` varchar(150) CHARACTER SET utf8mb3 COLLATE utf8mb3_general_ci NOT NULL,
  `field_name` varchar(191) COLLATE utf8mb4_bin NOT NULL COMMENT 'The name of the field in which the token appears, or a base-64 encoded sha-256 hash of the field',
  `word` varchar(50) COLLATE utf8mb4_bin NOT NULL COMMENT 'The text of the indexed token',
  `score` int unsigned NOT NULL DEFAULT '0' COMMENT 'The score associated with this token',
  PRIMARY KEY (`item_id`,`field_name`,`word`),
  KEY `word_field` (`word`(20),`field_name`)
) ENGINE=InnoDB DEFAULT CHARSET=utf8mb4 COLLATE=utf8mb4_bin;

--
-- Dumping data for table `search_api_db_default_index_text`
--

INSERT INTO `search_api_db_default_index_text` VALUES ('entity:node/100:en','title','cyber',8000),('entity:node/100:en','title','cyber proofing',8000),('entity:node/100:en','title','documents',8000),('entity:node/100:en','title','legal',8000),('entity:node/100:en','title','legal documents',8000),('entity:node/100:en','title','proofing',8000),('entity:node/100:en','title','proofing legal',8000),('entity:node/101:en','title','and',8000),('entity:node/101:en','title','and operations',8000),('entity:node/101:en','title','operations',8000),('entity:node/101:en','title','operations platform',8000),('entity:node/101:en','title','platform',8000),('entity:node/101:en','title','sales',8000),('entity:node/101:en','title','sales and',8000),('entity:node/102:en','title','application',8000),('entity:node/102:en','title','application portfolio',8000),('entity:node/102:en','title','large',8000),('entity:node/102:en','title','large application',8000),('entity:node/102:en','title','portfolio',8000),('entity:node/102:en','title','rationalization',8000),('entity:node/102:en','title','rationalization large',8000),('entity:node/103:en','title','audit',8000),('entity:node/103:en','title','audit head',8000),('entity:node/103:en','title','head',8000),('entity:node/104:en','title','cybersecurity',8000),('entity:node/104:en','title','cybersecurity talent',8000),('entity:node/104:en','title','global',8000),('entity:node/104:en','title','global cybersecurity',8000),('entity:node/104:en','title','talent',8000),('entity:node/105:en','title','data',8000),('entity:node/105:en','title','data science',8000),('entity:node/105:en','title','science',8000),('entity:node/105:en','title','science talent',8000),('entity:node/105:en','title','talent',8000),('entity:node/106:en','title','application',8000),('entity:node/106:en','title','application health',8000),('entity:node/106:en','title','assessment',8000),('entity:node/106:en','title','health',8000),('entity:node/106:en','title','health assessment',8000),('entity:node/107:en','title','application',8000),('entity:node/107:en','title','application security',8000),('entity:node/107:en','title','security',8000),('entity:node/108:en','title','device',8000),('entity:node/108:en','title','device security',8000),('entity:node/108:en','title','medical',8000),('entity:node/108:en','title','medical device',8000),('entity:node/108:en','title','security',8000),('entity:node/109:en','title','and',8000),('entity:node/109:en','title','and readiness',8000),('entity:node/109:en','title','integration',8000),('entity:node/109:en','title','integration strategy',8000),('entity:node/109:en','title','readiness',8000),('entity:node/109:en','title','strategy',8000),('entity:node/109:en','title','strategy and',8000),('entity:node/10:en','title','contributor',8000),('entity:node/110:en','title','cyber',8000),('entity:node/110:en','title','cyber risk',8000),('entity:node/110:en','title','enterprise',8000),('entity:node/110:en','title','enterprise cyber',8000),('entity:node/110:en','title','risk',8000),('entity:node/111:en','title','announce',8000),('entity:node/111:en','title','announce through',8000),('entity:node/111:en','title','full',8000),('entity:node/111:en','title','full integration',8000),('entity:node/111:en','title','integration',16000),('entity:node/111:en','title','integration post',8000),('entity:node/111:en','title','post',8000),('entity:node/111:en','title','post announce',8000),('entity:node/111:en','title','through',8000),('entity:node/111:en','title','through full',8000),('entity:node/112:en','title','learning',8000),('entity:node/112:en','title','learning management',8000),('entity:node/112:en','title','management',8000),('entity:node/112:en','title','management system',8000),('entity:node/112:en','title','system',8000),('entity:node/113:en','title','diligence',8000),('entity:node/113:en','title','due',8000),('entity:node/113:en','title','due diligence',8000),('entity:node/113:en','title','integration',8000),('entity:node/113:en','title','integration due',8000),('entity:node/115:en','title','digital',8000),('entity:node/115:en','title','digital dna',8000),('entity:node/115:en','title','dna',8000),('entity:node/115:en','title','security',8000),('entity:node/115:en','title','security the',8000),('entity:node/115:en','title','the',8000),('entity:node/115:en','title','the digital',8000),('entity:node/116:en','title','client',8000),('entity:node/116:en','title','client success',8000),('entity:node/116:en','title','page',8000),('entity:node/116:en','title','success',8000),('entity:node/116:en','title','success page',8000),('entity:node/117:en','title','business',8000),('entity:node/117:en','title','business technology',8000),('entity:node/117:en','title','technology',8000),('entity:node/117:en','title','technology transformation',8000),('entity:node/117:en','title','transformation',8000),('entity:node/118:en','title','cybersecurity',8000),('entity:node/118:en','title','cybersecurity services',8000),('entity:node/118:en','title','services',8000),('entity:node/119:en','title','management',8000),('entity:node/119:en','title','operations',8000),('entity:node/119:en','title','operations management',8000),('entity:node/120:en','title','better',16000),('entity:node/120:en','title','better partners',8000),('entity:node/120:en','title','better results',8000),('entity:node/120:en','title','partners',8000),('entity:node/120:en','title','require',8000),('entity:node/120:en','title','require better',8000),('entity:node/120:en','title','results',8000),('entity:node/120:en','title','results require',8000),('entity:node/121:en','title','architecture',8000),('entity:node/121:en','title','enterprise',8000),('entity:node/121:en','title','enterprise architecture',8000),('entity:node/122:en','title','analytics',8000),('entity:node/122:en','title','analytics with',8000),('entity:node/122:en','title','data',8000),('entity:node/122:en','title','data analytics',8000),('entity:node/122:en','title','with',8000),('entity:node/123:en','title','salesforce',8000),('entity:node/123:en','title','salesforce solutions',8000),('entity:node/123:en','title','solutions',8000),('entity:node/124:en','title','microsoft',8000),('entity:node/125:en','title','cybersecurity',8000),('entity:node/126:en','title','servicenow',8000),('entity:node/127:en','title','chain',8000),('entity:node/127:en','title','cyber',8000),('entity:node/127:en','title','cyber threats',8000),('entity:node/127:en','title','supply',8000),('entity:node/127:en','title','supply chain',8000),('entity:node/127:en','title','threats',8000),('entity:node/127:en','title','threats your',8000),('entity:node/127:en','title','your',8000),('entity:node/127:en','title','your supply',8000),('entity:node/128:en','title','cybersecurity',8000),('entity:node/128:en','title','cybersecurity remote',8000),('entity:node/128:en','title','featu',8000),('entity:node/128:en','title','remote',8000),('entity:node/128:en','title','remote teleworking',8000),('entity:node/128:en','title','teleworking',8000),('entity:node/128:en','title','teleworking featu',8000),('entity:node/129:en','title','party',8000),('entity:node/129:en','title','party supplier',8000),('entity:node/129:en','title','risk',8000),('entity:node/129:en','title','supplier',8000),('entity:node/129:en','title','supplier risk',8000),('entity:node/129:en','title','third',8000),('entity:node/129:en','title','third party',8000),('entity:node/12:en','title','earned',8000),('entity:node/12:en','title','have',8000),('entity:node/12:en','title','have earned',8000),('entity:node/12:en','title','that',8000),('entity:node/12:en','title','that have',8000),('entity:node/12:en','title','the',8000),('entity:node/12:en','title','the trust',8000),('entity:node/12:en','title','trust',8000),('entity:node/12:en','title','trust that',8000),('entity:node/130:en','title','awareness',8000),('entity:node/130:en','title','employee',8000),('entity:node/130:en','title','employee training',8000),('entity:node/130:en','title','training',8000),('entity:node/130:en','title','training awareness',8000),('entity:node/131:en','title','and',8000),('entity:node/131:en','title','and the',8000),('entity:node/131:en','title','gap',8000),('entity:node/131:en','title','gap what',8000),('entity:node/131:en','title','governance',8000),('entity:node/131:en','title','governance gap',8000),('entity:node/131:en','title','leaders',8000),('entity:node/131:en','title','leaders must',8000),('entity:node/131:en','title','must',8000),('entity:node/131:en','title','must now',8000),('entity:node/131:en','title','now',8000),('entity:node/131:en','title','shadow',8000),('entity:node/131:en','title','shadow and',8000),('entity:node/131:en','title','the',8000),('entity:node/131:en','title','the governance',8000),('entity:node/131:en','title','what',8000),('entity:node/131:en','title','what leaders',8000),('entity:node/133:en','title','job',8000),('entity:node/133:en','title','job listing',8000),('entity:node/133:en','title','listing',8000),('entity:node/133:en','title','sample',8000),('entity:node/133:en','title','sample job',8000),('entity:node/134:en','title','careers',8000),('entity:node/134:en','title','careers open',8000),('entity:node/134:en','title','internal',8000),('entity:node/134:en','title','internal careers',8000),('entity:node/134:en','title','open',8000),('entity:node/134:en','title','open positions',8000),('entity:node/134:en','title','positions',8000),('entity:node/135:en','title','contact',8000),('entity:node/136:en','title','8',8000),('entity:node/136:en','title','8 certified',8000),('entity:node/136:en','title','certified',8000),('entity:node/137:en','title','commission',8000),('entity:node/137:en','title','commission equity',8000),('entity:node/137:en','title','equity',8000),('entity:node/137:en','title','equity inclusion',8000),('entity:node/137:en','title','illinois',8000),('entity:node/137:en','title','illinois commission',8000),('entity:node/137:en','title','inclusion',8000),('entity:node/137:en','title','state',8000),('entity:node/137:en','title','state illinois',8000),('entity:node/138:en','title','certification',8000),('entity:node/138:en','title','mbe',8000),('entity:node/138:en','title','mbe wbe',8000),('entity:node/138:en','title','wbe',8000),('entity:node/138:en','title','wbe certification',8000),('entity:node/139:en','title','3',8000),('entity:node/139:en','title','cmmi',8000),('entity:node/139:en','title','cmmi level',8000),('entity:node/139:en','title','level',8000),('entity:node/139:en','title','level 3',8000),('entity:node/13:en','title','earned',8000),('entity:node/13:en','title','have',8000),('entity:node/13:en','title','have earned',8000),('entity:node/13:en','title','that',8000),('entity:node/13:en','title','that have',8000),('entity:node/13:en','title','the',8000),('entity:node/13:en','title','the trust',8000),('entity:node/13:en','title','trust',8000),('entity:node/13:en','title','trust that',8000),('entity:node/140:en','title','certification',8000),('entity:node/140:en','title','mbe',8000),('entity:node/140:en','title','mbe certification',8000),('entity:node/140:en','title','nmsdc',8000),('entity:node/140:en','title','nmsdc mbe',8000),('entity:node/141:en','title','page',8000),('entity:node/141:en','title','webinars',8000),('entity:node/141:en','title','webinars page',8000),('entity:node/142:en','title','articles',8000),('entity:node/142:en','title','featured',8000),('entity:node/142:en','title','featured articles',8000),('entity:node/14:en','title','earned',8000),('entity:node/14:en','title','have',8000),('entity:node/14:en','title','have earned',8000),('entity:node/14:en','title','that',8000),('entity:node/14:en','title','that have',8000),('entity:node/14:en','title','the',8000),('entity:node/14:en','title','the trust',8000),('entity:node/14:en','title','trust',8000),('entity:node/14:en','title','trust that',8000),('entity:node/15:en','title','earned',8000),('entity:node/15:en','title','have',8000),('entity:node/15:en','title','have earned',8000),('entity:node/15:en','title','that',8000),('entity:node/15:en','title','that have',8000),('entity:node/15:en','title','the',8000),('entity:node/15:en','title','the trust',8000),('entity:node/15:en','title','trust',8000),('entity:node/15:en','title','trust that',8000),('entity:node/16:en','rendered_item','page',9000),('entity:node/16:en','rendered_item','test',9000),('entity:node/16:en','rendered_item','test page',9000),('entity:node/16:en','title','page',8000),('entity:node/16:en','title','test',8000),('entity:node/16:en','title','test page',8000),('entity:node/1:en','title','homepage',8000),('entity:node/20:en','title','test',8000),('entity:node/21:en','rendered_item','1',265),('entity:node/21:en','rendered_item','1 request',264),('entity:node/21:en','rendered_item','100',248),('entity:node/21:en','rendered_item','100 secure',248),('entity:node/21:en','rendered_item','179883',223),('entity:node/21:en','rendered_item','179883 california',223),('entity:node/21:en','rendered_item','18',2919),('entity:node/21:en','rendered_item','18 and',1456),('entity:node/21:en','rendered_item','18 become',734),('entity:node/21:en','rendered_item','18 has',727),('entity:node/21:en','rendered_item','2',264),('entity:node/21:en','rendered_item','2 object',264),('entity:node/21:en','rendered_item','3',488),('entity:node/21:en','rendered_item','3 exercise',263),('entity:node/21:en','rendered_item','3 phishing',224),('entity:node/21:en','rendered_item','30',268),('entity:node/21:en','rendered_item','30 days',268),('entity:node/21:en','rendered_item','5',332),('entity:node/21:en','rendered_item','5 years',332),('entity:node/21:en','rendered_item','ability',219),('entity:node/21:en','rendered_item','ability exercise',219),('entity:node/21:en','rendered_item','able',1520),('entity:node/21:en','rendered_item','able assist',260),('entity:node/21:en','rendered_item','able provide',600),('entity:node/21:en','rendered_item','able remove',392),('entity:node/21:en','rendered_item','able use',267),('entity:node/21:en','rendered_item','about',10831),('entity:node/21:en','rendered_item','about divihn',252),('entity:node/21:en','rendered_item','about not',409),('entity:node/21:en','rendered_item','about other',861),('entity:node/21:en','rendered_item','about our',1051),('entity:node/21:en','rendered_item','about phishing',224),('entity:node/21:en','rendered_item','about the',461),('entity:node/21:en','rendered_item','about their',385),('entity:node/21:en','rendered_item','about them',544),('entity:node/21:en','rendered_item','about this',215),('entity:node/21:en','rendered_item','about whether',270),('entity:node/21:en','rendered_item','about you',5178),('entity:node/21:en','rendered_item','about your',978),('entity:node/21:en','rendered_item','above',835),('entity:node/21:en','rendered_item','above honor',350),('entity:node/21:en','rendered_item','above this',220),('entity:node/21:en','rendered_item','above you',265),('entity:node/21:en','rendered_item','access',5949),('entity:node/21:en','rendered_item','access all',268),('entity:node/21:en','rendered_item','access and',1000),('entity:node/21:en','rendered_item','access correct',269),('entity:node/21:en','rendered_item','access correction',272),('entity:node/21:en','rendered_item','access interact',547),('entity:node/21:en','rendered_item','access the',2324),('entity:node/21:en','rendered_item','access their',286),('entity:node/21:en','rendered_item','access within',268),('entity:node/21:en','rendered_item','access your',714),('entity:node/21:en','rendered_item','accessible',227),('entity:node/21:en','rendered_item','accessible unless',227),('entity:node/21:en','rendered_item','accomplished',665),('entity:node/21:en','rendered_item','accomplished using',663),('entity:node/21:en','rendered_item','account',3444),('entity:node/21:en','rendered_item','account and',272),('entity:node/21:en','rendered_item','account deactivated',267),('entity:node/21:en','rendered_item','account including',257),('entity:node/21:en','rendered_item','account link',266),('entity:node/21:en','rendered_item','account may',523),('entity:node/21:en','rendered_item','account messages',276),('entity:node/21:en','rendered_item','account our',267),('entity:node/21:en','rendered_item','account portal',226),('entity:node/21:en','rendered_item','account use',277),('entity:node/21:en','rendered_item','account you',813),('entity:node/21:en','rendered_item','accuracy',269),('entity:node/21:en','rendered_item','accuracy the',269),('entity:node/21:en','rendered_item','accurate',587),('entity:node/21:en','rendered_item','accurate and',328),('entity:node/21:en','rendered_item','accurate while',259),('entity:node/21:en','rendered_item','acknowledgment',232),('entity:node/21:en','rendered_item','acknowledgment your',231),('entity:node/21:en','rendered_item','acquiring',299),('entity:node/21:en','rendered_item','acquiring entity',299),('entity:node/21:en','rendered_item','acquisition',626),('entity:node/21:en','rendered_item','acquisition may',325),('entity:node/21:en','rendered_item','acquisition reorganization',301),('entity:node/21:en','rendered_item','acting',240),('entity:node/21:en','rendered_item','acting agent',239),('entity:node/21:en','rendered_item','actionable',656),('entity:node/21:en','rendered_item','actionable activity',655),('entity:node/21:en','rendered_item','actions',288),('entity:node/21:en','rendered_item','actions taken',287),('entity:node/21:en','rendered_item','actively',257),('entity:node/21:en','rendered_item','actively persist',257),('entity:node/21:en','rendered_item','activities',342),('entity:node/21:en','rendered_item','activities such',342),('entity:node/21:en','rendered_item','activity',2694),('entity:node/21:en','rendered_item','activity and',642),('entity:node/21:en','rendered_item','activity internet',451),('entity:node/21:en','rendered_item','activity may',1314),('entity:node/21:en','rendered_item','activity the',286),('entity:node/21:en','rendered_item','actually',878),('entity:node/21:en','rendered_item','actually opened',440),('entity:node/21:en','rendered_item','actually viewed',437),('entity:node/21:en','rendered_item','add',249),('entity:node/21:en','rendered_item','add additional',249),('entity:node/21:en','rendered_item','addition',1815),('entity:node/21:en','rendered_item','addition and',426),('entity:node/21:en','rendered_item','addition other',388),('entity:node/21:en','rendered_item','addition the',265),('entity:node/21:en','rendered_item','addition typically',255),('entity:node/21:en','rendered_item','addition you',224),('entity:node/21:en','rendered_item','addition your',256),('entity:node/21:en','rendered_item','additional',809),('entity:node/21:en','rendered_item','additional binding',230),('entity:node/21:en','rendered_item','additional layer',249),('entity:node/21:en','rendered_item','additional time',329),('entity:node/21:en','rendered_item','address',4884),('entity:node/21:en','rendered_item','address and',811),('entity:node/21:en','rendered_item','address are',217),('entity:node/21:en','rendered_item','address billing',814),('entity:node/21:en','rendered_item','address city',218),('entity:node/21:en','rendered_item','address company',816),('entity:node/21:en','rendered_item','address into',674),('entity:node/21:en','rendered_item','address other',518),('entity:node/21:en','rendered_item','address our',217),('entity:node/21:en','rendered_item','address you',218),('entity:node/21:en','rendered_item','address your',378),('entity:node/21:en','rendered_item','addressed',231),('entity:node/21:en','rendered_item','addressed please',231),('entity:node/21:en','rendered_item','addressing',337),('entity:node/21:en','rendered_item','addressing information',337),('entity:node/21:en','rendered_item','adhere',242),('entity:node/21:en','rendered_item','adhere the',242),('entity:node/21:en','rendered_item','administer',868),('entity:node/21:en','rendered_item','administer and',367),('entity:node/21:en','rendered_item','administer the',500),('entity:node/21:en','rendered_item','administration',292),('entity:node/21:en','rendered_item','administration such',292),('entity:node/21:en','rendered_item','administrative',908),('entity:node/21:en','rendered_item','administrative and',277),('entity:node/21:en','rendered_item','administrative communications',375),('entity:node/21:en','rendered_item','administrative purposes',256),('entity:node/21:en','rendered_item','ads',283),('entity:node/21:en','rendered_item','ads while',283),('entity:node/21:en','rendered_item','advertisement',540),('entity:node/21:en','rendered_item','advertisement that',539),('entity:node/21:en','rendered_item','advertisements',1702),('entity:node/21:en','rendered_item','advertisements other',287),('entity:node/21:en','rendered_item','advertisements our',286),('entity:node/21:en','rendered_item','advertisements some',285),('entity:node/21:en','rendered_item','advertisements that',843),('entity:node/21:en','rendered_item','advertisers',288),('entity:node/21:en','rendered_item','advertisers agencies',288),('entity:node/21:en','rendered_item','advertising',3993),('entity:node/21:en','rendered_item','advertising agencies',290),('entity:node/21:en','rendered_item','advertising alliance',282),('entity:node/21:en','rendered_item','advertising and',558),('entity:node/21:en','rendered_item','advertising click',285),('entity:node/21:en','rendered_item','advertising divihn',289),('entity:node/21:en','rendered_item','advertising initiative',282),('entity:node/21:en','rendered_item','advertising marketing',293),('entity:node/21:en','rendered_item','advertising payment',319),('entity:node/21:en','rendered_item','advertising services',283),('entity:node/21:en','rendered_item','advertising that',380),('entity:node/21:en','rendered_item','advertising you',732),('entity:node/21:en','rendered_item','affected',340),('entity:node/21:en','rendered_item','affected individuals',339),('entity:node/21:en','rendered_item','affiliates',2357),('entity:node/21:en','rendered_item','affiliates analytics',1809),('entity:node/21:en','rendered_item','affiliates primarily',302),('entity:node/21:en','rendered_item','affiliates service',245),('entity:node/21:en','rendered_item','affiliation',228),('entity:node/21:en','rendered_item','affiliation with',227),('entity:node/21:en','rendered_item','after',236),('entity:node/21:en','rendered_item','after discussing',236),('entity:node/21:en','rendered_item','age',1444),('entity:node/21:en','rendered_item','age 18',1442),('entity:node/21:en','rendered_item','agencies',889),('entity:node/21:en','rendered_item','agencies analytics',288),('entity:node/21:en','rendered_item','agencies and',290),('entity:node/21:en','rendered_item','agencies required',311),('entity:node/21:en','rendered_item','agent',478),('entity:node/21:en','rendered_item','agent divihn',239),('entity:node/21:en','rendered_item','agent processes',239),('entity:node/21:en','rendered_item','aggregate',2020),('entity:node/21:en','rendered_item','aggregate information',690),('entity:node/21:en','rendered_item','aggregate this',861),('entity:node/21:en','rendered_item','aggregate usage',467),('entity:node/21:en','rendered_item','aggregated',323),('entity:node/21:en','rendered_item','aggregated nonidentifying',323),('entity:node/21:en','rendered_item','agree',633),('entity:node/21:en','rendered_item','agree receive',316),('entity:node/21:en','rendered_item','agree that',316),('entity:node/21:en','rendered_item','agreed',235),('entity:node/21:en','rendered_item','agreed participate',235),('entity:node/21:en','rendered_item','agreeing',297),('entity:node/21:en','rendered_item','agreeing the',297),('entity:node/21:en','rendered_item','agreement',1579),('entity:node/21:en','rendered_item','agreement the',1000),('entity:node/21:en','rendered_item','agreement your',579),('entity:node/21:en','rendered_item','agreements',3000),('entity:node/21:en','rendered_item','agreements statements',1000),('entity:node/21:en','rendered_item','agreements take',1000),('entity:node/21:en','rendered_item','agreements with',1000),('entity:node/21:en','rendered_item','all',2887),('entity:node/21:en','rendered_item','all access',252),('entity:node/21:en','rendered_item','all copies',254),('entity:node/21:en','rendered_item','all our',301),('entity:node/21:en','rendered_item','all personal',540),('entity:node/21:en','rendered_item','all such',267),('entity:node/21:en','rendered_item','all times',1000),('entity:node/21:en','rendered_item','all users',272),('entity:node/21:en','rendered_item','alliance',282),('entity:node/21:en','rendered_item','alliance daa',281),('entity:node/21:en','rendered_item','allow',642),('entity:node/21:en','rendered_item','allow you',642),('entity:node/21:en','rendered_item','allowing',295),('entity:node/21:en','rendered_item','allowing the',294),('entity:node/21:en','rendered_item','alone',616),('entity:node/21:en','rendered_item','alone combined',614),('entity:node/21:en','rendered_item','along',784),('entity:node/21:en','rendered_item','along with',783),('entity:node/21:en','rendered_item','also',8811),('entity:node/21:en','rendered_item','also collect',867),('entity:node/21:en','rendered_item','also describes',1000),('entity:node/21:en','rendered_item','also employ',895),('entity:node/21:en','rendered_item','also give',590),('entity:node/21:en','rendered_item','also has',229),('entity:node/21:en','rendered_item','also includes',521),('entity:node/21:en','rendered_item','also may',1872),('entity:node/21:en','rendered_item','also notify',216),('entity:node/21:en','rendered_item','also provide',506),('entity:node/21:en','rendered_item','also share',931),('entity:node/21:en','rendered_item','also use',905),('entity:node/21:en','rendered_item','also want',279),('entity:node/21:en','rendered_item','alter',412),('entity:node/21:en','rendered_item','alter its',411),('entity:node/21:en','rendered_item','alternatively',221),('entity:node/21:en','rendered_item','alternatively the',221),('entity:node/21:en','rendered_item','always',256),('entity:node/21:en','rendered_item','always possible',255),('entity:node/21:en','rendered_item','among',961),('entity:node/21:en','rendered_item','among industry',415),('entity:node/21:en','rendered_item','among other',545),('entity:node/21:en','rendered_item','analytics',3779),('entity:node/21:en','rendered_item','analytics and',3200),('entity:node/21:en','rendered_item','analytics providers',290),('entity:node/21:en','rendered_item','analytics service',288),('entity:node/21:en','rendered_item','analyze',1067),('entity:node/21:en','rendered_item','analyze how',564),('entity:node/21:en','rendered_item','analyze trends',502),('entity:node/21:en','rendered_item','analyzing',657),('entity:node/21:en','rendered_item','analyzing and',338),('entity:node/21:en','rendered_item','analyzing how',318),('entity:node/21:en','rendered_item','and',69504),('entity:node/21:en','rendered_item','and access',286),('entity:node/21:en','rendered_item','and activity',286),('entity:node/21:en','rendered_item','and address',378),('entity:node/21:en','rendered_item','and advertising',380),('entity:node/21:en','rendered_item','and aggregate',864),('entity:node/21:en','rendered_item','and any',2519),('entity:node/21:en','rendered_item','and applicable',367),('entity:node/21:en','rendered_item','and are',680),('entity:node/21:en','rendered_item','and believe',708),('entity:node/21:en','rendered_item','and business',633),('entity:node/21:en','rendered_item','and can',834),('entity:node/21:en','rendered_item','and choose',246),('entity:node/21:en','rendered_item','and clear',985),('entity:node/21:en','rendered_item','and complete',236),('entity:node/21:en','rendered_item','and comply',667),('entity:node/21:en','rendered_item','and contact',906),('entity:node/21:en','rendered_item','and correct',1000),('entity:node/21:en','rendered_item','and deactivated',429),('entity:node/21:en','rendered_item','and develop',367),('entity:node/21:en','rendered_item','and disclose',334),('entity:node/21:en','rendered_item','and disclosure',1327),('entity:node/21:en','rendered_item','and divihn',613),('entity:node/21:en','rendered_item','and does',247),('entity:node/21:en','rendered_item','and elsewhere',1145),('entity:node/21:en','rendered_item','and enforcement',243),('entity:node/21:en','rendered_item','and file',230),('entity:node/21:en','rendered_item','and for',377),('entity:node/21:en','rendered_item','and fraud',425),('entity:node/21:en','rendered_item','and freedoms',340),('entity:node/21:en','rendered_item','and further',351),('entity:node/21:en','rendered_item','and gather',496),('entity:node/21:en','rendered_item','and general',690),('entity:node/21:en','rendered_item','and how',1000),('entity:node/21:en','rendered_item','and improve',759),('entity:node/21:en','rendered_item','and improvement',319),('entity:node/21:en','rendered_item','and improving',338),('entity:node/21:en','rendered_item','and including',309),('entity:node/21:en','rendered_item','and individuals',321),('entity:node/21:en','rendered_item','and information',476),('entity:node/21:en','rendered_item','and intended',752),('entity:node/21:en','rendered_item','and interests',642),('entity:node/21:en','rendered_item','and internal',738),('entity:node/21:en','rendered_item','and investigative',639),('entity:node/21:en','rendered_item','and its',504),('entity:node/21:en','rendered_item','and law',308),('entity:node/21:en','rendered_item','and legal',305),('entity:node/21:en','rendered_item','and login',476),('entity:node/21:en','rendered_item','and marketing',316),('entity:node/21:en','rendered_item','and may',1732),('entity:node/21:en','rendered_item','and messages',256),('entity:node/21:en','rendered_item','and monitor',468),('entity:node/21:en','rendered_item','and mutual',1000),('entity:node/21:en','rendered_item','and nonidentifying',638),('entity:node/21:en','rendered_item','and nonregistered',688),('entity:node/21:en','rendered_item','and not',603),('entity:node/21:en','rendered_item','and obtain',222),('entity:node/21:en','rendered_item','and offers',648),('entity:node/21:en','rendered_item','and older',748),('entity:node/21:en','rendered_item','and online',1148),('entity:node/21:en','rendered_item','and operating',544),('entity:node/21:en','rendered_item','and operational',302),('entity:node/21:en','rendered_item','and other',1764),('entity:node/21:en','rendered_item','and others',336),('entity:node/21:en','rendered_item','and otherwise',379),('entity:node/21:en','rendered_item','and our',3362),('entity:node/21:en','rendered_item','and partners',1000),('entity:node/21:en','rendered_item','and phone',811),('entity:node/21:en','rendered_item','and post',403),('entity:node/21:en','rendered_item','and practices',630),('entity:node/21:en','rendered_item','and prepare',362),('entity:node/21:en','rendered_item','and private',307),('entity:node/21:en','rendered_item','and procedures',1000),('entity:node/21:en','rendered_item','and profile',398),('entity:node/21:en','rendered_item','and promotions',624),('entity:node/21:en','rendered_item','and protecting',336),('entity:node/21:en','rendered_item','and provide',286),('entity:node/21:en','rendered_item','and questions',405),('entity:node/21:en','rendered_item','and request',272),('entity:node/21:en','rendered_item','and required',561),('entity:node/21:en','rendered_item','and responding',338),('entity:node/21:en','rendered_item','and rights',1643),('entity:node/21:en','rendered_item','and satisfy',236),('entity:node/21:en','rendered_item','and secure',253),('entity:node/21:en','rendered_item','and serve',1010),('entity:node/21:en','rendered_item','and service',2424),('entity:node/21:en','rendered_item','and services',285),('entity:node/21:en','rendered_item','and session',474),('entity:node/21:en','rendered_item','and similar',290),('entity:node/21:en','rendered_item','and site',522),('entity:node/21:en','rendered_item','and store',492),('entity:node/21:en','rendered_item','and stores',252),('entity:node/21:en','rendered_item','and swissus',474),('entity:node/21:en','rendered_item','and that',1000),('entity:node/21:en','rendered_item','and the',2312),('entity:node/21:en','rendered_item','and then',506),('entity:node/21:en','rendered_item','and these',277),('entity:node/21:en','rendered_item','and thirdparty',550),('entity:node/21:en','rendered_item','and through',401),('entity:node/21:en','rendered_item','and track',474),('entity:node/21:en','rendered_item','and tracking',458),('entity:node/21:en','rendered_item','and uptodate',328),('entity:node/21:en','rendered_item','and vendors',290),('entity:node/21:en','rendered_item','and web',752),('entity:node/21:en','rendered_item','and what',1000),('entity:node/21:en','rendered_item','and which',451),('entity:node/21:en','rendered_item','and why',390),('entity:node/21:en','rendered_item','and will',628),('entity:node/21:en','rendered_item','and you',534),('entity:node/21:en','rendered_item','and your',219),('entity:node/21:en','rendered_item','and zip',217),('entity:node/21:en','rendered_item','announcements',277),('entity:node/21:en','rendered_item','announcements via',277),('entity:node/21:en','rendered_item','answer',237),('entity:node/21:en','rendered_item','answer your',236),('entity:node/21:en','rendered_item','anticipation',346),('entity:node/21:en','rendered_item','anticipation entering',346),('entity:node/21:en','rendered_item','any',9731),('entity:node/21:en','rendered_item','any changes',216),('entity:node/21:en','rendered_item','any commercial',1000),('entity:node/21:en','rendered_item','any current',303),('entity:node/21:en','rendered_item','any device',515),('entity:node/21:en','rendered_item','any feedback',384),('entity:node/21:en','rendered_item','any information',1852),('entity:node/21:en','rendered_item','any other',1260),('entity:node/21:en','rendered_item','any person',660),('entity:node/21:en','rendered_item','any personal',272),('entity:node/21:en','rendered_item','any potential',299),('entity:node/21:en','rendered_item','any promotion',298),('entity:node/21:en','rendered_item','any questions',1074),('entity:node/21:en','rendered_item','any text',275),('entity:node/21:en','rendered_item','any time',589),('entity:node/21:en','rendered_item','any using',243),('entity:node/21:en','rendered_item','any with',221),('entity:node/21:en','rendered_item','any your',270),('entity:node/21:en','rendered_item','anyone',743),('entity:node/21:en','rendered_item','anyone younger',741),('entity:node/21:en','rendered_item','anything',397),('entity:node/21:en','rendered_item','anything you',396),('entity:node/21:en','rendered_item','applicable',639),('entity:node/21:en','rendered_item','applicable browser',272),('entity:node/21:en','rendered_item','applicable the',366),('entity:node/21:en','rendered_item','application',860),('entity:node/21:en','rendered_item','application may',275),('entity:node/21:en','rendered_item','application that',313),('entity:node/21:en','rendered_item','application the',272),('entity:node/21:en','rendered_item','applications',1000),('entity:node/21:en','rendered_item','applications widgets',1000),('entity:node/21:en','rendered_item','apply',1394),('entity:node/21:en','rendered_item','apply provided',1000),('entity:node/21:en','rendered_item','apply request',394),('entity:node/21:en','rendered_item','appropriate',306),('entity:node/21:en','rendered_item','appropriate respond',306),('entity:node/21:en','rendered_item','approved',488),('entity:node/21:en','rendered_item','approved data',244),('entity:node/21:en','rendered_item','approved the',243),('entity:node/21:en','rendered_item','apps',287),('entity:node/21:en','rendered_item','apps and',286),('entity:node/21:en','rendered_item','arbitration',230),('entity:node/21:en','rendered_item','arbitration option',230),('entity:node/21:en','rendered_item','archives',256),('entity:node/21:en','rendered_item','archives and',256),('entity:node/21:en','rendered_item','are',10773),('entity:node/21:en','rendered_item','are agreeing',297),('entity:node/21:en','rendered_item','are california',220),('entity:node/21:en','rendered_item','are company',247),('entity:node/21:en','rendered_item','are considered',619),('entity:node/21:en','rendered_item','are embedded',451),('entity:node/21:en','rendered_item','are entitled',222),('entity:node/21:en','rendered_item','are great',225),('entity:node/21:en','rendered_item','are located',777),('entity:node/21:en','rendered_item','are made',684),('entity:node/21:en','rendered_item','are material',216),('entity:node/21:en','rendered_item','are members',283),('entity:node/21:en','rendered_item','are not',1091),('entity:node/21:en','rendered_item','are owned',1000),('entity:node/21:en','rendered_item','are part',326),('entity:node/21:en','rendered_item','are responsible',270),('entity:node/21:en','rendered_item','are small',452),('entity:node/21:en','rendered_item','are taken',617),('entity:node/21:en','rendered_item','are the',714),('entity:node/21:en','rendered_item','are unable',391),('entity:node/21:en','rendered_item','are used',451),('entity:node/21:en','rendered_item','are using',541),('entity:node/21:en','rendered_item','are viewable',680),('entity:node/21:en','rendered_item','area',265),('entity:node/21:en','rendered_item','area eea',265),('entity:node/21:en','rendered_item','areas',533),('entity:node/21:en','rendered_item','areas within',532),('entity:node/21:en','rendered_item','around',497),('entity:node/21:en','rendered_item','around the',496),('entity:node/21:en','rendered_item','articles',663),('entity:node/21:en','rendered_item','articles 3',224),('entity:node/21:en','rendered_item','articles links',438),('entity:node/21:en','rendered_item','ask',267),('entity:node/21:en','rendered_item','ask close',267),('entity:node/21:en','rendered_item','assess',364),('entity:node/21:en','rendered_item','assess your',364),('entity:node/21:en','rendered_item','assessing',259),('entity:node/21:en','rendered_item','assessing whether',259),('entity:node/21:en','rendered_item','assets',601),('entity:node/21:en','rendered_item','assets including',601),('entity:node/21:en','rendered_item','assigned',510),('entity:node/21:en','rendered_item','assigned connected',509),('entity:node/21:en','rendered_item','assist',578),('entity:node/21:en','rendered_item','assist analyzing',318),('entity:node/21:en','rendered_item','assist you',260),('entity:node/21:en','rendered_item','assistance',260),('entity:node/21:en','rendered_item','assistance may',260),('entity:node/21:en','rendered_item','associated',293),('entity:node/21:en','rendered_item','associated with',292),('entity:node/21:en','rendered_item','attempt',237),('entity:node/21:en','rendered_item','attempt answer',237),('entity:node/21:en','rendered_item','audience',1507),('entity:node/21:en','rendered_item','audience and',752),('entity:node/21:en','rendered_item','audience service',752),('entity:node/21:en','rendered_item','authorities',615),('entity:node/21:en','rendered_item','authorities including',310),('entity:node/21:en','rendered_item','authorities other',305),('entity:node/21:en','rendered_item','authority',729),('entity:node/21:en','rendered_item','authority links',229),('entity:node/21:en','rendered_item','authority the',243),('entity:node/21:en','rendered_item','authority will',257),('entity:node/21:en','rendered_item','authorization',228),('entity:node/21:en','rendered_item','authorization representation',228),('entity:node/21:en','rendered_item','automated',262),('entity:node/21:en','rendered_item','automated means',262),('entity:node/21:en','rendered_item','automatically',3066),('entity:node/21:en','rendered_item','automatically assigned',510),('entity:node/21:en','rendered_item','automatically collect',548),('entity:node/21:en','rendered_item','automatically collected',526),('entity:node/21:en','rendered_item','automatically from',491),('entity:node/21:en','rendered_item','automatically like',570),('entity:node/21:en','rendered_item','automatically transmit',418),('entity:node/21:en','rendered_item','available',1470),('entity:node/21:en','rendered_item','available before',230),('entity:node/21:en','rendered_item','available https',240),('entity:node/21:en','rendered_item','available you',1000),('entity:node/21:en','rendered_item','aware',732),('entity:node/21:en','rendered_item','aware that',729),('entity:node/21:en','rendered_item','backup',330),('entity:node/21:en','rendered_item','backup and',330),('entity:node/21:en','rendered_item','bankruptcy',299),('entity:node/21:en','rendered_item','bankruptcy sweepstakes',298),('entity:node/21:en','rendered_item','base',494),('entity:node/21:en','rendered_item','base whole',493),('entity:node/21:en','rendered_item','beacons',2554),('entity:node/21:en','rendered_item','beacons and',1203),('entity:node/21:en','rendered_item','beacons are',903),('entity:node/21:en','rendered_item','beacons similar',448),('entity:node/21:en','rendered_item','bear',255),('entity:node/21:en','rendered_item','bear mind',254),('entity:node/21:en','rendered_item','because',247),('entity:node/21:en','rendered_item','because are',247),('entity:node/21:en','rendered_item','become',1001),('entity:node/21:en','rendered_item','become aware',732),('entity:node/21:en','rendered_item','become deactivated',267),('entity:node/21:en','rendered_item','becoming',216),('entity:node/21:en','rendered_item','becoming effective',216),('entity:node/21:en','rendered_item','been',254),('entity:node/21:en','rendered_item','been previously',253),('entity:node/21:en','rendered_item','before',230),('entity:node/21:en','rendered_item','before privacy',229),('entity:node/21:en','rendered_item','behalf',1672),('entity:node/21:en','rendered_item','behalf divihn',612),('entity:node/21:en','rendered_item','behalf how',422),('entity:node/21:en','rendered_item','behalf perform',321),('entity:node/21:en','rendered_item','behalf what',317),('entity:node/21:en','rendered_item','behavioral',280),('entity:node/21:en','rendered_item','behavioral advertising',280),('entity:node/21:en','rendered_item','being',658),('entity:node/21:en','rendered_item','being illegal',658),('entity:node/21:en','rendered_item','believe',1499),('entity:node/21:en','rendered_item','believe necessary',306),('entity:node/21:en','rendered_item','believe that',966),('entity:node/21:en','rendered_item','believe you',224),('entity:node/21:en','rendered_item','below',3002),('entity:node/21:en','rendered_item','below 1',265),('entity:node/21:en','rendered_item','below free',234),('entity:node/21:en','rendered_item','below information',591),('entity:node/21:en','rendered_item','below privacy',243),('entity:node/21:en','rendered_item','below regarding',237),('entity:node/21:en','rendered_item','below retain',333),('entity:node/21:en','rendered_item','below tailor',369),('entity:node/21:en','rendered_item','below you',728),('entity:node/21:en','rendered_item','better',469),('entity:node/21:en','rendered_item','better understand',468),('entity:node/21:en','rendered_item','between',1000),('entity:node/21:en','rendered_item','between this',1000),('entity:node/21:en','rendered_item','billing',1573),('entity:node/21:en','rendered_item','billing address',811),('entity:node/21:en','rendered_item','billing statement',759),('entity:node/21:en','rendered_item','binding',230),('entity:node/21:en','rendered_item','binding arbitration',230),('entity:node/21:en','rendered_item','birth',795),('entity:node/21:en','rendered_item','birth taxpayeridentification',792),('entity:node/21:en','rendered_item','blogs',403),('entity:node/21:en','rendered_item','blogs through',402),('entity:node/21:en','rendered_item','both',1087),('entity:node/21:en','rendered_item','both persistent',479),('entity:node/21:en','rendered_item','both the',607),('entity:node/21:en','rendered_item','browser',2580),('entity:node/21:en','rendered_item','browser all',272),('entity:node/21:en','rendered_item','browser and',544),('entity:node/21:en','rendered_item','browser find',410),('entity:node/21:en','rendered_item','browser level',463),('entity:node/21:en','rendered_item','browser session',470),('entity:node/21:en','rendered_item','browser setting',420),('entity:node/21:en','rendered_item','browsers',802),('entity:node/21:en','rendered_item','browsers communicate',527),('entity:node/21:en','rendered_item','browsers may',274),('entity:node/21:en','rendered_item','business',2259),('entity:node/21:en','rendered_item','business and',302),('entity:node/21:en','rendered_item','business communications',338),('entity:node/21:en','rendered_item','business continuity',330),('entity:node/21:en','rendered_item','business purposes',376),('entity:node/21:en','rendered_item','business relationship',367),('entity:node/21:en','rendered_item','business subject',243),('entity:node/21:en','rendered_item','business transfers',303),('entity:node/21:en','rendered_item','businesses',221),('entity:node/21:en','rendered_item','businesses for',221),('entity:node/21:en','rendered_item','but',5021),('entity:node/21:en','rendered_item','but divihn',609),('entity:node/21:en','rendered_item','but may',645),('entity:node/21:en','rendered_item','but not',1305),('entity:node/21:en','rendered_item','but remember',249),('entity:node/21:en','rendered_item','but security',253),('entity:node/21:en','rendered_item','but some',271),('entity:node/21:en','rendered_item','but the',622),('entity:node/21:en','rendered_item','but you',1067),('entity:node/21:en','rendered_item','calculate',262),('entity:node/21:en','rendered_item','calculate the',261),('entity:node/21:en','rendered_item','calendar',222),('entity:node/21:en','rendered_item','calendar year',221),('entity:node/21:en','rendered_item','california',1331),('entity:node/21:en','rendered_item','california civil',223),('entity:node/21:en','rendered_item','california privacy',442),('entity:node/21:en','rendered_item','california resident',220),('entity:node/21:en','rendered_item','california residents',446),('entity:node/21:en','rendered_item','can',3037),('entity:node/21:en','rendered_item','can choose',289),('entity:node/21:en','rendered_item','can contact',386),('entity:node/21:en','rendered_item','can control',464),('entity:node/21:en','rendered_item','can delete',254),('entity:node/21:en','rendered_item','can modified',273),('entity:node/21:en','rendered_item','can reasonably',271),('entity:node/21:en','rendered_item','can through',267),('entity:node/21:en','rendered_item','can used',831),('entity:node/21:en','rendered_item','cannot',248),('entity:node/21:en','rendered_item','cannot ensure',247),('entity:node/21:en','rendered_item','case',691),('entity:node/21:en','rendered_item','case part',300),('entity:node/21:en','rendered_item','case will',391),('entity:node/21:en','rendered_item','cases',1680),('entity:node/21:en','rendered_item','cases handle',344),('entity:node/21:en','rendered_item','cases may',1068),('entity:node/21:en','rendered_item','cases under',266),('entity:node/21:en','rendered_item','center',262),('entity:node/21:en','rendered_item','center for',262),('entity:node/21:en','rendered_item','certain',7757),('entity:node/21:en','rendered_item','certain cases',266),('entity:node/21:en','rendered_item','certain choices',279),('entity:node/21:en','rendered_item','certain communications',277),('entity:node/21:en','rendered_item','certain desktop',274),('entity:node/21:en','rendered_item','certain features',1929),('entity:node/21:en','rendered_item','certain information',2426),('entity:node/21:en','rendered_item','certain jurisdictions',272),('entity:node/21:en','rendered_item','certain nonidentifying',923),('entity:node/21:en','rendered_item','certain responsibility',239),('entity:node/21:en','rendered_item','certain rights',537),('entity:node/21:en','rendered_item','certain ways',334),('entity:node/21:en','rendered_item','certification',241),('entity:node/21:en','rendered_item','certification available',240),('entity:node/21:en','rendered_item','certified',242),('entity:node/21:en','rendered_item','certified that',242),('entity:node/21:en','rendered_item','change',659),('entity:node/21:en','rendered_item','change becoming',216),('entity:node/21:en','rendered_item','change the',226),('entity:node/21:en','rendered_item','change this',217),('entity:node/21:en','rendered_item','changes',866),('entity:node/21:en','rendered_item','changes the',216),('entity:node/21:en','rendered_item','changes this',217),('entity:node/21:en','rendered_item','changes will',433),('entity:node/21:en','rendered_item','channels',230),('entity:node/21:en','rendered_item','channels under',230),('entity:node/21:en','rendered_item','charge',233),('entity:node/21:en','rendered_item','charge you',233),('entity:node/21:en','rendered_item','child',2141),('entity:node/21:en','rendered_item','child please',704),('entity:node/21:en','rendered_item','child younger',1435),('entity:node/21:en','rendered_item','choice',1099),('entity:node/21:en','rendered_item','choice divihn',220),('entity:node/21:en','rendered_item','choice optin',220),('entity:node/21:en','rendered_item','choice please',219),('entity:node/21:en','rendered_item','choice prior',220),('entity:node/21:en','rendered_item','choice stated',220),('entity:node/21:en','rendered_item','choices',4142),('entity:node/21:en','rendered_item','choices and',982),('entity:node/21:en','rendered_item','choices available',1000),('entity:node/21:en','rendered_item','choices regarding',557),('entity:node/21:en','rendered_item','choices rights',1000),('entity:node/21:en','rendered_item','choices whether',324),('entity:node/21:en','rendered_item','choices which',279),('entity:node/21:en','rendered_item','choose',4166),('entity:node/21:en','rendered_item','choose click',229),('entity:node/21:en','rendered_item','choose disable',462),('entity:node/21:en','rendered_item','choose enter',292),('entity:node/21:en','rendered_item','choose opt',573),('entity:node/21:en','rendered_item','choose optout',220),('entity:node/21:en','rendered_item','choose provide',575),('entity:node/21:en','rendered_item','choose sign',577),('entity:node/21:en','rendered_item','choose through',400),('entity:node/21:en','rendered_item','choose voluntarily',395),('entity:node/21:en','rendered_item','choose whether',223),('entity:node/21:en','rendered_item','choose write',218),('entity:node/21:en','rendered_item','circumstances',864),('entity:node/21:en','rendered_item','circumstances additional',230),('entity:node/21:en','rendered_item','circumstances legal',312),('entity:node/21:en','rendered_item','circumstances service',321),('entity:node/21:en','rendered_item','city',218),('entity:node/21:en','rendered_item','city state',218),('entity:node/21:en','rendered_item','civil',223),('entity:node/21:en','rendered_item','civil code',223),('entity:node/21:en','rendered_item','claims',306),('entity:node/21:en','rendered_item','claims and',305),('entity:node/21:en','rendered_item','clauses',487),('entity:node/21:en','rendered_item','clauses approved',243),('entity:node/21:en','rendered_item','clauses relevant',243),('entity:node/21:en','rendered_item','clear',985),('entity:node/21:en','rendered_item','clear way',981),('entity:node/21:en','rendered_item','click',1496),('entity:node/21:en','rendered_item','click here',569),('entity:node/21:en','rendered_item','click the',698),('entity:node/21:en','rendered_item','click thirdparty',229),('entity:node/21:en','rendered_item','clients',946),('entity:node/21:en','rendered_item','clients consultants',942),('entity:node/21:en','rendered_item','close',789),('entity:node/21:en','rendered_item','close account',266),('entity:node/21:en','rendered_item','close your',523),('entity:node/21:en','rendered_item','closed',256),('entity:node/21:en','rendered_item','closed account',256),('entity:node/21:en','rendered_item','code',2605),('entity:node/21:en','rendered_item','code does',649),('entity:node/21:en','rendered_item','code section',223),('entity:node/21:en','rendered_item','code temporarily',432),('entity:node/21:en','rendered_item','code that',434),('entity:node/21:en','rendered_item','code the',649),('entity:node/21:en','rendered_item','code will',217),('entity:node/21:en','rendered_item','codes',694),('entity:node/21:en','rendered_item','codes demographic',692),('entity:node/21:en','rendered_item','collect',12430),('entity:node/21:en','rendered_item','collect about',525),('entity:node/21:en','rendered_item','collect also',521),('entity:node/21:en','rendered_item','collect certain',834),('entity:node/21:en','rendered_item','collect data',227),('entity:node/21:en','rendered_item','collect feedback',385),('entity:node/21:en','rendered_item','collect for',333),('entity:node/21:en','rendered_item','collect from',1000),('entity:node/21:en','rendered_item','collect how',1000),('entity:node/21:en','rendered_item','collect information',3121),('entity:node/21:en','rendered_item','collect other',696),('entity:node/21:en','rendered_item','collect personal',1828),('entity:node/21:en','rendered_item','collect provide',378),('entity:node/21:en','rendered_item','collect similar',426),('entity:node/21:en','rendered_item','collect through',573),('entity:node/21:en','rendered_item','collect with',583),('entity:node/21:en','rendered_item','collected',3784),('entity:node/21:en','rendered_item','collected about',321),('entity:node/21:en','rendered_item','collected automatically',572),('entity:node/21:en','rendered_item','collected from',690),('entity:node/21:en','rendered_item','collected log',526),('entity:node/21:en','rendered_item','collected personal',704),('entity:node/21:en','rendered_item','collected through',969),('entity:node/21:en','rendered_item','collection',1950),('entity:node/21:en','rendered_item','collection use',1000),('entity:node/21:en','rendered_item','collection users',950),('entity:node/21:en','rendered_item','collectively',399),('entity:node/21:en','rendered_item','collectively user',399),('entity:node/21:en','rendered_item','collects',1252),('entity:node/21:en','rendered_item','collects and',252),('entity:node/21:en','rendered_item','collects offline',1000),('entity:node/21:en','rendered_item','comarketing',580),('entity:node/21:en','rendered_item','comarketing agreement',579),('entity:node/21:en','rendered_item','combination',640),('entity:node/21:en','rendered_item','combination personal',638),('entity:node/21:en','rendered_item','combine',3298),('entity:node/21:en','rendered_item','combine that',589),('entity:node/21:en','rendered_item','combine the',1575),('entity:node/21:en','rendered_item','combine this',526),('entity:node/21:en','rendered_item','combine your',609),('entity:node/21:en','rendered_item','combined',3014),('entity:node/21:en','rendered_item','combined information',1768),('entity:node/21:en','rendered_item','combined only',614),('entity:node/21:en','rendered_item','combined with',630),('entity:node/21:en','rendered_item','combining',623),('entity:node/21:en','rendered_item','combining information',622),('entity:node/21:en','rendered_item','comment',1198),('entity:node/21:en','rendered_item','comment and',396),('entity:node/21:en','rendered_item','comment public',396),('entity:node/21:en','rendered_item','comment the',405),('entity:node/21:en','rendered_item','comments',2002),('entity:node/21:en','rendered_item','comments and',405),('entity:node/21:en','rendered_item','comments may',407),('entity:node/21:en','rendered_item','comments note',397),('entity:node/21:en','rendered_item','comments other',399),('entity:node/21:en','rendered_item','comments that',394),('entity:node/21:en','rendered_item','commercial',3270),('entity:node/21:en','rendered_item','commercial activities',342),('entity:node/21:en','rendered_item','commercial agreement',1000),('entity:node/21:en','rendered_item','commercial agreements',1000),('entity:node/21:en','rendered_item','commercial relationship',927),('entity:node/21:en','rendered_item','commercially',1235),('entity:node/21:en','rendered_item','commercially reasonable',1233),('entity:node/21:en','rendered_item','commission',710),('entity:node/21:en','rendered_item','commission and',243),('entity:node/21:en','rendered_item','commission divihn',242),('entity:node/21:en','rendered_item','commission http',224),('entity:node/21:en','rendered_item','commitments',349),('entity:node/21:en','rendered_item','commitments you',349),('entity:node/21:en','rendered_item','committed',233),('entity:node/21:en','rendered_item','committed refer',233),('entity:node/21:en','rendered_item','commonly',1189),('entity:node/21:en','rendered_item','commonly known',658),('entity:node/21:en','rendered_item','commonly shared',529),('entity:node/21:en','rendered_item','communicate',806),('entity:node/21:en','rendered_item','communicate with',805),('entity:node/21:en','rendered_item','communication',401),('entity:node/21:en','rendered_item','communication functionality',401),('entity:node/21:en','rendered_item','communications',2229),('entity:node/21:en','rendered_item','communications and',374),('entity:node/21:en','rendered_item','communications from',685),('entity:node/21:en','rendered_item','communications including',338),('entity:node/21:en','rendered_item','communications relating',277),('entity:node/21:en','rendered_item','communications you',554),('entity:node/21:en','rendered_item','community',401),('entity:node/21:en','rendered_item','community forums',400),('entity:node/21:en','rendered_item','companies',1452),('entity:node/21:en','rendered_item','companies and',321),('entity:node/21:en','rendered_item','companies are',283),('entity:node/21:en','rendered_item','companies receive',568),('entity:node/21:en','rendered_item','companies the',279),('entity:node/21:en','rendered_item','company',1529),('entity:node/21:en','rendered_item','company address',814),('entity:node/21:en','rendered_item','company may',221),('entity:node/21:en','rendered_item','company process',247),('entity:node/21:en','rendered_item','company you',246),('entity:node/21:en','rendered_item','complaint',1645),('entity:node/21:en','rendered_item','complaint not',466),('entity:node/21:en','rendered_item','complaint still',230),('entity:node/21:en','rendered_item','complaint with',487),('entity:node/21:en','rendered_item','complaint your',462),('entity:node/21:en','rendered_item','complaints',233),('entity:node/21:en','rendered_item','complaints under',232),('entity:node/21:en','rendered_item','complete',1613),('entity:node/21:en','rendered_item','complete information',217),('entity:node/21:en','rendered_item','complete manner',236),('entity:node/21:en','rendered_item','complete tax',779),('entity:node/21:en','rendered_item','complete your',378),('entity:node/21:en','rendered_item','completely',522),('entity:node/21:en','rendered_item','completely delete',267),('entity:node/21:en','rendered_item','completely remove',255),('entity:node/21:en','rendered_item','compliance',1088),('entity:node/21:en','rendered_item','compliance and',377),('entity:node/21:en','rendered_item','compliance with',710),('entity:node/21:en','rendered_item','comply',1936),('entity:node/21:en','rendered_item','comply divihn',221),('entity:node/21:en','rendered_item','comply with',1715),('entity:node/21:en','rendered_item','computer',2133),('entity:node/21:en','rendered_item','computer collect',227),('entity:node/21:en','rendered_item','computer hard',484),('entity:node/21:en','rendered_item','computer mobile',514),('entity:node/21:en','rendered_item','computer other',429),('entity:node/21:en','rendered_item','computer similar',477),('entity:node/21:en','rendered_item','concepts',993),('entity:node/21:en','rendered_item','concepts simple',989),('entity:node/21:en','rendered_item','concern',225),('entity:node/21:en','rendered_item','concern divihn',224),('entity:node/21:en','rendered_item','concerns',495),('entity:node/21:en','rendered_item','concerns about',258),('entity:node/21:en','rendered_item','concerns timely',236),('entity:node/21:en','rendered_item','conduct',360),('entity:node/21:en','rendered_item','conduct investigation',359),('entity:node/21:en','rendered_item','conducting',565),('entity:node/21:en','rendered_item','conducting investigation',304),('entity:node/21:en','rendered_item','conducting manual',260),('entity:node/21:en','rendered_item','conflicting',1000),('entity:node/21:en','rendered_item','conflicting provisions',1000),('entity:node/21:en','rendered_item','connect',645),('entity:node/21:en','rendered_item','connect your',643),('entity:node/21:en','rendered_item','connected',509),('entity:node/21:en','rendered_item','connected the',508),('entity:node/21:en','rendered_item','connection',3385),('entity:node/21:en','rendered_item','connection with',3385),('entity:node/21:en','rendered_item','consensus',416),('entity:node/21:en','rendered_item','consensus among',415),('entity:node/21:en','rendered_item','consent',1654),('entity:node/21:en','rendered_item','consent and',351),('entity:node/21:en','rendered_item','consent may',387),('entity:node/21:en','rendered_item','consent otherwise',321),('entity:node/21:en','rendered_item','consent the',216),('entity:node/21:en','rendered_item','consent use',378),('entity:node/21:en','rendered_item','consequences',596),('entity:node/21:en','rendered_item','consequences for',594),('entity:node/21:en','rendered_item','consider',1345),('entity:node/21:en','rendered_item','consider pose',659),('entity:node/21:en','rendered_item','consider usernames',684),('entity:node/21:en','rendered_item','considered',1650),('entity:node/21:en','rendered_item','considered nonidentifying',619),('entity:node/21:en','rendered_item','considered part',635),('entity:node/21:en','rendered_item','considered public',394),('entity:node/21:en','rendered_item','consistent',216),('entity:node/21:en','rendered_item','consistent with',216),('entity:node/21:en','rendered_item','consultants',942),('entity:node/21:en','rendered_item','consultants third',938),('entity:node/21:en','rendered_item','consumers',220),('entity:node/21:en','rendered_item','consumers choice',220),('entity:node/21:en','rendered_item','contact',7494),('entity:node/21:en','rendered_item','contact divihn',470),('entity:node/21:en','rendered_item','contact identify',828),('entity:node/21:en','rendered_item','contact information',2729),('entity:node/21:en','rendered_item','contact techsupport',1697),('entity:node/21:en','rendered_item','contact that',314),('entity:node/21:en','rendered_item','contact the',265),('entity:node/21:en','rendered_item','contact using',812),('entity:node/21:en','rendered_item','contact you',376),('entity:node/21:en','rendered_item','contacting',484),('entity:node/21:en','rendered_item','contacting divihn',268),('entity:node/21:en','rendered_item','contacting you',215),('entity:node/21:en','rendered_item','contain',296),('entity:node/21:en','rendered_item','contain specific',295),('entity:node/21:en','rendered_item','contains',229),('entity:node/21:en','rendered_item','contains links',229),('entity:node/21:en','rendered_item','content',2979),('entity:node/21:en','rendered_item','content collectively',399),('entity:node/21:en','rendered_item','content display',369),('entity:node/21:en','rendered_item','content our',455),('entity:node/21:en','rendered_item','content please',398),('entity:node/21:en','rendered_item','content providers',548),('entity:node/21:en','rendered_item','content publicly',403),('entity:node/21:en','rendered_item','content the',405),('entity:node/21:en','rendered_item','contents',953),('entity:node/21:en','rendered_item','contents information',950),('entity:node/21:en','rendered_item','contests',596),('entity:node/21:en','rendered_item','contests and',596),('entity:node/21:en','rendered_item','context',413),('entity:node/21:en','rendered_item','context like',412),('entity:node/21:en','rendered_item','continue',284),('entity:node/21:en','rendered_item','continue receive',283),('entity:node/21:en','rendered_item','continuity',330),('entity:node/21:en','rendered_item','continuity purposes',329),('entity:node/21:en','rendered_item','contract',345),('entity:node/21:en','rendered_item','contract with',345),('entity:node/21:en','rendered_item','contractual',1789),('entity:node/21:en','rendered_item','contractual clauses',487),('entity:node/21:en','rendered_item','contractual commitments',349),('entity:node/21:en','rendered_item','contractual obligation',603),('entity:node/21:en','rendered_item','contractual obligations',348),('entity:node/21:en','rendered_item','control',691),('entity:node/21:en','rendered_item','control over',227),('entity:node/21:en','rendered_item','control the',463),('entity:node/21:en','rendered_item','controlled',1000),('entity:node/21:en','rendered_item','controlled divihn',1000),('entity:node/21:en','rendered_item','convert',652),('entity:node/21:en','rendered_item','convert information',650),('entity:node/21:en','rendered_item','cookie',488),('entity:node/21:en','rendered_item','cookie small',487),('entity:node/21:en','rendered_item','cookies',3869),('entity:node/21:en','rendered_item','cookies and',286),('entity:node/21:en','rendered_item','cookies collect',488),('entity:node/21:en','rendered_item','cookies like',490),('entity:node/21:en','rendered_item','cookies may',461),('entity:node/21:en','rendered_item','cookies other',227),('entity:node/21:en','rendered_item','cookies similar',503),('entity:node/21:en','rendered_item','cookies that',478),('entity:node/21:en','rendered_item','cookies the',463),('entity:node/21:en','rendered_item','cookies which',473),('entity:node/21:en','rendered_item','cooperate',308),('entity:node/21:en','rendered_item','cooperate with',308),('entity:node/21:en','rendered_item','cooperation',304),('entity:node/21:en','rendered_item','cooperation with',303),('entity:node/21:en','rendered_item','copies',585),('entity:node/21:en','rendered_item','copies information',254),('entity:node/21:en','rendered_item','copies made',330),('entity:node/21:en','rendered_item','copy',1012),('entity:node/21:en','rendered_item','copy the',243),('entity:node/21:en','rendered_item','copy your',767),('entity:node/21:en','rendered_item','corporation',366),('entity:node/21:en','rendered_item','corporation other',366),('entity:node/21:en','rendered_item','correct',1269),('entity:node/21:en','rendered_item','correct request',269),('entity:node/21:en','rendered_item','correct your',1000),('entity:node/21:en','rendered_item','correction',272),('entity:node/21:en','rendered_item','correction any',272),('entity:node/21:en','rendered_item','count',1327),('entity:node/21:en','rendered_item','count how',882),('entity:node/21:en','rendered_item','count visitors',444),('entity:node/21:en','rendered_item','countries',246),('entity:node/21:en','rendered_item','countries may',246),('entity:node/21:en','rendered_item','country',245),('entity:node/21:en','rendered_item','country which',245),('entity:node/21:en','rendered_item','course',854),('entity:node/21:en','rendered_item','course using',851),('entity:node/21:en','rendered_item','covered',238),('entity:node/21:en','rendered_item','covered european',237),('entity:node/21:en','rendered_item','create',227),('entity:node/21:en','rendered_item','create our',227),('entity:node/21:en','rendered_item','current',303),('entity:node/21:en','rendered_item','current future',303),('entity:node/21:en','rendered_item','currently',225),('entity:node/21:en','rendered_item','currently known',225),('entity:node/21:en','rendered_item','customer',221),('entity:node/21:en','rendered_item','customer information',221),('entity:node/21:en','rendered_item','customers',1388),('entity:node/21:en','rendered_item','customers and',1000),('entity:node/21:en','rendered_item','customers our',388),('entity:node/21:en','rendered_item','daa',560),('entity:node/21:en','rendered_item','daa selfregulatory',560),('entity:node/21:en','rendered_item','damage',238),('entity:node/21:en','rendered_item','damage covered',238),('entity:node/21:en','rendered_item','data',4463),('entity:node/21:en','rendered_item','data but',253),('entity:node/21:en','rendered_item','data ensure',329),('entity:node/21:en','rendered_item','data file',486),('entity:node/21:en','rendered_item','data information',690),('entity:node/21:en','rendered_item','data practices',961),('entity:node/21:en','rendered_item','data protection',246),('entity:node/21:en','rendered_item','data related',690),('entity:node/21:en','rendered_item','data retention',334),('entity:node/21:en','rendered_item','data solicit',227),('entity:node/21:en','rendered_item','data transfer',244),('entity:node/21:en','rendered_item','database',320),('entity:node/21:en','rendered_item','database management',319),('entity:node/21:en','rendered_item','databases',255),('entity:node/21:en','rendered_item','databases addition',255),('entity:node/21:en','rendered_item','date',797),('entity:node/21:en','rendered_item','date birth',795),('entity:node/21:en','rendered_item','days',268),('entity:node/21:en','rendered_item','days you',267),('entity:node/21:en','rendered_item','deactivated',964),('entity:node/21:en','rendered_item','deactivated deleted',429),('entity:node/21:en','rendered_item','deactivated you',267),('entity:node/21:en','rendered_item','deactivated your',267),('entity:node/21:en','rendered_item','decide',687),('entity:node/21:en','rendered_item','decide any',372),('entity:node/21:en','rendered_item','decide that',314),('entity:node/21:en','rendered_item','delete',3008),('entity:node/21:en','rendered_item','delete all',521),('entity:node/21:en','rendered_item','delete certain',333),('entity:node/21:en','rendered_item','delete information',511),('entity:node/21:en','rendered_item','delete such',716),('entity:node/21:en','rendered_item','delete their',272),('entity:node/21:en','rendered_item','delete your',652),('entity:node/21:en','rendered_item','deleted',429),('entity:node/21:en','rendered_item','deleted when',428),('entity:node/21:en','rendered_item','deletion',799),('entity:node/21:en','rendered_item','deletion all',272),('entity:node/21:en','rendered_item','deletion however',257),('entity:node/21:en','rendered_item','deletion your',269),('entity:node/21:en','rendered_item','demographic',1186),('entity:node/21:en','rendered_item','demographic data',690),('entity:node/21:en','rendered_item','demographic information',495),('entity:node/21:en','rendered_item','depending',266),('entity:node/21:en','rendered_item','depending where',266),('entity:node/21:en','rendered_item','described',2843),('entity:node/21:en','rendered_item','described above',615),('entity:node/21:en','rendered_item','described below',509),('entity:node/21:en','rendered_item','described privacyshieldgov',229),('entity:node/21:en','rendered_item','described this',1489),('entity:node/21:en','rendered_item','describes',1000),('entity:node/21:en','rendered_item','describes the',1000),('entity:node/21:en','rendered_item','designated',218),('entity:node/21:en','rendered_item','designated mailing',218),('entity:node/21:en','rendered_item','designed',434),('entity:node/21:en','rendered_item','designed collect',433),('entity:node/21:en','rendered_item','desktop',274),('entity:node/21:en','rendered_item','desktop browsers',274),('entity:node/21:en','rendered_item','detection',743),('entity:node/21:en','rendered_item','detection and',319),('entity:node/21:en','rendered_item','detection purposes',423),('entity:node/21:en','rendered_item','determine',304),('entity:node/21:en','rendered_item','determine our',304),('entity:node/21:en','rendered_item','develop',367),('entity:node/21:en','rendered_item','develop our',367),('entity:node/21:en','rendered_item','device',5930),('entity:node/21:en','rendered_item','device and',429),('entity:node/21:en','rendered_item','device computer',515),('entity:node/21:en','rendered_item','device identifier',2047),('entity:node/21:en','rendered_item','device identifiers',655),('entity:node/21:en','rendered_item','device including',286),('entity:node/21:en','rendered_item','device its',507),('entity:node/21:en','rendered_item','device such',477),('entity:node/21:en','rendered_item','device used',504),('entity:node/21:en','rendered_item','device you',508),('entity:node/21:en','rendered_item','diaries',257),('entity:node/21:en','rendered_item','diaries and',256),('entity:node/21:en','rendered_item','digital',282),('entity:node/21:en','rendered_item','digital advertising',282),('entity:node/21:en','rendered_item','direct',1099),('entity:node/21:en','rendered_item','direct marketing',1099),('entity:node/21:en','rendered_item','directed',229),('entity:node/21:en','rendered_item','directed that',228),('entity:node/21:en','rendered_item','directly',1219),('entity:node/21:en','rendered_item','directly but',645),('entity:node/21:en','rendered_item','directly with',258),('entity:node/21:en','rendered_item','directly you',314),('entity:node/21:en','rendered_item','disable',462),('entity:node/21:en','rendered_item','disable cookies',461),('entity:node/21:en','rendered_item','disclose',1359),('entity:node/21:en','rendered_item','disclose information',307),('entity:node/21:en','rendered_item','disclose non',323),('entity:node/21:en','rendered_item','disclose personal',729),('entity:node/21:en','rendered_item','disclosed',1281),('entity:node/21:en','rendered_item','disclosed that',316),('entity:node/21:en','rendered_item','disclosed the',672),('entity:node/21:en','rendered_item','disclosed third',292),('entity:node/21:en','rendered_item','disclosing',221),('entity:node/21:en','rendered_item','disclosing its',220),('entity:node/21:en','rendered_item','disclosure',1631),('entity:node/21:en','rendered_item','disclosure information',1000),('entity:node/21:en','rendered_item','disclosure may',327),('entity:node/21:en','rendered_item','disclosure necessary',304),('entity:node/21:en','rendered_item','disconnect',428),('entity:node/21:en','rendered_item','disconnect from',427),('entity:node/21:en','rendered_item','discretion',1130),('entity:node/21:en','rendered_item','discretion believe',306),('entity:node/21:en','rendered_item','discretion however',216),('entity:node/21:en','rendered_item','discretion internal',303),('entity:node/21:en','rendered_item','discretion the',304),('entity:node/21:en','rendered_item','discussing',236),('entity:node/21:en','rendered_item','discussing the',235),('entity:node/21:en','rendered_item','disk',483),('entity:node/21:en','rendered_item','disk for',482),('entity:node/21:en','rendered_item','display',974),('entity:node/21:en','rendered_item','display notice',216),('entity:node/21:en','rendered_item','display personal',389),('entity:node/21:en','rendered_item','display you',369),('entity:node/21:en','rendered_item','displayed',801),('entity:node/21:en','rendered_item','displayed the',801),('entity:node/21:en','rendered_item','dispute',698),('entity:node/21:en','rendered_item','dispute resolution',698),('entity:node/21:en','rendered_item','divihn',26789),('entity:node/21:en','rendered_item','divihn and',2603),('entity:node/21:en','rendered_item','divihn behalf',239),('entity:node/21:en','rendered_item','divihn can',254),('entity:node/21:en','rendered_item','divihn cannot',248),('entity:node/21:en','rendered_item','divihn collects',1000),('entity:node/21:en','rendered_item','divihn company',246),('entity:node/21:en','rendered_item','divihn compliance',237),('entity:node/21:en','rendered_item','divihn does',1273),('entity:node/21:en','rendered_item','divihn features',319),('entity:node/21:en','rendered_item','divihn first',233),('entity:node/21:en','rendered_item','divihn for',224),('entity:node/21:en','rendered_item','divihn has',1416),('entity:node/21:en','rendered_item','divihn information',924),('entity:node/21:en','rendered_item','divihn integration',1000),('entity:node/21:en','rendered_item','divihn may',759),('entity:node/21:en','rendered_item','divihn mobile',275),('entity:node/21:en','rendered_item','divihn newsletters',374),('entity:node/21:en','rendered_item','divihn offers',220),('entity:node/21:en','rendered_item','divihn platform',883),('entity:node/21:en','rendered_item','divihn please',224),('entity:node/21:en','rendered_item','divihn provides',1220),('entity:node/21:en','rendered_item','divihn receives',714),('entity:node/21:en','rendered_item','divihn registered',690),('entity:node/21:en','rendered_item','divihn responsible',238),('entity:node/21:en','rendered_item','divihn service',267),('entity:node/21:en','rendered_item','divihn takes',253),('entity:node/21:en','rendered_item','divihn terms',474),('entity:node/21:en','rendered_item','divihn the',237),('entity:node/21:en','rendered_item','divihn third',1034),('entity:node/21:en','rendered_item','divihn through',268),('entity:node/21:en','rendered_item','divihn transfers',246),('entity:node/21:en','rendered_item','divihn users',5985),('entity:node/21:en','rendered_item','divihn uses',262),('entity:node/21:en','rendered_item','divihn will',1428),('entity:node/21:en','rendered_item','divihn works',289),('entity:node/21:en','rendered_item','divihn your',235),('entity:node/21:en','rendered_item','divihncom',2179),('entity:node/21:en','rendered_item','divihncom california',223),('entity:node/21:en','rendered_item','divihncom feedback',386),('entity:node/21:en','rendered_item','divihncom for',260),('entity:node/21:en','rendered_item','divihncom insome',393),('entity:node/21:en','rendered_item','divihncom nonidentifying',700),('entity:node/21:en','rendered_item','documents',774),('entity:node/21:en','rendered_item','documents verify',772),('entity:node/21:en','rendered_item','does',2169),('entity:node/21:en','rendered_item','does disclosing',221),('entity:node/21:en','rendered_item','does not',1946),('entity:node/21:en','rendered_item','donottrack',421),('entity:node/21:en','rendered_item','donottrack signals',420),('entity:node/21:en','rendered_item','downloaded',431),('entity:node/21:en','rendered_item','downloaded onto',430),('entity:node/21:en','rendered_item','duediligence',300),('entity:node/21:en','rendered_item','duediligence process',299),('entity:node/21:en','rendered_item','each',300),('entity:node/21:en','rendered_item','each case',300),('entity:node/21:en','rendered_item','earnings',309),('entity:node/21:en','rendered_item','earnings cooperate',308),('entity:node/21:en','rendered_item','economic',265),('entity:node/21:en','rendered_item','economic area',265),('entity:node/21:en','rendered_item','eea',754),('entity:node/21:en','rendered_item','eea addition',265),('entity:node/21:en','rendered_item','eea rely',245),('entity:node/21:en','rendered_item','eea with',245),('entity:node/21:en','rendered_item','effect',216),('entity:node/21:en','rendered_item','effect the',216),('entity:node/21:en','rendered_item','effective',888),('entity:node/21:en','rendered_item','effective and',454),('entity:node/21:en','rendered_item','effective may',216),('entity:node/21:en','rendered_item','effective upon',216),('entity:node/21:en','rendered_item','effectiveness',286),('entity:node/21:en','rendered_item','effectiveness our',286),('entity:node/21:en','rendered_item','efforts',978),('entity:node/21:en','rendered_item','efforts delete',719),('entity:node/21:en','rendered_item','efforts honor',257),('entity:node/21:en','rendered_item','electronic',249),('entity:node/21:en','rendered_item','electronic storage',249),('entity:node/21:en','rendered_item','elsewhere',1390),('entity:node/21:en','rendered_item','elsewhere divihn',246),('entity:node/21:en','rendered_item','elsewhere online',653),('entity:node/21:en','rendered_item','elsewhere outside',245),('entity:node/21:en','rendered_item','elsewhere these',246),('entity:node/21:en','rendered_item','email',3357),('entity:node/21:en','rendered_item','email address',1711),('entity:node/21:en','rendered_item','email and',277),('entity:node/21:en','rendered_item','email had',224),('entity:node/21:en','rendered_item','email include',219),('entity:node/21:en','rendered_item','email messages',448),('entity:node/21:en','rendered_item','email our',216),('entity:node/21:en','rendered_item','email techsupport',260),('entity:node/21:en','rendered_item','emails',999),('entity:node/21:en','rendered_item','emails from',278),('entity:node/21:en','rendered_item','emails please',278),('entity:node/21:en','rendered_item','emails that',442),('entity:node/21:en','rendered_item','embedded',1757),('entity:node/21:en','rendered_item','embedded script',870),('entity:node/21:en','rendered_item','embedded scripts',436),('entity:node/21:en','rendered_item','embedded the',450),('entity:node/21:en','rendered_item','employ',1216),('entity:node/21:en','rendered_item','employ software',894),('entity:node/21:en','rendered_item','employ third',321),('entity:node/21:en','rendered_item','enable',470),('entity:node/21:en','rendered_item','enable certain',469),('entity:node/21:en','rendered_item','enables',628),('entity:node/21:en','rendered_item','enables you',627),('entity:node/21:en','rendered_item','encourage',1792),('entity:node/21:en','rendered_item','encourage you',1788),('entity:node/21:en','rendered_item','encrypt',251),('entity:node/21:en','rendered_item','encrypt the',250),('entity:node/21:en','rendered_item','encrypted',252),('entity:node/21:en','rendered_item','encrypted using',252),('entity:node/21:en','rendered_item','end',471),('entity:node/21:en','rendered_item','end your',470),('entity:node/21:en','rendered_item','endorsement',456),('entity:node/21:en','rendered_item','endorsement authorization',228),('entity:node/21:en','rendered_item','endorsement their',227),('entity:node/21:en','rendered_item','endorsements',388),('entity:node/21:en','rendered_item','endorsements with',387),('entity:node/21:en','rendered_item','enforce',667),('entity:node/21:en','rendered_item','enforce and',667),('entity:node/21:en','rendered_item','enforcement',1168),('entity:node/21:en','rendered_item','enforcement authority',243),('entity:node/21:en','rendered_item','enforcement officials',615),('entity:node/21:en','rendered_item','enforcement requirements',309),('entity:node/21:en','rendered_item','engine',535),('entity:node/21:en','rendered_item','engine that',534),('entity:node/21:en','rendered_item','ensure',576),('entity:node/21:en','rendered_item','ensure and',247),('entity:node/21:en','rendered_item','ensure that',328),('entity:node/21:en','rendered_item','enter',543),('entity:node/21:en','rendered_item','enter promotion',292),('entity:node/21:en','rendered_item','enter sensitive',251),('entity:node/21:en','rendered_item','entered',536),('entity:node/21:en','rendered_item','entered search',535),('entity:node/21:en','rendered_item','entering',346),('entity:node/21:en','rendered_item','entering into',345),('entity:node/21:en','rendered_item','entire',969),('entity:node/21:en','rendered_item','entire privacy',965),('entity:node/21:en','rendered_item','entitled',222),('entity:node/21:en','rendered_item','entitled request',222),('entity:node/21:en','rendered_item','entity',664),('entity:node/21:en','rendered_item','entity the',299),('entity:node/21:en','rendered_item','entity you',365),('entity:node/21:en','rendered_item','etc',511),('entity:node/21:en','rendered_item','etc used',510),('entity:node/21:en','rendered_item','european',1031),('entity:node/21:en','rendered_item','european commission',243),('entity:node/21:en','rendered_item','european economic',265),('entity:node/21:en','rendered_item','european residents',237),('entity:node/21:en','rendered_item','european union',284),('entity:node/21:en','rendered_item','euus',474),('entity:node/21:en','rendered_item','euus and',474),('entity:node/21:en','rendered_item','euusprivacyshield',231),('entity:node/21:en','rendered_item','euusprivacyshield for',230),('entity:node/21:en','rendered_item','even',257),('entity:node/21:en','rendered_item','even you',257),('entity:node/21:en','rendered_item','event',1753),('entity:node/21:en','rendered_item','event bankruptcy',299),('entity:node/21:en','rendered_item','event conflicting',1000),('entity:node/21:en','rendered_item','event giving',238),('entity:node/21:en','rendered_item','event that',216),('entity:node/21:en','rendered_item','every',229),('entity:node/21:en','rendered_item','every individual',229),('entity:node/21:en','rendered_item','example',2569),('entity:node/21:en','rendered_item','example administrative',277),('entity:node/21:en','rendered_item','example combining',623),('entity:node/21:en','rendered_item','example enable',470),('entity:node/21:en','rendered_item','example may',584),('entity:node/21:en','rendered_item','example your',612),('entity:node/21:en','rendered_item','examples',825),('entity:node/21:en','rendered_item','examples personal',822),('entity:node/21:en','rendered_item','except',295),('entity:node/21:en','rendered_item','except where',295),('entity:node/21:en','rendered_item','exercise',1190),('entity:node/21:en','rendered_item','exercise any',260),('entity:node/21:en','rendered_item','exercise choice',219),('entity:node/21:en','rendered_item','exercise control',227),('entity:node/21:en','rendered_item','exercise other',263),('entity:node/21:en','rendered_item','exercise that',220),('entity:node/21:en','rendered_item','experience',384),('entity:node/21:en','rendered_item','experience with',384),('entity:node/21:en','rendered_item','expire',472),('entity:node/21:en','rendered_item','expire the',471),('entity:node/21:en','rendered_item','explain',1000),('entity:node/21:en','rendered_item','explain some',997),('entity:node/21:en','rendered_item','extent',527),('entity:node/21:en','rendered_item','extent can',271),('entity:node/21:en','rendered_item','extent permitted',256),('entity:node/21:en','rendered_item','facilitate',321),('entity:node/21:en','rendered_item','facilitate our',321),('entity:node/21:en','rendered_item','fact',228),('entity:node/21:en','rendered_item','fact that',228),('entity:node/21:en','rendered_item','family',222),('entity:node/21:en','rendered_item','family household',222),('entity:node/21:en','rendered_item','feature',313),('entity:node/21:en','rendered_item','feature thirdparty',313),('entity:node/21:en','rendered_item','features',4049),('entity:node/21:en','rendered_item','features applications',1000),('entity:node/21:en','rendered_item','features assist',319),('entity:node/21:en','rendered_item','features divihn',401),('entity:node/21:en','rendered_item','features functionality',460),('entity:node/21:en','rendered_item','features otherwise',400),('entity:node/21:en','rendered_item','features services',1000),('entity:node/21:en','rendered_item','features the',469),('entity:node/21:en','rendered_item','federal',467),('entity:node/21:en','rendered_item','federal trade',467),('entity:node/21:en','rendered_item','feedback',1919),('entity:node/21:en','rendered_item','feedback collect',385),('entity:node/21:en','rendered_item','feedback from',385),('entity:node/21:en','rendered_item','feedback provided',383),('entity:node/21:en','rendered_item','feedback pursuant',381),('entity:node/21:en','rendered_item','feedback you',384),('entity:node/21:en','rendered_item','field',219),('entity:node/21:en','rendered_item','field your',219),('entity:node/21:en','rendered_item','file',716),('entity:node/21:en','rendered_item','file complaint',230),('entity:node/21:en','rendered_item','file that',485),('entity:node/21:en','rendered_item','files',944),('entity:node/21:en','rendered_item','files you',714),('entity:node/21:en','rendered_item','files your',227),('entity:node/21:en','rendered_item','filings',779),('entity:node/21:en','rendered_item','filings may',777),('entity:node/21:en','rendered_item','fill',880),('entity:node/21:en','rendered_item','fill out',876),('entity:node/21:en','rendered_item','financial',1128),('entity:node/21:en','rendered_item','financial information',1125),('entity:node/21:en','rendered_item','find',410),('entity:node/21:en','rendered_item','find out',409),('entity:node/21:en','rendered_item','first',815),('entity:node/21:en','rendered_item','first for',233),('entity:node/21:en','rendered_item','first provide',322),('entity:node/21:en','rendered_item','first raise',259),('entity:node/21:en','rendered_item','follow',371),('entity:node/21:en','rendered_item','follow the',370),('entity:node/21:en','rendered_item','following',1432),('entity:node/21:en','rendered_item','following circumstances',321),('entity:node/21:en','rendered_item','following cookies',490),('entity:node/21:en','rendered_item','following the',278),('entity:node/21:en','rendered_item','following ways',342),('entity:node/21:en','rendered_item','for',17970),('entity:node/21:en','rendered_item','for additional',329),('entity:node/21:en','rendered_item','for any',515),('entity:node/21:en','rendered_item','for assistance',260),('entity:node/21:en','rendered_item','for backup',330),('entity:node/21:en','rendered_item','for business',302),('entity:node/21:en','rendered_item','for compliance',377),('entity:node/21:en','rendered_item','for deletion',257),('entity:node/21:en','rendered_item','for divihn',362),('entity:node/21:en','rendered_item','for example',2569),('entity:node/21:en','rendered_item','for future',1034),('entity:node/21:en','rendered_item','for its',220),('entity:node/21:en','rendered_item','for least',333),('entity:node/21:en','rendered_item','for legal',327),('entity:node/21:en','rendered_item','for maintaining',270),('entity:node/21:en','rendered_item','for more',717),('entity:node/21:en','rendered_item','for notices',217),('entity:node/21:en','rendered_item','for online',280),('entity:node/21:en','rendered_item','for other',233),('entity:node/21:en','rendered_item','for our',849),('entity:node/21:en','rendered_item','for personal',222),('entity:node/21:en','rendered_item','for processing',246),('entity:node/21:en','rendered_item','for recordkeeping',482),('entity:node/21:en','rendered_item','for security',426),('entity:node/21:en','rendered_item','for services',886),('entity:node/21:en','rendered_item','for several',448),('entity:node/21:en','rendered_item','for the',1527),('entity:node/21:en','rendered_item','for their',1207),('entity:node/21:en','rendered_item','for those',543),('entity:node/21:en','rendered_item','for users',750),('entity:node/21:en','rendered_item','for withholding',594),('entity:node/21:en','rendered_item','for you',854),('entity:node/21:en','rendered_item','form',672),('entity:node/21:en','rendered_item','form nonidentifying',670),('entity:node/21:en','rendered_item','forms',870),('entity:node/21:en','rendered_item','forms when',867),('entity:node/21:en','rendered_item','forth',586),('entity:node/21:en','rendered_item','forth this',584),('entity:node/21:en','rendered_item','forum',399),('entity:node/21:en','rendered_item','forum content',398),('entity:node/21:en','rendered_item','forums',803),('entity:node/21:en','rendered_item','forums blogs',403),('entity:node/21:en','rendered_item','forums you',400),('entity:node/21:en','rendered_item','frameworks',241),('entity:node/21:en','rendered_item','frameworks privacy',241),('entity:node/21:en','rendered_item','fraud',1123),('entity:node/21:en','rendered_item','fraud detection',743),('entity:node/21:en','rendered_item','fraud provide',380),('entity:node/21:en','rendered_item','fraudulent',657),('entity:node/21:en','rendered_item','fraudulent unethical',657),('entity:node/21:en','rendered_item','free',234),('entity:node/21:en','rendered_item','free charge',233),('entity:node/21:en','rendered_item','freedoms',340),('entity:node/21:en','rendered_item','freedoms the',340),('entity:node/21:en','rendered_item','freelance',363),('entity:node/21:en','rendered_item','freelance project',363),('entity:node/21:en','rendered_item','freelancers',261),('entity:node/21:en','rendered_item','freelancers you',260),('entity:node/21:en','rendered_item','from',12958),('entity:node/21:en','rendered_item','from anyone',743),('entity:node/21:en','rendered_item','from divihn',1565),('entity:node/21:en','rendered_item','from following',278),('entity:node/21:en','rendered_item','from one',538),('entity:node/21:en','rendered_item','from others',575),('entity:node/21:en','rendered_item','from our',1364),('entity:node/21:en','rendered_item','from please',371),('entity:node/21:en','rendered_item','from receiving',276),('entity:node/21:en','rendered_item','from territories',245),('entity:node/21:en','rendered_item','from the',1427),('entity:node/21:en','rendered_item','from third',1805),('entity:node/21:en','rendered_item','from through',278),('entity:node/21:en','rendered_item','from visitor',411),('entity:node/21:en','rendered_item','from you',2379),('entity:node/21:en','rendered_item','from your',704),('entity:node/21:en','rendered_item','fulfillment',291),('entity:node/21:en','rendered_item','fulfillment and',290),('entity:node/21:en','rendered_item','function',654),('entity:node/21:en','rendered_item','function convert',652),('entity:node/21:en','rendered_item','functionality',1383),('entity:node/21:en','rendered_item','functionality community',401),('entity:node/21:en','rendered_item','functionality the',981),('entity:node/21:en','rendered_item','functions',562),('entity:node/21:en','rendered_item','functions save',561),('entity:node/21:en','rendered_item','fundamental',341),('entity:node/21:en','rendered_item','fundamental rights',340),('entity:node/21:en','rendered_item','further',351),('entity:node/21:en','rendered_item','further described',350),('entity:node/21:en','rendered_item','furthers',343),('entity:node/21:en','rendered_item','furthers our',342),('entity:node/21:en','rendered_item','future',1625),('entity:node/21:en','rendered_item','future logins',475),('entity:node/21:en','rendered_item','future sessions',557),('entity:node/21:en','rendered_item','future subsidiaries',303),('entity:node/21:en','rendered_item','future work',288),('entity:node/21:en','rendered_item','gather',496),('entity:node/21:en','rendered_item','gather demographic',495),('entity:node/21:en','rendered_item','gdpr',263),('entity:node/21:en','rendered_item','gdpr help',262),('entity:node/21:en','rendered_item','general',2199),('entity:node/21:en','rendered_item','general audience',1507),('entity:node/21:en','rendered_item','general data',690),('entity:node/21:en','rendered_item','generally',1674),('entity:node/21:en','rendered_item','generally email',674),('entity:node/21:en','rendered_item','generally offline',1000),('entity:node/21:en','rendered_item','generic',283),('entity:node/21:en','rendered_item','generic ads',283),('entity:node/21:en','rendered_item','give',590),('entity:node/21:en','rendered_item','give information',589),('entity:node/21:en','rendered_item','giving',238),('entity:node/21:en','rendered_item','giving rise',238),('entity:node/21:en','rendered_item','govern',296),('entity:node/21:en','rendered_item','govern that',296),('entity:node/21:en','rendered_item','government',927),('entity:node/21:en','rendered_item','government agencies',312),('entity:node/21:en','rendered_item','government and',308),('entity:node/21:en','rendered_item','government law',307),('entity:node/21:en','rendered_item','governmental',667),('entity:node/21:en','rendered_item','governmental and',361),('entity:node/21:en','rendered_item','governmental authorities',305),('entity:node/21:en','rendered_item','governmentissued',767),('entity:node/21:en','rendered_item','governmentissued identification',764),('entity:node/21:en','rendered_item','graphics',452),('entity:node/21:en','rendered_item','graphics with',452),('entity:node/21:en','rendered_item','great',225),('entity:node/21:en','rendered_item','great concern',225),('entity:node/21:en','rendered_item','grounds',343),('entity:node/21:en','rendered_item','grounds that',343),('entity:node/21:en','rendered_item','guaranteed',253),('entity:node/21:en','rendered_item','guaranteed divihn',253),('entity:node/21:en','rendered_item','guardian',710),('entity:node/21:en','rendered_item','guardian child',708),('entity:node/21:en','rendered_item','had',224),('entity:node/21:en','rendered_item','had similar',224),('entity:node/21:en','rendered_item','handle',344),('entity:node/21:en','rendered_item','handle personal',343),('entity:node/21:en','rendered_item','happens',317),('entity:node/21:en','rendered_item','happens you',317),('entity:node/21:en','rendered_item','hard',484),('entity:node/21:en','rendered_item','hard disk',483),('entity:node/21:en','rendered_item','has',2626),('entity:node/21:en','rendered_item','has agreed',235),('entity:node/21:en','rendered_item','has been',254),('entity:node/21:en','rendered_item','has certified',242),('entity:node/21:en','rendered_item','has collected',706),('entity:node/21:en','rendered_item','has committed',233),('entity:node/21:en','rendered_item','has provided',725),('entity:node/21:en','rendered_item','has right',229),('entity:node/21:en','rendered_item','hash',656),('entity:node/21:en','rendered_item','hash function',654),('entity:node/21:en','rendered_item','hashed',1277),('entity:node/21:en','rendered_item','hashed information',1275),('entity:node/21:en','rendered_item','have',8055),('entity:node/21:en','rendered_item','have about',544),('entity:node/21:en','rendered_item','have access',714),('entity:node/21:en','rendered_item','have accurate',328),('entity:node/21:en','rendered_item','have any',815),('entity:node/21:en','rendered_item','have certain',1055),('entity:node/21:en','rendered_item','have choices',324),('entity:node/21:en','rendered_item','have collected',321),('entity:node/21:en','rendered_item','have complete',217),('entity:node/21:en','rendered_item','have contractual',605),('entity:node/21:en','rendered_item','have miscalculated',260),('entity:node/21:en','rendered_item','have questions',219),('entity:node/21:en','rendered_item','have received',224),('entity:node/21:en','rendered_item','have right',258),('entity:node/21:en','rendered_item','have statutory',608),('entity:node/21:en','rendered_item','have the',246),('entity:node/21:en','rendered_item','have while',1000),('entity:node/21:en','rendered_item','have your',316),('entity:node/21:en','rendered_item','having',931),('entity:node/21:en','rendered_item','having commercial',927),('entity:node/21:en','rendered_item','help',4140),('entity:node/21:en','rendered_item','help center',262),('entity:node/21:en','rendered_item','help explain',1000),('entity:node/21:en','rendered_item','help fill',880),('entity:node/21:en','rendered_item','help keep',456),('entity:node/21:en','rendered_item','help protect',253),('entity:node/21:en','rendered_item','help understand',289),('entity:node/21:en','rendered_item','help you',1000),('entity:node/21:en','rendered_item','helps',861),('entity:node/21:en','rendered_item','helps improve',857),('entity:node/21:en','rendered_item','here',569),('entity:node/21:en','rendered_item','here located',285),('entity:node/21:en','rendered_item','here you',284),('entity:node/21:en','rendered_item','hold',270),('entity:node/21:en','rendered_item','hold any',270),('entity:node/21:en','rendered_item','honor',879),('entity:node/21:en','rendered_item','honor our',349),('entity:node/21:en','rendered_item','honor user',271),('entity:node/21:en','rendered_item','honor your',257),('entity:node/21:en','rendered_item','household',222),('entity:node/21:en','rendered_item','household use',222),('entity:node/21:en','rendered_item','how',6448),('entity:node/21:en','rendered_item','how divihn',912),('entity:node/21:en','rendered_item','how exercise',220),('entity:node/21:en','rendered_item','how many',882),('entity:node/21:en','rendered_item','how may',279),('entity:node/21:en','rendered_item','how our',881),('entity:node/21:en','rendered_item','how people',853),('entity:node/21:en','rendered_item','how respond',422),('entity:node/21:en','rendered_item','how update',1000),('entity:node/21:en','rendered_item','how use',1000),('entity:node/21:en','rendered_item','however',473),('entity:node/21:en','rendered_item','however certain',257),('entity:node/21:en','rendered_item','however will',216),('entity:node/21:en','rendered_item','http',1442),('entity:node/21:en','rendered_item','http strict',250),('entity:node/21:en','rendered_item','http wwwaboutadsinfo',279),('entity:node/21:en','rendered_item','http wwwallaboutdntcom',408),('entity:node/21:en','rendered_item','http wwwconsumerftcgov',224),('entity:node/21:en','rendered_item','http wwwnetworkadvertisingorg',280),('entity:node/21:en','rendered_item','https',711),('entity:node/21:en','rendered_item','https wwwjamsadrcom',231),('entity:node/21:en','rendered_item','https wwwprivacyshieldgov',480),('entity:node/21:en','rendered_item','identification',1015),('entity:node/21:en','rendered_item','identification number',251),('entity:node/21:en','rendered_item','identification photo',762),('entity:node/21:en','rendered_item','identified',846),('entity:node/21:en','rendered_item','identified for',625),('entity:node/21:en','rendered_item','identified third',220),('entity:node/21:en','rendered_item','identifier',2499),('entity:node/21:en','rendered_item','identifier device',515),('entity:node/21:en','rendered_item','identifier for',515),('entity:node/21:en','rendered_item','identifier number',510),('entity:node/21:en','rendered_item','identifier some',506),('entity:node/21:en','rendered_item','identifier that',452),('entity:node/21:en','rendered_item','identifiers',1285),('entity:node/21:en','rendered_item','identifiers identify',655),('entity:node/21:en','rendered_item','identifiers way',628),('entity:node/21:en','rendered_item','identifies',842),('entity:node/21:en','rendered_item','identifies you',839),('entity:node/21:en','rendered_item','identify',2637),('entity:node/21:en','rendered_item','identify divihn',655),('entity:node/21:en','rendered_item','identify you',1472),('entity:node/21:en','rendered_item','identify your',507),('entity:node/21:en','rendered_item','identifying',647),('entity:node/21:en','rendered_item','identifying information',647),('entity:node/21:en','rendered_item','identity',1818),('entity:node/21:en','rendered_item','identity may',787),('entity:node/21:en','rendered_item','identity theft',225),('entity:node/21:en','rendered_item','identity verification',803),('entity:node/21:en','rendered_item','illegal',658),('entity:node/21:en','rendered_item','illegal fraudulent',657),('entity:node/21:en','rendered_item','imitate',226),('entity:node/21:en','rendered_item','imitate legitimate',226),('entity:node/21:en','rendered_item','improve',3227),('entity:node/21:en','rendered_item','improve how',562),('entity:node/21:en','rendered_item','improve marketing',524),('entity:node/21:en','rendered_item','improve our',854),('entity:node/21:en','rendered_item','improve the',1284),('entity:node/21:en','rendered_item','improvement',319),('entity:node/21:en','rendered_item','improvement divihn',319),('entity:node/21:en','rendered_item','improving',338),('entity:node/21:en','rendered_item','improving our',338),('entity:node/21:en','rendered_item','inc',1000),('entity:node/21:en','rendered_item','inc divihn',1000),('entity:node/21:en','rendered_item','include',3209),('entity:node/21:en','rendered_item','include among',546),('entity:node/21:en','rendered_item','include the',491),('entity:node/21:en','rendered_item','include your',2168),('entity:node/21:en','rendered_item','includes',521),('entity:node/21:en','rendered_item','includes the',520),('entity:node/21:en','rendered_item','including',7760),('entity:node/21:en','rendered_item','including analytics',551),('entity:node/21:en','rendered_item','including but',1305),('entity:node/21:en','rendered_item','including certain',266),('entity:node/21:en','rendered_item','including conduct',360),('entity:node/21:en','rendered_item','including cookies',286),('entity:node/21:en','rendered_item','including each',300),('entity:node/21:en','rendered_item','including except',295),('entity:node/21:en','rendered_item','including hashed',285),('entity:node/21:en','rendered_item','including information',257),('entity:node/21:en','rendered_item','including marketing',338),('entity:node/21:en','rendered_item','including meet',310),('entity:node/21:en','rendered_item','including pages',288),('entity:node/21:en','rendered_item','including personal',624),('entity:node/21:en','rendered_item','including standard',244),('entity:node/21:en','rendered_item','including the',381),('entity:node/21:en','rendered_item','including without',1370),('entity:node/21:en','rendered_item','including your',301),('entity:node/21:en','rendered_item','inconsistent',238),('entity:node/21:en','rendered_item','inconsistent with',238),('entity:node/21:en','rendered_item','independent',467),('entity:node/21:en','rendered_item','independent dispute',466),('entity:node/21:en','rendered_item','indicated',227),('entity:node/21:en','rendered_item','indicated you',226),('entity:node/21:en','rendered_item','indicia',293),('entity:node/21:en','rendered_item','indicia persona',293),('entity:node/21:en','rendered_item','individual',1528),('entity:node/21:en','rendered_item','individual also',229),('entity:node/21:en','rendered_item','individual and',834),('entity:node/21:en','rendered_item','individual browser',463),('entity:node/21:en','rendered_item','individuals',660),('entity:node/21:en','rendered_item','individuals facilitate',321),('entity:node/21:en','rendered_item','individuals providing',339),('entity:node/21:en','rendered_item','industry',415),('entity:node/21:en','rendered_item','industry participants',414),('entity:node/21:en','rendered_item','industrystandard',252),('entity:node/21:en','rendered_item','industrystandard transport',252),('entity:node/21:en','rendered_item','information',86808),('entity:node/21:en','rendered_item','information 2',264),('entity:node/21:en','rendered_item','information 3',264),('entity:node/21:en','rendered_item','information about',6742),('entity:node/21:en','rendered_item','information and',1946),('entity:node/21:en','rendered_item','information any',243),('entity:node/21:en','rendered_item','information are',619),('entity:node/21:en','rendered_item','information automatically',491),('entity:node/21:en','rendered_item','information because',247),('entity:node/21:en','rendered_item','information below',1292),('entity:node/21:en','rendered_item','information but',1214),('entity:node/21:en','rendered_item','information certain',973),('entity:node/21:en','rendered_item','information changes',217),('entity:node/21:en','rendered_item','information collect',4913),('entity:node/21:en','rendered_item','information collected',1642),('entity:node/21:en','rendered_item','information collection',950),('entity:node/21:en','rendered_item','information collects',252),('entity:node/21:en','rendered_item','information commonly',529),('entity:node/21:en','rendered_item','information connection',1166),('entity:node/21:en','rendered_item','information contacting',269),('entity:node/21:en','rendered_item','information cookie',488),('entity:node/21:en','rendered_item','information described',573),('entity:node/21:en','rendered_item','information directly',258),('entity:node/21:en','rendered_item','information disclosed',321),('entity:node/21:en','rendered_item','information divihn',1989),('entity:node/21:en','rendered_item','information encourage',329),('entity:node/21:en','rendered_item','information examples',825),('entity:node/21:en','rendered_item','information financial',903),('entity:node/21:en','rendered_item','information for',1947),('entity:node/21:en','rendered_item','information from',4751),('entity:node/21:en','rendered_item','information generally',674),('entity:node/21:en','rendered_item','information have',865),('entity:node/21:en','rendered_item','information help',880),('entity:node/21:en','rendered_item','information how',220),('entity:node/21:en','rendered_item','information identity',225),('entity:node/21:en','rendered_item','information include',822),('entity:node/21:en','rendered_item','information including',892),('entity:node/21:en','rendered_item','information into',650),('entity:node/21:en','rendered_item','information make',899),('entity:node/21:en','rendered_item','information making',269),('entity:node/21:en','rendered_item','information mandatory',597),('entity:node/21:en','rendered_item','information manner',455),('entity:node/21:en','rendered_item','information may',2115),('entity:node/21:en','rendered_item','information meet',348),('entity:node/21:en','rendered_item','information note',1000),('entity:node/21:en','rendered_item','information obtaining',223),('entity:node/21:en','rendered_item','information order',318),('entity:node/21:en','rendered_item','information personal',608),('entity:node/21:en','rendered_item','information please',1116),('entity:node/21:en','rendered_item','information provided',265),('entity:node/21:en','rendered_item','information receive',575),('entity:node/21:en','rendered_item','information received',591),('entity:node/21:en','rendered_item','information referred',670),('entity:node/21:en','rendered_item','information regarding',2328),('entity:node/21:en','rendered_item','information related',867),('entity:node/21:en','rendered_item','information security',564),('entity:node/21:en','rendered_item','information see',333),('entity:node/21:en','rendered_item','information set',587),('entity:node/21:en','rendered_item','information shared',537),('entity:node/21:en','rendered_item','information sharing',327),('entity:node/21:en','rendered_item','information show',286),('entity:node/21:en','rendered_item','information such',2914),('entity:node/21:en','rendered_item','information that',1710),('entity:node/21:en','rendered_item','information the',2725),('entity:node/21:en','rendered_item','information then',267),('entity:node/21:en','rendered_item','information third',323),('entity:node/21:en','rendered_item','information this',667),('entity:node/21:en','rendered_item','information through',1000),('entity:node/21:en','rendered_item','information under',240),('entity:node/21:en','rendered_item','information unless',216),('entity:node/21:en','rendered_item','information use',381),('entity:node/21:en','rendered_item','information usernames',1381),('entity:node/21:en','rendered_item','information using',250),('entity:node/21:en','rendered_item','information were',633),('entity:node/21:en','rendered_item','information when',1715),('entity:node/21:en','rendered_item','information which',392),('entity:node/21:en','rendered_item','information will',2450),('entity:node/21:en','rendered_item','information with',5687),('entity:node/21:en','rendered_item','information within',256),('entity:node/21:en','rendered_item','information would',638),('entity:node/21:en','rendered_item','information you',4589),('entity:node/21:en','rendered_item','information your',651),('entity:node/21:en','rendered_item','initially',245),('entity:node/21:en','rendered_item','initially provided',245),('entity:node/21:en','rendered_item','initiative',282),('entity:node/21:en','rendered_item','initiative nai',282),('entity:node/21:en','rendered_item','inquiries',715),('entity:node/21:en','rendered_item','inquiries about',337),('entity:node/21:en','rendered_item','inquiries process',377),('entity:node/21:en','rendered_item','insome',393),('entity:node/21:en','rendered_item','insome cases',392),('entity:node/21:en','rendered_item','instructions',649),('entity:node/21:en','rendered_item','instructions provided',278),('entity:node/21:en','rendered_item','instructions the',370),('entity:node/21:en','rendered_item','integration',1000),('entity:node/21:en','rendered_item','integration inc',1000),('entity:node/21:en','rendered_item','intended',752),('entity:node/21:en','rendered_item','intended for',750),('entity:node/21:en','rendered_item','interact',1015),('entity:node/21:en','rendered_item','interact with',1014),('entity:node/21:en','rendered_item','interaction',224),('entity:node/21:en','rendered_item','interaction with',224),('entity:node/21:en','rendered_item','interactions',433),('entity:node/21:en','rendered_item','interactions with',432),('entity:node/21:en','rendered_item','interactive',715),('entity:node/21:en','rendered_item','interactive feature',313),('entity:node/21:en','rendered_item','interactive features',401),('entity:node/21:en','rendered_item','interest',1595),('entity:node/21:en','rendered_item','interest you',1594),('entity:node/21:en','rendered_item','interestbased',574),('entity:node/21:en','rendered_item','interestbased advertising',574),('entity:node/21:en','rendered_item','interests',1668),('entity:node/21:en','rendered_item','interests combination',640),('entity:node/21:en','rendered_item','interests commercial',342),('entity:node/21:en','rendered_item','interests fundamental',341),('entity:node/21:en','rendered_item','interests many',344),('entity:node/21:en','rendered_item','internal',1041),('entity:node/21:en','rendered_item','internal and',303),('entity:node/21:en','rendered_item','internal business',376),('entity:node/21:en','rendered_item','internal statistics',361),('entity:node/21:en','rendered_item','internally',256),('entity:node/21:en','rendered_item','internally for',256),('entity:node/21:en','rendered_item','international',247),('entity:node/21:en','rendered_item','international transfer',247),('entity:node/21:en','rendered_item','internet',1220),('entity:node/21:en','rendered_item','internet method',249),('entity:node/21:en','rendered_item','internet protocol',519),('entity:node/21:en','rendered_item','internet users',451),('entity:node/21:en','rendered_item','into',1670),('entity:node/21:en','rendered_item','into code',650),('entity:node/21:en','rendered_item','into contract',345),('entity:node/21:en','rendered_item','into form',672),('entity:node/21:en','rendered_item','investigation',664),('entity:node/21:en','rendered_item','investigation protect',359),('entity:node/21:en','rendered_item','investigation where',304),('entity:node/21:en','rendered_item','investigative',639),('entity:node/21:en','rendered_item','investigative purposes',639),('entity:node/21:en','rendered_item','investigatory',243),('entity:node/21:en','rendered_item','investigatory and',243),('entity:node/21:en','rendered_item','investors',347),('entity:node/21:en','rendered_item','investors take',347),('entity:node/21:en','rendered_item','invisible',452),('entity:node/21:en','rendered_item','invisible you',451),('entity:node/21:en','rendered_item','issue',235),('entity:node/21:en','rendered_item','issue complaint',235),('entity:node/21:en','rendered_item','issues',335),('entity:node/21:en','rendered_item','issues comply',335),('entity:node/21:en','rendered_item','its',2105),('entity:node/21:en','rendered_item','its device',506),('entity:node/21:en','rendered_item','its direct',220),('entity:node/21:en','rendered_item','its operations',242),('entity:node/21:en','rendered_item','its partners',504),('entity:node/21:en','rendered_item','its practices',411),('entity:node/21:en','rendered_item','its privacy',220),('entity:node/21:en','rendered_item','jams',463),('entity:node/21:en','rendered_item','jams privacy',232),('entity:node/21:en','rendered_item','jams you',232),('entity:node/21:en','rendered_item','job',781),('entity:node/21:en','rendered_item','job success',781),('entity:node/21:en','rendered_item','jurisdictions',272),('entity:node/21:en','rendered_item','jurisdictions users',271),('entity:node/21:en','rendered_item','keep',456),('entity:node/21:en','rendered_item','keep track',455),('entity:node/21:en','rendered_item','know',1391),('entity:node/21:en','rendered_item','know are',391),('entity:node/21:en','rendered_item','know our',1000),('entity:node/21:en','rendered_item','knowingly',745),('entity:node/21:en','rendered_item','knowingly collect',743),('entity:node/21:en','rendered_item','known',1775),('entity:node/21:en','rendered_item','known embedded',436),('entity:node/21:en','rendered_item','known hash',656),('entity:node/21:en','rendered_item','known phishing',225),('entity:node/21:en','rendered_item','known web',458),('entity:node/21:en','rendered_item','labeled',217),('entity:node/21:en','rendered_item','labeled sent',217),('entity:node/21:en','rendered_item','later',315),('entity:node/21:en','rendered_item','later decide',314),('entity:node/21:en','rendered_item','law',4398),('entity:node/21:en','rendered_item','law allowing',295),('entity:node/21:en','rendered_item','law and',379),('entity:node/21:en','rendered_item','law but',271),('entity:node/21:en','rendered_item','law enforcement',925),('entity:node/21:en','rendered_item','law including',360),('entity:node/21:en','rendered_item','law not',256),('entity:node/21:en','rendered_item','law permitted',290),('entity:node/21:en','rendered_item','law provides',221),('entity:node/21:en','rendered_item','law response',311),('entity:node/21:en','rendered_item','law such',782),('entity:node/21:en','rendered_item','law will',307),('entity:node/21:en','rendered_item','lawful',311),('entity:node/21:en','rendered_item','lawful requests',311),('entity:node/21:en','rendered_item','laws',490),('entity:node/21:en','rendered_item','laws our',245),('entity:node/21:en','rendered_item','laws the',245),('entity:node/21:en','rendered_item','layer',751),('entity:node/21:en','rendered_item','layer protection',249),('entity:node/21:en','rendered_item','layer security',251),('entity:node/21:en','rendered_item','layer technology',250),('entity:node/21:en','rendered_item','learn',240),('entity:node/21:en','rendered_item','learn more',240),('entity:node/21:en','rendered_item','least',333),('entity:node/21:en','rendered_item','least 5',332),('entity:node/21:en','rendered_item','led',534),('entity:node/21:en','rendered_item','led you',533),('entity:node/21:en','rendered_item','legal',3026),('entity:node/21:en','rendered_item','legal and',639),('entity:node/21:en','rendered_item','legal entity',366),('entity:node/21:en','rendered_item','legal guardian',710),('entity:node/21:en','rendered_item','legal issues',335),('entity:node/21:en','rendered_item','legal obligations',669),('entity:node/21:en','rendered_item','legal process',305),('entity:node/21:en','rendered_item','legally',656),('entity:node/21:en','rendered_item','legally actionable',656),('entity:node/21:en','rendered_item','legitimate',912),('entity:node/21:en','rendered_item','legitimate interests',686),('entity:node/21:en','rendered_item','legitimate websites',226),('entity:node/21:en','rendered_item','let',1391),('entity:node/21:en','rendered_item','let you',1391),('entity:node/21:en','rendered_item','level',463),('entity:node/21:en','rendered_item','level but',462),('entity:node/21:en','rendered_item','like',1999),('entity:node/21:en','rendered_item','like delete',267),('entity:node/21:en','rendered_item','like exercise',260),('entity:node/21:en','rendered_item','like many',902),('entity:node/21:en','rendered_item','like other',569),('entity:node/21:en','rendered_item','likeness',294),('entity:node/21:en','rendered_item','likeness other',293),('entity:node/21:en','rendered_item','limit',461),('entity:node/21:en','rendered_item','limit your',460),('entity:node/21:en','rendered_item','limitation',1690),('entity:node/21:en','rendered_item','limitation connection',601),('entity:node/21:en','rendered_item','limitation count',445),('entity:node/21:en','rendered_item','limitation hashed',323),('entity:node/21:en','rendered_item','limitation maintenance',320),('entity:node/21:en','rendered_item','limited',1535),('entity:node/21:en','rendered_item','limited circumstances',230),('entity:node/21:en','rendered_item','limited master',1000),('entity:node/21:en','rendered_item','limited subpoenas',305),('entity:node/21:en','rendered_item','link',1723),('entity:node/21:en','rendered_item','link depending',266),('entity:node/21:en','rendered_item','link this',1000),('entity:node/21:en','rendered_item','link website',228),('entity:node/21:en','rendered_item','link you',229),('entity:node/21:en','rendered_item','links',1328),('entity:node/21:en','rendered_item','links other',457),('entity:node/21:en','rendered_item','links were',437),('entity:node/21:en','rendered_item','links you',432),('entity:node/21:en','rendered_item','list',530),('entity:node/21:en','rendered_item','list learn',240),('entity:node/21:en','rendered_item','list third',290),('entity:node/21:en','rendered_item','listed',234),('entity:node/21:en','rendered_item','listed below',234),('entity:node/21:en','rendered_item','located',1062),('entity:node/21:en','rendered_item','located outside',246),('entity:node/21:en','rendered_item','located the',550),('entity:node/21:en','rendered_item','located you',266),('entity:node/21:en','rendered_item','location',505),('entity:node/21:en','rendered_item','location the',504),('entity:node/21:en','rendered_item','lodge',487),('entity:node/21:en','rendered_item','lodge complaint',487),('entity:node/21:en','rendered_item','log',526),('entity:node/21:en','rendered_item','log information',525),('entity:node/21:en','rendered_item','logged',266),('entity:node/21:en','rendered_item','logged visit',266),('entity:node/21:en','rendered_item','login',1036),('entity:node/21:en','rendered_item','login information',559),('entity:node/21:en','rendered_item','login password',476),('entity:node/21:en','rendered_item','logins',475),('entity:node/21:en','rendered_item','logins the',474),('entity:node/21:en','rendered_item','longer',953),('entity:node/21:en','rendered_item','longer able',267),('entity:node/21:en','rendered_item','longer want',314),('entity:node/21:en','rendered_item','longer wish',371),('entity:node/21:en','rendered_item','made',1014),('entity:node/21:en','rendered_item','made for',330),('entity:node/21:en','rendered_item','made public',682),('entity:node/21:en','rendered_item','mailing',435),('entity:node/21:en','rendered_item','mailing address',435),('entity:node/21:en','rendered_item','maintaining',270),('entity:node/21:en','rendered_item','maintaining the',269),('entity:node/21:en','rendered_item','maintenance',320),('entity:node/21:en','rendered_item','maintenance services',320),('entity:node/21:en','rendered_item','make',1116),('entity:node/21:en','rendered_item','make material',217),('entity:node/21:en','rendered_item','make receive',896),('entity:node/21:en','rendered_item','making',269),('entity:node/21:en','rendered_item','making updates',269),('entity:node/21:en','rendered_item','management',319),('entity:node/21:en','rendered_item','management web',319),('entity:node/21:en','rendered_item','managing',615),('entity:node/21:en','rendered_item','managing legal',335),('entity:node/21:en','rendered_item','managing optoutasp',280),('entity:node/21:en','rendered_item','mandatory',597),('entity:node/21:en','rendered_item','mandatory and',596),('entity:node/21:en','rendered_item','manner',691),('entity:node/21:en','rendered_item','manner consistent',216),('entity:node/21:en','rendered_item','manner inconsistent',238),('entity:node/21:en','rendered_item','manner soon',236),('entity:node/21:en','rendered_item','manual',260),('entity:node/21:en','rendered_item','manual review',259),('entity:node/21:en','rendered_item','many',2128),('entity:node/21:en','rendered_item','many cases',344),('entity:node/21:en','rendered_item','many emails',443),('entity:node/21:en','rendered_item','many particular',439),('entity:node/21:en','rendered_item','many websites',901),('entity:node/21:en','rendered_item','marketing',6176),('entity:node/21:en','rendered_item','marketing analytics',522),('entity:node/21:en','rendered_item','marketing and',338),('entity:node/21:en','rendered_item','marketing associated',293),('entity:node/21:en','rendered_item','marketing communications',276),('entity:node/21:en','rendered_item','marketing emails',278),('entity:node/21:en','rendered_item','marketing offers',316),('entity:node/21:en','rendered_item','marketing partners',1810),('entity:node/21:en','rendered_item','marketing promotional',374),('entity:node/21:en','rendered_item','marketing purposes',1748),('entity:node/21:en','rendered_item','marketing uses',221),('entity:node/21:en','rendered_item','master',1000),('entity:node/21:en','rendered_item','master services',1000),('entity:node/21:en','rendered_item','material',433),('entity:node/21:en','rendered_item','material changes',433),('entity:node/21:en','rendered_item','materials',373),('entity:node/21:en','rendered_item','materials behalf',373),('entity:node/21:en','rendered_item','mathematical',663),('entity:node/21:en','rendered_item','mathematical process',661),('entity:node/21:en','rendered_item','matter',235),('entity:node/21:en','rendered_item','matter with',235),('entity:node/21:en','rendered_item','may',44918),('entity:node/21:en','rendered_item','may able',260),('entity:node/21:en','rendered_item','may access',269),('entity:node/21:en','rendered_item','may aggregate',690),('entity:node/21:en','rendered_item','may allow',419),('entity:node/21:en','rendered_item','may also',4939),('entity:node/21:en','rendered_item','may automatically',548),('entity:node/21:en','rendered_item','may available',230),('entity:node/21:en','rendered_item','may become',267),('entity:node/21:en','rendered_item','may change',443),('entity:node/21:en','rendered_item','may choose',400),('entity:node/21:en','rendered_item','may clients',946),('entity:node/21:en','rendered_item','may collect',2067),('entity:node/21:en','rendered_item','may combine',1135),('entity:node/21:en','rendered_item','may communicate',279),('entity:node/21:en','rendered_item','may comply',221),('entity:node/21:en','rendered_item','may consider',659),('entity:node/21:en','rendered_item','may contact',265),('entity:node/21:en','rendered_item','may contain',296),('entity:node/21:en','rendered_item','may cooperation',304),('entity:node/21:en','rendered_item','may disclosed',292),('entity:node/21:en','rendered_item','may employ',321),('entity:node/21:en','rendered_item','may have',2699),('entity:node/21:en','rendered_item','may include',1950),('entity:node/21:en','rendered_item','may interest',1595),('entity:node/21:en','rendered_item','may invisible',452),('entity:node/21:en','rendered_item','may limit',461),('entity:node/21:en','rendered_item','may not',1638),('entity:node/21:en','rendered_item','may offer',705),('entity:node/21:en','rendered_item','may optout',554),('entity:node/21:en','rendered_item','may otherwise',323),('entity:node/21:en','rendered_item','may persist',587),('entity:node/21:en','rendered_item','may place',227),('entity:node/21:en','rendered_item','may post',387),('entity:node/21:en','rendered_item','may present',368),('entity:node/21:en','rendered_item','may presented',316),('entity:node/21:en','rendered_item','may process',492),('entity:node/21:en','rendered_item','may provide',2590),('entity:node/21:en','rendered_item','may publicly',397),('entity:node/21:en','rendered_item','may receive',584),('entity:node/21:en','rendered_item','may remain',256),('entity:node/21:en','rendered_item','may remove',381),('entity:node/21:en','rendered_item','may render',676),('entity:node/21:en','rendered_item','may request',1606),('entity:node/21:en','rendered_item','may require',1146),('entity:node/21:en','rendered_item','may required',787),('entity:node/21:en','rendered_item','may sell',302),('entity:node/21:en','rendered_item','may set',286),('entity:node/21:en','rendered_item','may share',953),('entity:node/21:en','rendered_item','may supplement',584),('entity:node/21:en','rendered_item','may the',288),('entity:node/21:en','rendered_item','may unaffected',276),('entity:node/21:en','rendered_item','may update',495),('entity:node/21:en','rendered_item','may use',3096),('entity:node/21:en','rendered_item','may used',1093),('entity:node/21:en','rendered_item','may want',280),('entity:node/21:en','rendered_item','may with',549),('entity:node/21:en','rendered_item','may work',290),('entity:node/21:en','rendered_item','means',952),('entity:node/21:en','rendered_item','means and',277),('entity:node/21:en','rendered_item','means calculate',262),('entity:node/21:en','rendered_item','means this',413),('entity:node/21:en','rendered_item','mechanism',232),('entity:node/21:en','rendered_item','mechanism jams',232),('entity:node/21:en','rendered_item','mechanisms',478),('entity:node/21:en','rendered_item','mechanisms including',244),('entity:node/21:en','rendered_item','mechanisms listed',234),('entity:node/21:en','rendered_item','meet',658),('entity:node/21:en','rendered_item','meet national',310),('entity:node/21:en','rendered_item','meet our',348),('entity:node/21:en','rendered_item','members',562),('entity:node/21:en','rendered_item','members the',282),('entity:node/21:en','rendered_item','members you',279),('entity:node/21:en','rendered_item','menu',273),('entity:node/21:en','rendered_item','menu for',272),('entity:node/21:en','rendered_item','merger',626),('entity:node/21:en','rendered_item','merger acquisition',626),('entity:node/21:en','rendered_item','message',275),('entity:node/21:en','rendered_item','message received',275),('entity:node/21:en','rendered_item','messages',1257),('entity:node/21:en','rendered_item','messages may',276),('entity:node/21:en','rendered_item','messages replying',276),('entity:node/21:en','rendered_item','messages you',704),('entity:node/21:en','rendered_item','method',498),('entity:node/21:en','rendered_item','method electronic',249),('entity:node/21:en','rendered_item','method transmission',249),('entity:node/21:en','rendered_item','mind',254),('entity:node/21:en','rendered_item','mind that',254),('entity:node/21:en','rendered_item','miscalculated',260),('entity:node/21:en','rendered_item','miscalculated your',260),('entity:node/21:en','rendered_item','mobile',1854),('entity:node/21:en','rendered_item','mobile application',547),('entity:node/21:en','rendered_item','mobile apps',287),('entity:node/21:en','rendered_item','mobile phone',513),('entity:node/21:en','rendered_item','mobile service',506),('entity:node/21:en','rendered_item','modified',273),('entity:node/21:en','rendered_item','modified the',273),('entity:node/21:en','rendered_item','monitor',912),('entity:node/21:en','rendered_item','monitor aggregate',467),('entity:node/21:en','rendered_item','monitor how',443),('entity:node/21:en','rendered_item','more',1682),('entity:node/21:en','rendered_item','more about',648),('entity:node/21:en','rendered_item','more information',717),('entity:node/21:en','rendered_item','more third',316),('entity:node/21:en','rendered_item','most',1000),('entity:node/21:en','rendered_item','most restrictive',1000),('entity:node/21:en','rendered_item','movement',498),('entity:node/21:en','rendered_item','movement around',497),('entity:node/21:en','rendered_item','much',349),('entity:node/21:en','rendered_item','much our',348),('entity:node/21:en','rendered_item','must',437),('entity:node/21:en','rendered_item','must include',218),('entity:node/21:en','rendered_item','must put',219),('entity:node/21:en','rendered_item','mutual',1000),('entity:node/21:en','rendered_item','mutual nondisclosure',1000),('entity:node/21:en','rendered_item','nai',561),('entity:node/21:en','rendered_item','nai members',279),('entity:node/21:en','rendered_item','nai the',282),('entity:node/21:en','rendered_item','name',3650),('entity:node/21:en','rendered_item','name and',1304),('entity:node/21:en','rendered_item','name but',622),('entity:node/21:en','rendered_item','name email',822),('entity:node/21:en','rendered_item','name street',218),('entity:node/21:en','rendered_item','name voice',294),('entity:node/21:en','rendered_item','name you',386),('entity:node/21:en','rendered_item','national',310),('entity:node/21:en','rendered_item','national security',310),('entity:node/21:en','rendered_item','navigate',443),('entity:node/21:en','rendered_item','navigate the',443),('entity:node/21:en','rendered_item','necessary',610),('entity:node/21:en','rendered_item','necessary appropriate',306),('entity:node/21:en','rendered_item','necessary protect',304),('entity:node/21:en','rendered_item','need',649),('entity:node/21:en','rendered_item','need contact',314),('entity:node/21:en','rendered_item','need use',334),('entity:node/21:en','rendered_item','needs',337),('entity:node/21:en','rendered_item','needs and',336),('entity:node/21:en','rendered_item','neither',254),('entity:node/21:en','rendered_item','neither you',254),('entity:node/21:en','rendered_item','network',571),('entity:node/21:en','rendered_item','network advertisers',288),('entity:node/21:en','rendered_item','network advertising',282),('entity:node/21:en','rendered_item','new',216),('entity:node/21:en','rendered_item','new revised',215),('entity:node/21:en','rendered_item','newsletters',374),('entity:node/21:en','rendered_item','newsletters marketing',374),('entity:node/21:en','rendered_item','non',648),('entity:node/21:en','rendered_item','non identifying',647),('entity:node/21:en','rendered_item','nondisclosure',1000),('entity:node/21:en','rendered_item','nondisclosure agreements',1000),('entity:node/21:en','rendered_item','nonidentifying',6469),('entity:node/21:en','rendered_item','nonidentifying information',6467),('entity:node/21:en','rendered_item','nonregistered',688),('entity:node/21:en','rendered_item','nonregistered users',686),('entity:node/21:en','rendered_item','nor',481),('entity:node/21:en','rendered_item','nor divihn',254),('entity:node/21:en','rendered_item','nor endorsement',227),('entity:node/21:en','rendered_item','not',13658),('entity:node/21:en','rendered_item','not able',994),('entity:node/21:en','rendered_item','not alter',412),('entity:node/21:en','rendered_item','not always',256),('entity:node/21:en','rendered_item','not apply',394),('entity:node/21:en','rendered_item','not endorsement',228),('entity:node/21:en','rendered_item','not exercise',227),('entity:node/21:en','rendered_item','not have',1070),('entity:node/21:en','rendered_item','not identify',647),('entity:node/21:en','rendered_item','not knowingly',745),('entity:node/21:en','rendered_item','not labeled',217),('entity:node/21:en','rendered_item','not limited',1305),('entity:node/21:en','rendered_item','not offered',1000),('entity:node/21:en','rendered_item','not optin',220),('entity:node/21:en','rendered_item','not overridden',341),('entity:node/21:en','rendered_item','not receive',835),('entity:node/21:en','rendered_item','not remove',255),('entity:node/21:en','rendered_item','not resolved',465),('entity:node/21:en','rendered_item','not respond',421),('entity:node/21:en','rendered_item','not responsible',533),('entity:node/21:en','rendered_item','not satisfactorily',231),('entity:node/21:en','rendered_item','not share',543),('entity:node/21:en','rendered_item','not track',2072),('entity:node/21:en','rendered_item','not warrant',247),('entity:node/21:en','rendered_item','note',5160),('entity:node/21:en','rendered_item','note that',4876),('entity:node/21:en','rendered_item','note you',284),('entity:node/21:en','rendered_item','notice',676),('entity:node/21:en','rendered_item','notice business',243),('entity:node/21:en','rendered_item','notice divihn',216),('entity:node/21:en','rendered_item','notice through',216),('entity:node/21:en','rendered_item','notices',217),('entity:node/21:en','rendered_item','notices that',217),('entity:node/21:en','rendered_item','notification',274),('entity:node/21:en','rendered_item','notification preferences',273),('entity:node/21:en','rendered_item','notifications',548),('entity:node/21:en','rendered_item','notifications notification',274),('entity:node/21:en','rendered_item','notifications similarly',274),('entity:node/21:en','rendered_item','notify',216),('entity:node/21:en','rendered_item','notify you',216),('entity:node/21:en','rendered_item','number',2612),('entity:node/21:en','rendered_item','number encrypt',251),('entity:node/21:en','rendered_item','number identity',805),('entity:node/21:en','rendered_item','number steps',253),('entity:node/21:en','rendered_item','number that',510),('entity:node/21:en','rendered_item','number validate',790),('entity:node/21:en','rendered_item','object',264),('entity:node/21:en','rendered_item','object the',264),('entity:node/21:en','rendered_item','obligation',1209),('entity:node/21:en','rendered_item','obligation and',603),('entity:node/21:en','rendered_item','obligation provide',605),('entity:node/21:en','rendered_item','obligations',1017),('entity:node/21:en','rendered_item','obligations data',334),('entity:node/21:en','rendered_item','obligations need',335),('entity:node/21:en','rendered_item','obligations our',347),('entity:node/21:en','rendered_item','obtain',447),('entity:node/21:en','rendered_item','obtain from',222),('entity:node/21:en','rendered_item','obtain personal',225),('entity:node/21:en','rendered_item','obtained',886),('entity:node/21:en','rendered_item','obtained through',883),('entity:node/21:en','rendered_item','obtaining',223),('entity:node/21:en','rendered_item','obtaining products',223),('entity:node/21:en','rendered_item','occasions',382),('entity:node/21:en','rendered_item','occasions may',381),('entity:node/21:en','rendered_item','offer',1229),('entity:node/21:en','rendered_item','offer sweepstakes',298),('entity:node/21:en','rendered_item','offer visitors',407),('entity:node/21:en','rendered_item','offer you',524),('entity:node/21:en','rendered_item','offered',1000),('entity:node/21:en','rendered_item','offered the',1000),('entity:node/21:en','rendered_item','offers',1183),('entity:node/21:en','rendered_item','offers from',316),('entity:node/21:en','rendered_item','offers may',368),('entity:node/21:en','rendered_item','offers optout',279),('entity:node/21:en','rendered_item','offers that',220),('entity:node/21:en','rendered_item','official',587),('entity:node/21:en','rendered_item','official rules',587),('entity:node/21:en','rendered_item','officials',615),('entity:node/21:en','rendered_item','officials and',307),('entity:node/21:en','rendered_item','officials private',307),('entity:node/21:en','rendered_item','offline',2000),('entity:node/21:en','rendered_item','offline connection',1000),('entity:node/21:en','rendered_item','offline please',1000),('entity:node/21:en','rendered_item','older',748),('entity:node/21:en','rendered_item','older not',745),('entity:node/21:en','rendered_item','once',267),('entity:node/21:en','rendered_item','once you',266),('entity:node/21:en','rendered_item','one',538),('entity:node/21:en','rendered_item','one more',316),('entity:node/21:en','rendered_item','one time',222),('entity:node/21:en','rendered_item','online',4933),('entity:node/21:en','rendered_item','online account',547),('entity:node/21:en','rendered_item','online activity',451),('entity:node/21:en','rendered_item','online administer',367),('entity:node/21:en','rendered_item','online advertising',319),('entity:node/21:en','rendered_item','online and',286),('entity:node/21:en','rendered_item','online behavioral',280),('entity:node/21:en','rendered_item','online companies',569),('entity:node/21:en','rendered_item','online services',1829),('entity:node/21:en','rendered_item','online websites',285),('entity:node/21:en','rendered_item','only',614),('entity:node/21:en','rendered_item','only with',612),('entity:node/21:en','rendered_item','onto',430),('entity:node/21:en','rendered_item','onto your',429),('entity:node/21:en','rendered_item','opened',440),('entity:node/21:en','rendered_item','opened count',439),('entity:node/21:en','rendered_item','operated',232),('entity:node/21:en','rendered_item','operated jams',232),('entity:node/21:en','rendered_item','operating',544),('entity:node/21:en','rendered_item','operating system',542),('entity:node/21:en','rendered_item','operational',302),('entity:node/21:en','rendered_item','operational purposes',302),('entity:node/21:en','rendered_item','operations',242),('entity:node/21:en','rendered_item','operations adhere',242),('entity:node/21:en','rendered_item','opportunity',1448),('entity:node/21:en','rendered_item','opportunity comment',406),('entity:node/21:en','rendered_item','opportunity optin',322),('entity:node/21:en','rendered_item','opportunity participate',403),('entity:node/21:en','rendered_item','opportunity receive',316),('entity:node/21:en','rendered_item','opt',1734),('entity:node/21:en','rendered_item','opt out',1734),('entity:node/21:en','rendered_item','optin',762),('entity:node/21:en','rendered_item','optin opt',322),('entity:node/21:en','rendered_item','optin optout',220),('entity:node/21:en','rendered_item','optin you',220),('entity:node/21:en','rendered_item','option',447),('entity:node/21:en','rendered_item','option may',230),('entity:node/21:en','rendered_item','option your',217),('entity:node/21:en','rendered_item','optout',1552),('entity:node/21:en','rendered_item','optout participating',279),('entity:node/21:en','rendered_item','optout procedures',279),('entity:node/21:en','rendered_item','optout receiving',554),('entity:node/21:en','rendered_item','optout regarding',220),('entity:node/21:en','rendered_item','optout the',220),('entity:node/21:en','rendered_item','optoutasp',280),('entity:node/21:en','rendered_item','optoutasp which',279),('entity:node/21:en','rendered_item','order',544),('entity:node/21:en','rendered_item','order obtain',226),('entity:node/21:en','rendered_item','order perform',318),('entity:node/21:en','rendered_item','other',14762),('entity:node/21:en','rendered_item','other businesses',221),('entity:node/21:en','rendered_item','other communication',401),('entity:node/21:en','rendered_item','other content',399),('entity:node/21:en','rendered_item','other device',429),('entity:node/21:en','rendered_item','other divihn',1062),('entity:node/21:en','rendered_item','other endorsements',388),('entity:node/21:en','rendered_item','other files',227),('entity:node/21:en','rendered_item','other identifiers',630),('entity:node/21:en','rendered_item','other indicia',293),('entity:node/21:en','rendered_item','other information',2667),('entity:node/21:en','rendered_item','other legal',366),('entity:node/21:en','rendered_item','other means',277),('entity:node/21:en','rendered_item','other nonidentifying',612),('entity:node/21:en','rendered_item','other online',854),('entity:node/21:en','rendered_item','other personal',233),('entity:node/21:en','rendered_item','other promotions',298),('entity:node/21:en','rendered_item','other rights',523),('entity:node/21:en','rendered_item','other sites',229),('entity:node/21:en','rendered_item','other technologies',426),('entity:node/21:en','rendered_item','other third',305),('entity:node/21:en','rendered_item','other unique',518),('entity:node/21:en','rendered_item','other users',861),('entity:node/21:en','rendered_item','other vendors',288),('entity:node/21:en','rendered_item','other web',287),('entity:node/21:en','rendered_item','other websites',1969),('entity:node/21:en','rendered_item','others',1560),('entity:node/21:en','rendered_item','others managing',336),('entity:node/21:en','rendered_item','others the',253),('entity:node/21:en','rendered_item','others will',396),('entity:node/21:en','rendered_item','others with',573),('entity:node/21:en','rendered_item','otherwise',2797),('entity:node/21:en','rendered_item','otherwise collect',842),('entity:node/21:en','rendered_item','otherwise described',321),('entity:node/21:en','rendered_item','otherwise disclose',323),('entity:node/21:en','rendered_item','otherwise indicated',227),('entity:node/21:en','rendered_item','otherwise permitted',379),('entity:node/21:en','rendered_item','otherwise share',301),('entity:node/21:en','rendered_item','otherwise submit',400),('entity:node/21:en','rendered_item','our',25453),('entity:node/21:en','rendered_item','our administrative',256),('entity:node/21:en','rendered_item','our advertisements',573),('entity:node/21:en','rendered_item','our affiliates',245),('entity:node/21:en','rendered_item','our affiliation',228),('entity:node/21:en','rendered_item','our archives',256),('entity:node/21:en','rendered_item','our assets',301),('entity:node/21:en','rendered_item','our behalf',1061),('entity:node/21:en','rendered_item','our business',704),('entity:node/21:en','rendered_item','our contractual',697),('entity:node/21:en','rendered_item','our customers',1000),('entity:node/21:en','rendered_item','our data',965),('entity:node/21:en','rendered_item','our databases',255),('entity:node/21:en','rendered_item','our discretion',519),('entity:node/21:en','rendered_item','our divihn',249),('entity:node/21:en','rendered_item','our files',716),('entity:node/21:en','rendered_item','our gdpr',263),('entity:node/21:en','rendered_item','our investors',347),('entity:node/21:en','rendered_item','our legal',334),('entity:node/21:en','rendered_item','our legitimate',686),('entity:node/21:en','rendered_item','our marketing',1810),('entity:node/21:en','rendered_item','our option',217),('entity:node/21:en','rendered_item','our policies',1000),('entity:node/21:en','rendered_item','our practices',219),('entity:node/21:en','rendered_item','our privacy',241),('entity:node/21:en','rendered_item','our processing',348),('entity:node/21:en','rendered_item','our servers',508),('entity:node/21:en','rendered_item','our service',3916),('entity:node/21:en','rendered_item','our services',2581),('entity:node/21:en','rendered_item','our site',1810),('entity:node/21:en','rendered_item','our sole',611),('entity:node/21:en','rendered_item','our system',267),('entity:node/21:en','rendered_item','our terms',381),('entity:node/21:en','rendered_item','our thirdparty',1058),('entity:node/21:en','rendered_item','our user',495),('entity:node/21:en','rendered_item','our users',336),('entity:node/21:en','rendered_item','out',3019),('entity:node/21:en','rendered_item','out from',276),('entity:node/21:en','rendered_item','out instructions',278),('entity:node/21:en','rendered_item','out interestbased',285),('entity:node/21:en','rendered_item','out more',409),('entity:node/21:en','rendered_item','out please',284),('entity:node/21:en','rendered_item','out receiving',289),('entity:node/21:en','rendered_item','out such',321),('entity:node/21:en','rendered_item','out tax',873),('entity:node/21:en','rendered_item','outside',1073),('entity:node/21:en','rendered_item','outside records',581),('entity:node/21:en','rendered_item','outside the',491),('entity:node/21:en','rendered_item','over',1476),('entity:node/21:en','rendered_item','over the',249),('entity:node/21:en','rendered_item','over third',227),('entity:node/21:en','rendered_item','over this',1000),('entity:node/21:en','rendered_item','overridden',341),('entity:node/21:en','rendered_item','overridden the',341),('entity:node/21:en','rendered_item','own',1281),('entity:node/21:en','rendered_item','own cookies',227),('entity:node/21:en','rendered_item','own direct',221),('entity:node/21:en','rendered_item','own marketing',547),('entity:node/21:en','rendered_item','own tracking',286),('entity:node/21:en','rendered_item','owned',1000),('entity:node/21:en','rendered_item','owned controlled',1000),('entity:node/21:en','rendered_item','pages',738),('entity:node/21:en','rendered_item','pages viewed',288),('entity:node/21:en','rendered_item','pages you',449),('entity:node/21:en','rendered_item','panel',229),('entity:node/21:en','rendered_item','panel described',229),('entity:node/21:en','rendered_item','parent',714),('entity:node/21:en','rendered_item','parent legal',712),('entity:node/21:en','rendered_item','part',1260),('entity:node/21:en','rendered_item','part merger',326),('entity:node/21:en','rendered_item','part the',300),('entity:node/21:en','rendered_item','part your',633),('entity:node/21:en','rendered_item','participants',414),('entity:node/21:en','rendered_item','participants what',413),('entity:node/21:en','rendered_item','participate',1043),('entity:node/21:en','rendered_item','participate and',403),('entity:node/21:en','rendered_item','participate the',235),('entity:node/21:en','rendered_item','participate your',405),('entity:node/21:en','rendered_item','participating',576),('entity:node/21:en','rendered_item','participating companies',279),('entity:node/21:en','rendered_item','participating promotion',297),('entity:node/21:en','rendered_item','particular',439),('entity:node/21:en','rendered_item','particular articles',439),('entity:node/21:en','rendered_item','parties',11145),('entity:node/21:en','rendered_item','parties and',1003),('entity:node/21:en','rendered_item','parties conducting',305),('entity:node/21:en','rendered_item','parties direct',220),('entity:node/21:en','rendered_item','parties enforce',307),('entity:node/21:en','rendered_item','parties for',2113),('entity:node/21:en','rendered_item','parties having',931),('entity:node/21:en','rendered_item','parties including',285),('entity:node/21:en','rendered_item','parties marketing',323),('entity:node/21:en','rendered_item','parties may',2063),('entity:node/21:en','rendered_item','parties not',323),('entity:node/21:en','rendered_item','parties our',610),('entity:node/21:en','rendered_item','parties perform',423),('entity:node/21:en','rendered_item','parties request',316),('entity:node/21:en','rendered_item','parties the',292),('entity:node/21:en','rendered_item','parties third',590),('entity:node/21:en','rendered_item','parties you',1035),('entity:node/21:en','rendered_item','partners',3314),('entity:node/21:en','rendered_item','partners affiliates',1810),('entity:node/21:en','rendered_item','partners including',1000),('entity:node/21:en','rendered_item','partners may',504),('entity:node/21:en','rendered_item','party',3970),('entity:node/21:en','rendered_item','party analytics',290),('entity:node/21:en','rendered_item','party and',313),('entity:node/21:en','rendered_item','party are',315),('entity:node/21:en','rendered_item','party companies',321),('entity:node/21:en','rendered_item','party directly',314),('entity:node/21:en','rendered_item','party for',220),('entity:node/21:en','rendered_item','party nor',227),('entity:node/21:en','rendered_item','party parties',316),('entity:node/21:en','rendered_item','party pretending',224),('entity:node/21:en','rendered_item','party protect',661),('entity:node/21:en','rendered_item','party website',228),('entity:node/21:en','rendered_item','party websites',227),('entity:node/21:en','rendered_item','party you',314),('entity:node/21:en','rendered_item','password',476),('entity:node/21:en','rendered_item','password for',475),('entity:node/21:en','rendered_item','payment',1212),('entity:node/21:en','rendered_item','payment for',889),('entity:node/21:en','rendered_item','payment processing',319),('entity:node/21:en','rendered_item','people',853),('entity:node/21:en','rendered_item','people use',852),('entity:node/21:en','rendered_item','per',222),('entity:node/21:en','rendered_item','per calendar',222),('entity:node/21:en','rendered_item','perform',1708),('entity:node/21:en','rendered_item','perform advertising',283),('entity:node/21:en','rendered_item','perform freelance',363),('entity:node/21:en','rendered_item','perform servicerelated',321),('entity:node/21:en','rendered_item','perform these',740),('entity:node/21:en','rendered_item','permission',549),('entity:node/21:en','rendered_item','permission receive',548),('entity:node/21:en','rendered_item','permitted',925),('entity:node/21:en','rendered_item','permitted law',256),('entity:node/21:en','rendered_item','permitted the',290),('entity:node/21:en','rendered_item','permitted with',378),('entity:node/21:en','rendered_item','persist',844),('entity:node/21:en','rendered_item','persist copies',331),('entity:node/21:en','rendered_item','persist internally',256),('entity:node/21:en','rendered_item','persist the',257),('entity:node/21:en','rendered_item','persistent',479),('entity:node/21:en','rendered_item','persistent cookies',478),('entity:node/21:en','rendered_item','person',660),('entity:node/21:en','rendered_item','person prevent',660),('entity:node/21:en','rendered_item','persona',293),('entity:node/21:en','rendered_item','persona advertising',293),('entity:node/21:en','rendered_item','personal',23641),('entity:node/21:en','rendered_item','personal and',638),('entity:node/21:en','rendered_item','personal family',222),('entity:node/21:en','rendered_item','personal financial',225),('entity:node/21:en','rendered_item','personal information',22166),('entity:node/21:en','rendered_item','personal testimonials',389),('entity:node/21:en','rendered_item','phishing',1125),('entity:node/21:en','rendered_item','phishing addition',224),('entity:node/21:en','rendered_item','phishing are',225),('entity:node/21:en','rendered_item','phishing phishing',226),('entity:node/21:en','rendered_item','phishing visit',224),('entity:node/21:en','rendered_item','phishing websites',226),('entity:node/21:en','rendered_item','phone',1323),('entity:node/21:en','rendered_item','phone number',808),('entity:node/21:en','rendered_item','phone tablet',513),('entity:node/21:en','rendered_item','photo',762),('entity:node/21:en','rendered_item','photo billing',759),('entity:node/21:en','rendered_item','physical',506),('entity:node/21:en','rendered_item','physical location',505),('entity:node/21:en','rendered_item','pieces',620),('entity:node/21:en','rendered_item','pieces information',619),('entity:node/21:en','rendered_item','place',227),('entity:node/21:en','rendered_item','place their',227),('entity:node/21:en','rendered_item','platform',883),('entity:node/21:en','rendered_item','platform information',880),('entity:node/21:en','rendered_item','please',7724),('entity:node/21:en','rendered_item','please contact',1964),('entity:node/21:en','rendered_item','please email',260),('entity:node/21:en','rendered_item','please follow',371),('entity:node/21:en','rendered_item','please note',3763),('entity:node/21:en','rendered_item','please report',224),('entity:node/21:en','rendered_item','please see',263),('entity:node/21:en','rendered_item','please visit',879),('entity:node/21:en','rendered_item','policies',1769),('entity:node/21:en','rendered_item','policies and',1315),('entity:node/21:en','rendered_item','policies practices',227),('entity:node/21:en','rendered_item','policies statements',227),('entity:node/21:en','rendered_item','policy',17151),('entity:node/21:en','rendered_item','policy also',584),('entity:node/21:en','rendered_item','policy and',1315),('entity:node/21:en','rendered_item','policy any',216),('entity:node/21:en','rendered_item','policy contacting',215),('entity:node/21:en','rendered_item','policy divihn',3220),('entity:node/21:en','rendered_item','policy effect',216),('entity:node/21:en','rendered_item','policy hashed',669),('entity:node/21:en','rendered_item','policy help',1000),('entity:node/21:en','rendered_item','policy information',572),('entity:node/21:en','rendered_item','policy let',1000),('entity:node/21:en','rendered_item','policy make',217),('entity:node/21:en','rendered_item','policy may',1217),('entity:node/21:en','rendered_item','policy please',215),('entity:node/21:en','rendered_item','policy that',220),('entity:node/21:en','rendered_item','policy the',1321),('entity:node/21:en','rendered_item','policy together',1000),('entity:node/21:en','rendered_item','policy understand',965),('entity:node/21:en','rendered_item','policy use',350),('entity:node/21:en','rendered_item','policy when',245),('entity:node/21:en','rendered_item','policy will',394),('entity:node/21:en','rendered_item','portal',226),('entity:node/21:en','rendered_item','portal phishing',226),('entity:node/21:en','rendered_item','pose',659),('entity:node/21:en','rendered_item','pose risk',659),('entity:node/21:en','rendered_item','possible',491),('entity:node/21:en','rendered_item','possible after',236),('entity:node/21:en','rendered_item','possible completely',255),('entity:node/21:en','rendered_item','post',2585),('entity:node/21:en','rendered_item','post comment',396),('entity:node/21:en','rendered_item','post content',403),('entity:node/21:en','rendered_item','post link',1000),('entity:node/21:en','rendered_item','post questions',399),('entity:node/21:en','rendered_item','post your',387),('entity:node/21:en','rendered_item','posted',782),('entity:node/21:en','rendered_item','posted publicly',525),('entity:node/21:en','rendered_item','posted the',256),('entity:node/21:en','rendered_item','posting',216),('entity:node/21:en','rendered_item','posting the',216),('entity:node/21:en','rendered_item','potential',299),('entity:node/21:en','rendered_item','potential acquiring',299),('entity:node/21:en','rendered_item','practice',225),('entity:node/21:en','rendered_item','practice currently',225),('entity:node/21:en','rendered_item','practices',2449),('entity:node/21:en','rendered_item','practices not',227),('entity:node/21:en','rendered_item','practices table',957),('entity:node/21:en','rendered_item','practices that',315),('entity:node/21:en','rendered_item','practices third',315),('entity:node/21:en','rendered_item','practices when',411),('entity:node/21:en','rendered_item','practices with',219),('entity:node/21:en','rendered_item','precedence',1000),('entity:node/21:en','rendered_item','precedence over',1000),('entity:node/21:en','rendered_item','preferences',884),('entity:node/21:en','rendered_item','preferences can',273),('entity:node/21:en','rendered_item','preferences may',609),('entity:node/21:en','rendered_item','prepare',362),('entity:node/21:en','rendered_item','prepare related',362),('entity:node/21:en','rendered_item','present',368),('entity:node/21:en','rendered_item','present you',368),('entity:node/21:en','rendered_item','presented',316),('entity:node/21:en','rendered_item','presented with',316),('entity:node/21:en','rendered_item','pretending',224),('entity:node/21:en','rendered_item','pretending divihn',224),('entity:node/21:en','rendered_item','prevent',1040),('entity:node/21:en','rendered_item','prevent fraud',380),('entity:node/21:en','rendered_item','prevent stop',660),('entity:node/21:en','rendered_item','previously',253),('entity:node/21:en','rendered_item','previously shared',253),('entity:node/21:en','rendered_item','primarily',302),('entity:node/21:en','rendered_item','primarily for',302),('entity:node/21:en','rendered_item','principles',232),('entity:node/21:en','rendered_item','principles independent',232),('entity:node/21:en','rendered_item','prior',436),('entity:node/21:en','rendered_item','prior sharing',220),('entity:node/21:en','rendered_item','prior the',216),('entity:node/21:en','rendered_item','privacy',21460),('entity:node/21:en','rendered_item','privacy complaints',233),('entity:node/21:en','rendered_item','privacy information',227),('entity:node/21:en','rendered_item','privacy policies',542),('entity:node/21:en','rendered_item','privacy policy',15719),('entity:node/21:en','rendered_item','privacy rights',442),('entity:node/21:en','rendered_item','privacy settings',226),('entity:node/21:en','rendered_item','privacy shield',4071),('entity:node/21:en','rendered_item','privacyshieldgov',229),('entity:node/21:en','rendered_item','privacyshieldgov every',229),('entity:node/21:en','rendered_item','private',615),('entity:node/21:en','rendered_item','private parties',614),('entity:node/21:en','rendered_item','prize',291),('entity:node/21:en','rendered_item','prize fulfillment',291),('entity:node/21:en','rendered_item','procedures',1279),('entity:node/21:en','rendered_item','procedures nai',279),('entity:node/21:en','rendered_item','procedures regarding',1000),('entity:node/21:en','rendered_item','process',2762),('entity:node/21:en','rendered_item','process and',492),('entity:node/21:en','rendered_item','process commonly',659),('entity:node/21:en','rendered_item','process including',305),('entity:node/21:en','rendered_item','process personal',246),('entity:node/21:en','rendered_item','process with',299),('entity:node/21:en','rendered_item','process your',758),('entity:node/21:en','rendered_item','processes',239),('entity:node/21:en','rendered_item','processes the',239),('entity:node/21:en','rendered_item','processing',1441),('entity:node/21:en','rendered_item','processing and',246),('entity:node/21:en','rendered_item','processing fraud',319),('entity:node/21:en','rendered_item','processing personal',348),('entity:node/21:en','rendered_item','processing your',528),('entity:node/21:en','rendered_item','products',223),('entity:node/21:en','rendered_item','products services',222),('entity:node/21:en','rendered_item','profile',1078),('entity:node/21:en','rendered_item','profile may',397),('entity:node/21:en','rendered_item','profile the',227),('entity:node/21:en','rendered_item','profile through',226),('entity:node/21:en','rendered_item','profile you',227),('entity:node/21:en','rendered_item','program',799),('entity:node/21:en','rendered_item','program for',280),('entity:node/21:en','rendered_item','program please',240),('entity:node/21:en','rendered_item','program your',279),('entity:node/21:en','rendered_item','programming',435),('entity:node/21:en','rendered_item','programming code',434),('entity:node/21:en','rendered_item','prohibited',295),('entity:node/21:en','rendered_item','prohibited law',295),('entity:node/21:en','rendered_item','project',363),('entity:node/21:en','rendered_item','project for',362),('entity:node/21:en','rendered_item','promotion',2352),('entity:node/21:en','rendered_item','promotion including',292),('entity:node/21:en','rendered_item','promotion official',290),('entity:node/21:en','rendered_item','promotion that',298),('entity:node/21:en','rendered_item','promotion use',294),('entity:node/21:en','rendered_item','promotion which',296),('entity:node/21:en','rendered_item','promotion you',590),('entity:node/21:en','rendered_item','promotion your',292),('entity:node/21:en','rendered_item','promotional',374),('entity:node/21:en','rendered_item','promotional materials',373),('entity:node/21:en','rendered_item','promotions',922),('entity:node/21:en','rendered_item','promotions any',298),('entity:node/21:en','rendered_item','promotions are',326),('entity:node/21:en','rendered_item','promotions may',298),('entity:node/21:en','rendered_item','properly',217),('entity:node/21:en','rendered_item','properly not',217),('entity:node/21:en','rendered_item','property',662),('entity:node/21:en','rendered_item','property and',661),('entity:node/21:en','rendered_item','proposal',364),('entity:node/21:en','rendered_item','proposal perform',363),('entity:node/21:en','rendered_item','protect',2322),('entity:node/21:en','rendered_item','protect and',253),('entity:node/21:en','rendered_item','protect described',245),('entity:node/21:en','rendered_item','protect the',1323),('entity:node/21:en','rendered_item','protect your',501),('entity:node/21:en','rendered_item','protecting',336),('entity:node/21:en','rendered_item','protecting our',336),('entity:node/21:en','rendered_item','protection',889),('entity:node/21:en','rendered_item','protection for',249),('entity:node/21:en','rendered_item','protection laws',246),('entity:node/21:en','rendered_item','protection this',394),('entity:node/21:en','rendered_item','protocol',519),('entity:node/21:en','rendered_item','protocol address',518),('entity:node/21:en','rendered_item','provide',10910),('entity:node/21:en','rendered_item','provide and',759),('entity:node/21:en','rendered_item','provide information',826),('entity:node/21:en','rendered_item','provide nonidentifying',690),('entity:node/21:en','rendered_item','provide notice',216),('entity:node/21:en','rendered_item','provide our',1106),('entity:node/21:en','rendered_item','provide the',647),('entity:node/21:en','rendered_item','provide valid',377),('entity:node/21:en','rendered_item','provide via',384),('entity:node/21:en','rendered_item','provide when',920),('entity:node/21:en','rendered_item','provide with',2647),('entity:node/21:en','rendered_item','provide you',1660),('entity:node/21:en','rendered_item','provide your',672),('entity:node/21:en','rendered_item','provided',3155),('entity:node/21:en','rendered_item','provided about',383),('entity:node/21:en','rendered_item','provided accurate',259),('entity:node/21:en','rendered_item','provided below',265),('entity:node/21:en','rendered_item','provided short',1000),('entity:node/21:en','rendered_item','provided the',245),('entity:node/21:en','rendered_item','provided those',278),('entity:node/21:en','rendered_item','provided with',725),('entity:node/21:en','rendered_item','provider',240),('entity:node/21:en','rendered_item','provider acting',240),('entity:node/21:en','rendered_item','providers',6126),('entity:node/21:en','rendered_item','providers and',288),('entity:node/21:en','rendered_item','providers including',551),('entity:node/21:en','rendered_item','providers may',3962),('entity:node/21:en','rendered_item','providers perform',283),('entity:node/21:en','rendered_item','providers servers',290),('entity:node/21:en','rendered_item','providers the',245),('entity:node/21:en','rendered_item','providers with',506),('entity:node/21:en','rendered_item','provides',2219),('entity:node/21:en','rendered_item','provides consumers',220),('entity:node/21:en','rendered_item','provides information',558),('entity:node/21:en','rendered_item','provides that',221),('entity:node/21:en','rendered_item','provides this',1000),('entity:node/21:en','rendered_item','provides you',220),('entity:node/21:en','rendered_item','providing',339),('entity:node/21:en','rendered_item','providing our',338),('entity:node/21:en','rendered_item','provision',1597),('entity:node/21:en','rendered_item','provision information',597),('entity:node/21:en','rendered_item','provision will',1000),('entity:node/21:en','rendered_item','provisions',1381),('entity:node/21:en','rendered_item','provisions between',1000),('entity:node/21:en','rendered_item','provisions our',381),('entity:node/21:en','rendered_item','public',2962),('entity:node/21:en','rendered_item','public any',660),('entity:node/21:en','rendered_item','public authorities',311),('entity:node/21:en','rendered_item','public connection',292),('entity:node/21:en','rendered_item','public information',394),('entity:node/21:en','rendered_item','public others',396),('entity:node/21:en','rendered_item','public profile',227),('entity:node/21:en','rendered_item','public through',680),('entity:node/21:en','rendered_item','publicly',2340),('entity:node/21:en','rendered_item','publicly accessible',227),('entity:node/21:en','rendered_item','publicly displayed',801),('entity:node/21:en','rendered_item','publicly forums',403),('entity:node/21:en','rendered_item','publicly through',255),('entity:node/21:en','rendered_item','publicly upon',270),('entity:node/21:en','rendered_item','publicly viewable',383),('entity:node/21:en','rendered_item','purposes',5702),('entity:node/21:en','rendered_item','purposes and',863),('entity:node/21:en','rendered_item','purposes connection',326),('entity:node/21:en','rendered_item','purposes contact',376),('entity:node/21:en','rendered_item','purposes described',350),('entity:node/21:en','rendered_item','purposes disclosed',351),('entity:node/21:en','rendered_item','purposes divihn',312),('entity:node/21:en','rendered_item','purposes for',329),('entity:node/21:en','rendered_item','purposes including',447),('entity:node/21:en','rendered_item','purposes may',625),('entity:node/21:en','rendered_item','purposes pursuant',223),('entity:node/21:en','rendered_item','purposes the',256),('entity:node/21:en','rendered_item','purposes unless',323),('entity:node/21:en','rendered_item','purposes use',480),('entity:node/21:en','rendered_item','purposes you',439),('entity:node/21:en','rendered_item','pursuant',605),('entity:node/21:en','rendered_item','pursuant california',223),('entity:node/21:en','rendered_item','pursuant the',381),('entity:node/21:en','rendered_item','push',548),('entity:node/21:en','rendered_item','push notifications',548),('entity:node/21:en','rendered_item','put',219),('entity:node/21:en','rendered_item','put the',219),('entity:node/21:en','rendered_item','questions',2334),('entity:node/21:en','rendered_item','questions about',435),('entity:node/21:en','rendered_item','questions and',236),('entity:node/21:en','rendered_item','questions comments',399),('entity:node/21:en','rendered_item','questions concerns',259),('entity:node/21:en','rendered_item','questions regarding',599),('entity:node/21:en','rendered_item','questions will',405),('entity:node/21:en','rendered_item','raise',259),('entity:node/21:en','rendered_item','raise any',259),('entity:node/21:en','rendered_item','rare',383),('entity:node/21:en','rendered_item','rare occasions',382),('entity:node/21:en','rendered_item','read',1200),('entity:node/21:en','rendered_item','read the',1196),('entity:node/21:en','rendered_item','reasonable',1233),('entity:node/21:en','rendered_item','reasonable efforts',978),('entity:node/21:en','rendered_item','reasonable steps',253),('entity:node/21:en','rendered_item','reasonably',271),('entity:node/21:en','rendered_item','reasonably and',271),('entity:node/21:en','rendered_item','receive',6333),('entity:node/21:en','rendered_item','receive certain',603),('entity:node/21:en','rendered_item','receive communications',314),('entity:node/21:en','rendered_item','receive from',853),('entity:node/21:en','rendered_item','receive generic',283),('entity:node/21:en','rendered_item','receive information',1217),('entity:node/21:en','rendered_item','receive payment',893),('entity:node/21:en','rendered_item','receive push',548),('entity:node/21:en','rendered_item','receive such',371),('entity:node/21:en','rendered_item','receive technical',568),('entity:node/21:en','rendered_item','receive timely',232),('entity:node/21:en','rendered_item','receive web',448),('entity:node/21:en','rendered_item','received',1091),('entity:node/21:en','rendered_item','received email',224),('entity:node/21:en','rendered_item','received from',590),('entity:node/21:en','rendered_item','received registered',275),('entity:node/21:en','rendered_item','receives',1125),('entity:node/21:en','rendered_item','receives not',411),('entity:node/21:en','rendered_item','receives personal',240),('entity:node/21:en','rendered_item','receives reliance',241),('entity:node/21:en','rendered_item','receives under',233),('entity:node/21:en','rendered_item','receiving',1119),('entity:node/21:en','rendered_item','receiving interestbased',289),('entity:node/21:en','rendered_item','receiving marketing',554),('entity:node/21:en','rendered_item','receiving text',276),('entity:node/21:en','rendered_item','recordkeeping',482),('entity:node/21:en','rendered_item','recordkeeping purposes',481),('entity:node/21:en','rendered_item','records',581),('entity:node/21:en','rendered_item','records third',580),('entity:node/21:en','rendered_item','refer',233),('entity:node/21:en','rendered_item','refer unresolved',233),('entity:node/21:en','rendered_item','referenced',1000),('entity:node/21:en','rendered_item','referenced this',1000),('entity:node/21:en','rendered_item','referred',1209),('entity:node/21:en','rendered_item','referred this',669),('entity:node/21:en','rendered_item','referred you',539),('entity:node/21:en','rendered_item','regard',797),('entity:node/21:en','rendered_item','regard their',271),('entity:node/21:en','rendered_item','regard your',526),('entity:node/21:en','rendered_item','regarding',5941),('entity:node/21:en','rendered_item','regarding divihn',237),('entity:node/21:en','rendered_item','regarding how',279),('entity:node/21:en','rendered_item','regarding sharing',220),('entity:node/21:en','rendered_item','regarding targeted',558),('entity:node/21:en','rendered_item','regarding the',3071),('entity:node/21:en','rendered_item','regarding traffic',288),('entity:node/21:en','rendered_item','regarding whether',599),('entity:node/21:en','rendered_item','regarding your',690),('entity:node/21:en','rendered_item','registered',1517),('entity:node/21:en','rendered_item','registered and',688),('entity:node/21:en','rendered_item','registered divihn',828),('entity:node/21:en','rendered_item','registration',1152),('entity:node/21:en','rendered_item','registration and',476),('entity:node/21:en','rendered_item','registration participating',298),('entity:node/21:en','rendered_item','registration verify',377),('entity:node/21:en','rendered_item','related',1918),('entity:node/21:en','rendered_item','related governmental',362),('entity:node/21:en','rendered_item','related services',690),('entity:node/21:en','rendered_item','related your',864),('entity:node/21:en','rendered_item','relating',277),('entity:node/21:en','rendered_item','relating your',277),('entity:node/21:en','rendered_item','relationship',1294),('entity:node/21:en','rendered_item','relationship with',1290),('entity:node/21:en','rendered_item','relevant',1565),('entity:node/21:en','rendered_item','relevant advertising',453),('entity:node/21:en','rendered_item','relevant provisions',381),('entity:node/21:en','rendered_item','relevant supervisory',487),('entity:node/21:en','rendered_item','relevant your',243),('entity:node/21:en','rendered_item','reliance',241),('entity:node/21:en','rendered_item','reliance the',241),('entity:node/21:en','rendered_item','rely',245),('entity:node/21:en','rendered_item','rely approved',244),('entity:node/21:en','rendered_item','remain',1005),('entity:node/21:en','rendered_item','remain our',256),('entity:node/21:en','rendered_item','remain the',271),('entity:node/21:en','rendered_item','remain your',477),('entity:node/21:en','rendered_item','remember',249),('entity:node/21:en','rendered_item','remember that',249),('entity:node/21:en','rendered_item','removal',394),('entity:node/21:en','rendered_item','removal your',393),('entity:node/21:en','rendered_item','remove',1283),('entity:node/21:en','rendered_item','remove delete',255),('entity:node/21:en','rendered_item','remove feedback',381),('entity:node/21:en','rendered_item','remove information',255),('entity:node/21:en','rendered_item','remove your',392),('entity:node/21:en','rendered_item','render',676),('entity:node/21:en','rendered_item','render personal',674),('entity:node/21:en','rendered_item','reorganization',301),('entity:node/21:en','rendered_item','reorganization sale',300),('entity:node/21:en','rendered_item','replying',276),('entity:node/21:en','rendered_item','replying stop',275),('entity:node/21:en','rendered_item','report',224),('entity:node/21:en','rendered_item','report techsupport',223),('entity:node/21:en','rendered_item','reporting',309),('entity:node/21:en','rendered_item','reporting earnings',309),('entity:node/21:en','rendered_item','reports',361),('entity:node/21:en','rendered_item','reports enforce',360),('entity:node/21:en','rendered_item','represent',365),('entity:node/21:en','rendered_item','represent assess',364),('entity:node/21:en','rendered_item','representation',228),('entity:node/21:en','rendered_item','representation our',228),('entity:node/21:en','rendered_item','request',5713),('entity:node/21:en','rendered_item','request access',809),('entity:node/21:en','rendered_item','request and',222),('entity:node/21:en','rendered_item','request anticipation',346),('entity:node/21:en','rendered_item','request copy',243),('entity:node/21:en','rendered_item','request deletion',541),('entity:node/21:en','rendered_item','request divihn',270),('entity:node/21:en','rendered_item','request documents',774),('entity:node/21:en','rendered_item','request governmental',305),('entity:node/21:en','rendered_item','request removal',394),('entity:node/21:en','rendered_item','request restriction',264),('entity:node/21:en','rendered_item','request sometimes',314),('entity:node/21:en','rendered_item','request such',579),('entity:node/21:en','rendered_item','request that',650),('entity:node/21:en','rendered_item','requests',1220),('entity:node/21:en','rendered_item','requests for',257),('entity:node/21:en','rendered_item','requests prevent',380),('entity:node/21:en','rendered_item','requests public',311),('entity:node/21:en','rendered_item','requests the',271),('entity:node/21:en','rendered_item','require',1146),('entity:node/21:en','rendered_item','require otherwise',845),('entity:node/21:en','rendered_item','require registration',298),('entity:node/21:en','rendered_item','required',1659),('entity:node/21:en','rendered_item','required law',1657),('entity:node/21:en','rendered_item','requirements',605),('entity:node/21:en','rendered_item','requirements and',309),('entity:node/21:en','rendered_item','requirements you',295),('entity:node/21:en','rendered_item','reserve',278),('entity:node/21:en','rendered_item','reserve the',278),('entity:node/21:en','rendered_item','resident',220),('entity:node/21:en','rendered_item','resident and',219),('entity:node/21:en','rendered_item','residents',683),('entity:node/21:en','rendered_item','residents should',237),('entity:node/21:en','rendered_item','residents who',223),('entity:node/21:en','rendered_item','residents your',223),('entity:node/21:en','rendered_item','resolution',698),('entity:node/21:en','rendered_item','resolution mechanism',232),('entity:node/21:en','rendered_item','resolution mechanisms',234),('entity:node/21:en','rendered_item','resolution operated',232),('entity:node/21:en','rendered_item','resolved',465),('entity:node/21:en','rendered_item','resolved divihn',235),('entity:node/21:en','rendered_item','resolved through',230),('entity:node/21:en','rendered_item','respect',723),('entity:node/21:en','rendered_item','respect sharing',219),('entity:node/21:en','rendered_item','respect the',241),('entity:node/21:en','rendered_item','respect your',263),('entity:node/21:en','rendered_item','respond',1634),('entity:node/21:en','rendered_item','respond claims',306),('entity:node/21:en','rendered_item','respond donottrack',421),('entity:node/21:en','rendered_item','respond not',421),('entity:node/21:en','rendered_item','respond you',217),('entity:node/21:en','rendered_item','respond your',268),('entity:node/21:en','rendered_item','responding',338),('entity:node/21:en','rendered_item','responding your',337),('entity:node/21:en','rendered_item','response',311),('entity:node/21:en','rendered_item','response lawful',311),('entity:node/21:en','rendered_item','responsibility',239),('entity:node/21:en','rendered_item','responsibility under',239),('entity:node/21:en','rendered_item','responsible',1041),('entity:node/21:en','rendered_item','responsible for',1040),('entity:node/21:en','rendered_item','restriction',264),('entity:node/21:en','rendered_item','restriction the',264),('entity:node/21:en','rendered_item','restrictive',1000),('entity:node/21:en','rendered_item','restrictive provision',1000),('entity:node/21:en','rendered_item','retain',333),('entity:node/21:en','rendered_item','retain the',333),('entity:node/21:en','rendered_item','retention',334),('entity:node/21:en','rendered_item','retention unless',334),('entity:node/21:en','rendered_item','review',709),('entity:node/21:en','rendered_item','review email',448),('entity:node/21:en','rendered_item','review your',259),('entity:node/21:en','rendered_item','revised',215),('entity:node/21:en','rendered_item','revised policy',215),('entity:node/21:en','rendered_item','right',765),('entity:node/21:en','rendered_item','right lodge',487),('entity:node/21:en','rendered_item','right send',277),('entity:node/21:en','rendered_item','rights',4750),('entity:node/21:en','rendered_item','rights allow',223),('entity:node/21:en','rendered_item','rights and',340),('entity:node/21:en','rendered_item','rights below',333),('entity:node/21:en','rendered_item','rights described',265),('entity:node/21:en','rendered_item','rights divihn',661),('entity:node/21:en','rendered_item','rights section',370),('entity:node/21:en','rendered_item','rights the',219),('entity:node/21:en','rendered_item','rights with',1060),('entity:node/21:en','rendered_item','rights you',1279),('entity:node/21:en','rendered_item','rise',238),('entity:node/21:en','rendered_item','rise the',238),('entity:node/21:en','rendered_item','risk',659),('entity:node/21:en','rendered_item','risk being',658),('entity:node/21:en','rendered_item','routinely',329),('entity:node/21:en','rendered_item','routinely update',329),('entity:node/21:en','rendered_item','routing',465),('entity:node/21:en','rendered_item','routing the',464),('entity:node/21:en','rendered_item','rules',587),('entity:node/21:en','rendered_item','rules such',290),('entity:node/21:en','rendered_item','rules that',296),('entity:node/21:en','rendered_item','safety',661),('entity:node/21:en','rendered_item','safety the',660),('entity:node/21:en','rendered_item','sale',300),('entity:node/21:en','rendered_item','sale assets',300),('entity:node/21:en','rendered_item','same',867),('entity:node/21:en','rendered_item','same data',246),('entity:node/21:en','rendered_item','same pieces',620),('entity:node/21:en','rendered_item','satisfactorily',231),('entity:node/21:en','rendered_item','satisfactorily addressed',231),('entity:node/21:en','rendered_item','satisfied',389),('entity:node/21:en','rendered_item','satisfied customers',388),('entity:node/21:en','rendered_item','satisfy',236),('entity:node/21:en','rendered_item','satisfy your',236),('entity:node/21:en','rendered_item','save',1038),('entity:node/21:en','rendered_item','save your',1037),('entity:node/21:en','rendered_item','score',780),('entity:node/21:en','rendered_item','score freelancers',261),('entity:node/21:en','rendered_item','score such',259),('entity:node/21:en','rendered_item','score you',260),('entity:node/21:en','rendered_item','script',870),('entity:node/21:en','rendered_item','script embedded',435),('entity:node/21:en','rendered_item','script programming',435),('entity:node/21:en','rendered_item','scripts',436),('entity:node/21:en','rendered_item','scripts and',436),('entity:node/21:en','rendered_item','search',1074),('entity:node/21:en','rendered_item','search engine',535),('entity:node/21:en','rendered_item','search terms',538),('entity:node/21:en','rendered_item','section',593),('entity:node/21:en','rendered_item','section 179883',223),('entity:node/21:en','rendered_item','section below',369),('entity:node/21:en','rendered_item','secure',751),('entity:node/21:en','rendered_item','secure socket',250),('entity:node/21:en','rendered_item','secure the',252),('entity:node/21:en','rendered_item','secure thus',248),('entity:node/21:en','rendered_item','security',2554),('entity:node/21:en','rendered_item','security add',249),('entity:node/21:en','rendered_item','security and',425),('entity:node/21:en','rendered_item','security any',247),('entity:node/21:en','rendered_item','security guaranteed',253),('entity:node/21:en','rendered_item','security law',310),('entity:node/21:en','rendered_item','security needs',337),('entity:node/21:en','rendered_item','security policies',227),('entity:node/21:en','rendered_item','security take',253),('entity:node/21:en','rendered_item','security technology',251),('entity:node/21:en','rendered_item','see',596),('entity:node/21:en','rendered_item','see our',263),('entity:node/21:en','rendered_item','see your',333),('entity:node/21:en','rendered_item','selection',291),('entity:node/21:en','rendered_item','selection prize',291),('entity:node/21:en','rendered_item','selfregulatory',560),('entity:node/21:en','rendered_item','selfregulatory program',559),('entity:node/21:en','rendered_item','sell',302),('entity:node/21:en','rendered_item','sell transfer',301),('entity:node/21:en','rendered_item','send',277),('entity:node/21:en','rendered_item','send you',277),('entity:node/21:en','rendered_item','sensitive',251),('entity:node/21:en','rendered_item','sensitive information',251),('entity:node/21:en','rendered_item','sent',659),('entity:node/21:en','rendered_item','sent properly',217),('entity:node/21:en','rendered_item','sent were',441),('entity:node/21:en','rendered_item','serve',1587),('entity:node/21:en','rendered_item','serve our',287),('entity:node/21:en','rendered_item','serve relevant',454),('entity:node/21:en','rendered_item','serve you',844),('entity:node/21:en','rendered_item','servers',798),('entity:node/21:en','rendered_item','servers and',290),('entity:node/21:en','rendered_item','servers identify',507),('entity:node/21:en','rendered_item','service',37701),('entity:node/21:en','rendered_item','service addition',1071),('entity:node/21:en','rendered_item','service all',1000),('entity:node/21:en','rendered_item','service along',397),('entity:node/21:en','rendered_item','service also',1000),('entity:node/21:en','rendered_item','service analyzing',338),('entity:node/21:en','rendered_item','service and',4812),('entity:node/21:en','rendered_item','service announcements',277),('entity:node/21:en','rendered_item','service areas',533),('entity:node/21:en','rendered_item','service bear',255),('entity:node/21:en','rendered_item','service better',469),('entity:node/21:en','rendered_item','service combine',575),('entity:node/21:en','rendered_item','service complete',378),('entity:node/21:en','rendered_item','service contains',229),('entity:node/21:en','rendered_item','service count',443),('entity:node/21:en','rendered_item','service device',510),('entity:node/21:en','rendered_item','service divihn',504),('entity:node/21:en','rendered_item','service effective',455),('entity:node/21:en','rendered_item','service even',257),('entity:node/21:en','rendered_item','service feedback',383),('entity:node/21:en','rendered_item','service for',277),('entity:node/21:en','rendered_item','service general',752),('entity:node/21:en','rendered_item','service generally',1000),('entity:node/21:en','rendered_item','service including',668),('entity:node/21:en','rendered_item','service may',3064),('entity:node/21:en','rendered_item','service monitor',443),('entity:node/21:en','rendered_item','service once',267),('entity:node/21:en','rendered_item','service other',285),('entity:node/21:en','rendered_item','service our',321),('entity:node/21:en','rendered_item','service please',384),('entity:node/21:en','rendered_item','service process',381),('entity:node/21:en','rendered_item','service provide',701),('entity:node/21:en','rendered_item','service provider',240),('entity:node/21:en','rendered_item','service providers',5287),('entity:node/21:en','rendered_item','service security',253),('entity:node/21:en','rendered_item','service serve',287),('entity:node/21:en','rendered_item','service such',432),('entity:node/21:en','rendered_item','service that',530),('entity:node/21:en','rendered_item','service the',1291),('entity:node/21:en','rendered_item','service this',546),('entity:node/21:en','rendered_item','service used',318),('entity:node/21:en','rendered_item','service using',549),('entity:node/21:en','rendered_item','service very',383),('entity:node/21:en','rendered_item','service web',460),('entity:node/21:en','rendered_item','service well',1286),('entity:node/21:en','rendered_item','service will',1162),('entity:node/21:en','rendered_item','service you',2247),('entity:node/21:en','rendered_item','servicerelated',321),('entity:node/21:en','rendered_item','servicerelated services',320),('entity:node/21:en','rendered_item','services',11748),('entity:node/21:en','rendered_item','services addressing',337),('entity:node/21:en','rendered_item','services agreements',1000),('entity:node/21:en','rendered_item','services database',320),('entity:node/21:en','rendered_item','services divihn',412),('entity:node/21:en','rendered_item','services for',1404),('entity:node/21:en','rendered_item','services have',260),('entity:node/21:en','rendered_item','services improve',562),('entity:node/21:en','rendered_item','services may',975),('entity:node/21:en','rendered_item','services obtained',886),('entity:node/21:en','rendered_item','services offer',525),('entity:node/21:en','rendered_item','services our',423),('entity:node/21:en','rendered_item','services prior',216),('entity:node/21:en','rendered_item','services referenced',1000),('entity:node/21:en','rendered_item','services some',283),('entity:node/21:en','rendered_item','services such',271),('entity:node/21:en','rendered_item','services that',1000),('entity:node/21:en','rendered_item','services they',571),('entity:node/21:en','rendered_item','services use',566),('entity:node/21:en','rendered_item','services without',320),('entity:node/21:en','rendered_item','services you',417),('entity:node/21:en','rendered_item','session',943),('entity:node/21:en','rendered_item','session cookies',473),('entity:node/21:en','rendered_item','session for',470),('entity:node/21:en','rendered_item','sessions',557),('entity:node/21:en','rendered_item','sessions and',556),('entity:node/21:en','rendered_item','set',873),('entity:node/21:en','rendered_item','set and',286),('entity:node/21:en','rendered_item','set forth',586),('entity:node/21:en','rendered_item','setting',420),('entity:node/21:en','rendered_item','setting may',419),('entity:node/21:en','rendered_item','settings',1031),('entity:node/21:en','rendered_item','settings and',266),('entity:node/21:en','rendered_item','settings menu',273),('entity:node/21:en','rendered_item','settings user',266),('entity:node/21:en','rendered_item','settings your',226),('entity:node/21:en','rendered_item','several',448),('entity:node/21:en','rendered_item','several purposes',447),('entity:node/21:en','rendered_item','share',4613),('entity:node/21:en','rendered_item','share aggregated',323),('entity:node/21:en','rendered_item','share certain',285),('entity:node/21:en','rendered_item','share information',1255),('entity:node/21:en','rendered_item','share non',325),('entity:node/21:en','rendered_item','share some',301),('entity:node/21:en','rendered_item','share the',321),('entity:node/21:en','rendered_item','share with',395),('entity:node/21:en','rendered_item','share your',1406),('entity:node/21:en','rendered_item','shared',1319),('entity:node/21:en','rendered_item','shared any',221),('entity:node/21:en','rendered_item','shared when',528),('entity:node/21:en','rendered_item','shared with',253),('entity:node/21:en','rendered_item','shared your',316),('entity:node/21:en','rendered_item','sharing',1308),('entity:node/21:en','rendered_item','sharing and',327),('entity:node/21:en','rendered_item','sharing information',219),('entity:node/21:en','rendered_item','sharing may',321),('entity:node/21:en','rendered_item','sharing personal',220),('entity:node/21:en','rendered_item','sharing your',220),('entity:node/21:en','rendered_item','shield',4071),('entity:node/21:en','rendered_item','shield and',478),('entity:node/21:en','rendered_item','shield both',239),('entity:node/21:en','rendered_item','shield certification',241),('entity:node/21:en','rendered_item','shield described',509),('entity:node/21:en','rendered_item','shield dispute',232),('entity:node/21:en','rendered_item','shield divihn',470),('entity:node/21:en','rendered_item','shield frameworks',241),('entity:node/21:en','rendered_item','shield independent',235),('entity:node/21:en','rendered_item','shield notice',243),('entity:node/21:en','rendered_item','shield our',241),('entity:node/21:en','rendered_item','shield panel',229),('entity:node/21:en','rendered_item','shield principles',232),('entity:node/21:en','rendered_item','shield program',240),('entity:node/21:en','rendered_item','shield with',241),('entity:node/21:en','rendered_item','short',1000),('entity:node/21:en','rendered_item','short summaries',1000),('entity:node/21:en','rendered_item','should',237),('entity:node/21:en','rendered_item','should contact',237),('entity:node/21:en','rendered_item','show',286),('entity:node/21:en','rendered_item','show you',285),('entity:node/21:en','rendered_item','sign',577),('entity:node/21:en','rendered_item','sign with',576),('entity:node/21:en','rendered_item','signal',828),('entity:node/21:en','rendered_item','signal from',411),('entity:node/21:en','rendered_item','signal websites',417),('entity:node/21:en','rendered_item','signals',841),('entity:node/21:en','rendered_item','signals divihn',421),('entity:node/21:en','rendered_item','signals please',420),('entity:node/21:en','rendered_item','similar',2925),('entity:node/21:en','rendered_item','similar device',477),('entity:node/21:en','rendered_item','similar information',426),('entity:node/21:en','rendered_item','similar interaction',224),('entity:node/21:en','rendered_item','similar interactive',313),('entity:node/21:en','rendered_item','similar laws',245),('entity:node/21:en','rendered_item','similar technologies',949),('entity:node/21:en','rendered_item','similar third',290),('entity:node/21:en','rendered_item','similarly',274),('entity:node/21:en','rendered_item','similarly registered',274),('entity:node/21:en','rendered_item','simple',989),('entity:node/21:en','rendered_item','simple and',985),('entity:node/21:en','rendered_item','site',5990),('entity:node/21:en','rendered_item','site and',1338),('entity:node/21:en','rendered_item','site contact',393),('entity:node/21:en','rendered_item','site encrypted',252),('entity:node/21:en','rendered_item','site functionality',522),('entity:node/21:en','rendered_item','site functions',562),('entity:node/21:en','rendered_item','site the',1000),('entity:node/21:en','rendered_item','site these',289),('entity:node/21:en','rendered_item','site through',1000),('entity:node/21:en','rendered_item','site will',227),('entity:node/21:en','rendered_item','site you',405),('entity:node/21:en','rendered_item','sites',516),('entity:node/21:en','rendered_item','sites our',229),('entity:node/21:en','rendered_item','sites within',287),('entity:node/21:en','rendered_item','small',939),('entity:node/21:en','rendered_item','small data',486),('entity:node/21:en','rendered_item','small graphics',452),('entity:node/21:en','rendered_item','sns',314),('entity:node/21:en','rendered_item','sns similar',313),('entity:node/21:en','rendered_item','socket',250),('entity:node/21:en','rendered_item','socket layer',250),('entity:node/21:en','rendered_item','software',894),('entity:node/21:en','rendered_item','software technology',893),('entity:node/21:en','rendered_item','sole',611),('entity:node/21:en','rendered_item','sole discretion',610),('entity:node/21:en','rendered_item','solicit',227),('entity:node/21:en','rendered_item','solicit personal',227),('entity:node/21:en','rendered_item','some',3321),('entity:node/21:en','rendered_item','some all',301),('entity:node/21:en','rendered_item','some cases',678),('entity:node/21:en','rendered_item','some information',271),('entity:node/21:en','rendered_item','some mobile',506),('entity:node/21:en','rendered_item','some the',993),('entity:node/21:en','rendered_item','some these',568),('entity:node/21:en','rendered_item','sometimes',314),('entity:node/21:en','rendered_item','sometimes through',314),('entity:node/21:en','rendered_item','soon',236),('entity:node/21:en','rendered_item','soon possible',236),('entity:node/21:en','rendered_item','specific',1135),('entity:node/21:en','rendered_item','specific individual',836),('entity:node/21:en','rendered_item','specific requirements',295),('entity:node/21:en','rendered_item','sponsor',294),('entity:node/21:en','rendered_item','sponsor the',294),('entity:node/21:en','rendered_item','ssl',250),('entity:node/21:en','rendered_item','ssl also',250),('entity:node/21:en','rendered_item','standard',487),('entity:node/21:en','rendered_item','standard contractual',487),('entity:node/21:en','rendered_item','state',218),('entity:node/21:en','rendered_item','state and',217),('entity:node/21:en','rendered_item','stated',220),('entity:node/21:en','rendered_item','stated above',220),('entity:node/21:en','rendered_item','statement',978),('entity:node/21:en','rendered_item','statement general',757),('entity:node/21:en','rendered_item','statement your',219),('entity:node/21:en','rendered_item','statements',1227),('entity:node/21:en','rendered_item','statements the',227),('entity:node/21:en','rendered_item','statements work',1000),('entity:node/21:en','rendered_item','states',1716),('entity:node/21:en','rendered_item','states and',982),('entity:node/21:en','rendered_item','states federal',243),('entity:node/21:en','rendered_item','states for',246),('entity:node/21:en','rendered_item','states will',245),('entity:node/21:en','rendered_item','statistics',361),('entity:node/21:en','rendered_item','statistics reports',361),('entity:node/21:en','rendered_item','statutory',608),('entity:node/21:en','rendered_item','statutory obligation',606),('entity:node/21:en','rendered_item','steps',852),('entity:node/21:en','rendered_item','steps help',253),('entity:node/21:en','rendered_item','steps protect',253),('entity:node/21:en','rendered_item','steps user',346),('entity:node/21:en','rendered_item','still',819),('entity:node/21:en','rendered_item','still not',230),('entity:node/21:en','rendered_item','still treat',587),('entity:node/21:en','rendered_item','stop',935),('entity:node/21:en','rendered_item','stop activity',659),('entity:node/21:en','rendered_item','stop any',275),('entity:node/21:en','rendered_item','storage',249),('entity:node/21:en','rendered_item','storage 100',248),('entity:node/21:en','rendered_item','store',492),('entity:node/21:en','rendered_item','store elsewhere',246),('entity:node/21:en','rendered_item','store your',246),('entity:node/21:en','rendered_item','stores',252),('entity:node/21:en','rendered_item','stores about',252),('entity:node/21:en','rendered_item','street',218),('entity:node/21:en','rendered_item','street address',218),('entity:node/21:en','rendered_item','strict',250),('entity:node/21:en','rendered_item','strict transport',249),('entity:node/21:en','rendered_item','strive',248),('entity:node/21:en','rendered_item','strive protect',248),('entity:node/21:en','rendered_item','strongly',259),('entity:node/21:en','rendered_item','strongly encourage',259),('entity:node/21:en','rendered_item','subject',778),('entity:node/21:en','rendered_item','subject field',219),('entity:node/21:en','rendered_item','subject the',558),('entity:node/21:en','rendered_item','submit',669),('entity:node/21:en','rendered_item','submit post',399),('entity:node/21:en','rendered_item','submit such',269),('entity:node/21:en','rendered_item','submitted',484),('entity:node/21:en','rendered_item','submitted the',216),('entity:node/21:en','rendered_item','submitted will',268),('entity:node/21:en','rendered_item','subpoenas',305),('entity:node/21:en','rendered_item','subpoenas the',305),('entity:node/21:en','rendered_item','subsidiaries',303),('entity:node/21:en','rendered_item','subsidiaries affiliates',302),('entity:node/21:en','rendered_item','success',781),('entity:node/21:en','rendered_item','success score',780),('entity:node/21:en','rendered_item','such',10001),('entity:node/21:en','rendered_item','such assessing',259),('entity:node/21:en','rendered_item','such communications',371),('entity:node/21:en','rendered_item','such complete',782),('entity:node/21:en','rendered_item','such copy',769),('entity:node/21:en','rendered_item','such features',400),('entity:node/21:en','rendered_item','such information',1847),('entity:node/21:en','rendered_item','such promotion',292),('entity:node/21:en','rendered_item','such save',477),('entity:node/21:en','rendered_item','such sharing',321),('entity:node/21:en','rendered_item','such tags',426),('entity:node/21:en','rendered_item','such tax',251),('entity:node/21:en','rendered_item','such the',774),('entity:node/21:en','rendered_item','such winner',290),('entity:node/21:en','rendered_item','such you',579),('entity:node/21:en','rendered_item','such your',1465),('entity:node/21:en','rendered_item','such zip',696),('entity:node/21:en','rendered_item','summaries',2000),('entity:node/21:en','rendered_item','summaries help',1000),('entity:node/21:en','rendered_item','summaries this',1000),('entity:node/21:en','rendered_item','supervisory',487),('entity:node/21:en','rendered_item','supervisory authority',486),('entity:node/21:en','rendered_item','supplement',584),('entity:node/21:en','rendered_item','supplement the',583),('entity:node/21:en','rendered_item','sweepstakes',923),('entity:node/21:en','rendered_item','sweepstakes and',326),('entity:node/21:en','rendered_item','sweepstakes contests',596),('entity:node/21:en','rendered_item','swissus',474),('entity:node/21:en','rendered_item','swissus privacy',474),('entity:node/21:en','rendered_item','system',809),('entity:node/21:en','rendered_item','system you',808),('entity:node/21:en','rendered_item','table',957),('entity:node/21:en','rendered_item','table contents',953),('entity:node/21:en','rendered_item','tablet',513),('entity:node/21:en','rendered_item','tablet etc',511),('entity:node/21:en','rendered_item','tags',882),('entity:node/21:en','rendered_item','tags help',456),('entity:node/21:en','rendered_item','tags that',426),('entity:node/21:en','rendered_item','tailor',369),('entity:node/21:en','rendered_item','tailor content',369),('entity:node/21:en','rendered_item','take',1600),('entity:node/21:en','rendered_item','take number',253),('entity:node/21:en','rendered_item','take precedence',1000),('entity:node/21:en','rendered_item','take steps',347),('entity:node/21:en','rendered_item','taken',904),('entity:node/21:en','rendered_item','taken alone',616),('entity:node/21:en','rendered_item','taken when',287),('entity:node/21:en','rendered_item','takes',253),('entity:node/21:en','rendered_item','takes commercially',253),('entity:node/21:en','rendered_item','targeted',843),('entity:node/21:en','rendered_item','targeted advertisements',285),('entity:node/21:en','rendered_item','targeted advertising',558),('entity:node/21:en','rendered_item','tasks',318),('entity:node/21:en','rendered_item','tasks our',317),('entity:node/21:en','rendered_item','tax',1903),('entity:node/21:en','rendered_item','tax filings',779),('entity:node/21:en','rendered_item','tax forms',870),('entity:node/21:en','rendered_item','tax identification',251),('entity:node/21:en','rendered_item','taxpayeridentification',792),('entity:node/21:en','rendered_item','taxpayeridentification number',790),('entity:node/21:en','rendered_item','technical',568),('entity:node/21:en','rendered_item','technical information',566),('entity:node/21:en','rendered_item','technologies',2517),('entity:node/21:en','rendered_item','technologies analyze',1067),('entity:node/21:en','rendered_item','technologies may',448),('entity:node/21:en','rendered_item','technologies serve',289),('entity:node/21:en','rendered_item','technologies such',426),('entity:node/21:en','rendered_item','technologies your',286),('entity:node/21:en','rendered_item','technology',2175),('entity:node/21:en','rendered_item','technology help',289),('entity:node/21:en','rendered_item','technology known',893),('entity:node/21:en','rendered_item','technology ssl',250),('entity:node/21:en','rendered_item','technology tls',251),('entity:node/21:en','rendered_item','technology used',491),('entity:node/21:en','rendered_item','techsupport',2181),('entity:node/21:en','rendered_item','techsupport divihncom',2179),('entity:node/21:en','rendered_item','temporarily',432),('entity:node/21:en','rendered_item','temporarily downloaded',431),('entity:node/21:en','rendered_item','terms',1773),('entity:node/21:en','rendered_item','terms service',854),('entity:node/21:en','rendered_item','terms use',381),('entity:node/21:en','rendered_item','terms you',536),('entity:node/21:en','rendered_item','territories',245),('entity:node/21:en','rendered_item','territories the',245),('entity:node/21:en','rendered_item','testimonial',772),('entity:node/21:en','rendered_item','testimonial along',386),('entity:node/21:en','rendered_item','testimonial you',386),('entity:node/21:en','rendered_item','testimonials',778),('entity:node/21:en','rendered_item','testimonials display',389),('entity:node/21:en','rendered_item','testimonials satisfied',389),('entity:node/21:en','rendered_item','text',551),('entity:node/21:en','rendered_item','text message',275),('entity:node/21:en','rendered_item','text messages',276),('entity:node/21:en','rendered_item','than',2174),('entity:node/21:en','rendered_item','than 18',727),('entity:node/21:en','rendered_item','than age',1444),('entity:node/21:en','rendered_item','that',27110),('entity:node/21:en','rendered_item','that any',384),('entity:node/21:en','rendered_item','that anything',397),('entity:node/21:en','rendered_item','that are',1558),('entity:node/21:en','rendered_item','that automatically',510),('entity:node/21:en','rendered_item','that certain',1398),('entity:node/21:en','rendered_item','that child',729),('entity:node/21:en','rendered_item','that choice',440),('entity:node/21:en','rendered_item','that collect',426),('entity:node/21:en','rendered_item','that combine',1000),('entity:node/21:en','rendered_item','that combined',587),('entity:node/21:en','rendered_item','that commercial',1000),('entity:node/21:en','rendered_item','that company',221),('entity:node/21:en','rendered_item','that delete',333),('entity:node/21:en','rendered_item','that designed',434),('entity:node/21:en','rendered_item','that divihn',947),('entity:node/21:en','rendered_item','that enables',628),('entity:node/21:en','rendered_item','that furthers',343),('entity:node/21:en','rendered_item','that govern',296),('entity:node/21:en','rendered_item','that has',254),('entity:node/21:en','rendered_item','that have',328),('entity:node/21:en','rendered_item','that identified',220),('entity:node/21:en','rendered_item','that identifies',842),('entity:node/21:en','rendered_item','that information',1787),('entity:node/21:en','rendered_item','that its',242),('entity:node/21:en','rendered_item','that led',534),('entity:node/21:en','rendered_item','that link',228),('entity:node/21:en','rendered_item','that may',2344),('entity:node/21:en','rendered_item','that method',249),('entity:node/21:en','rendered_item','that neither',254),('entity:node/21:en','rendered_item','that our',260),('entity:node/21:en','rendered_item','that post',1000),('entity:node/21:en','rendered_item','that promotion',296),('entity:node/21:en','rendered_item','that provides',220),('entity:node/21:en','rendered_item','that referred',539),('entity:node/21:en','rendered_item','that remain',478),('entity:node/21:en','rendered_item','that reserve',278),('entity:node/21:en','rendered_item','that share',629),('entity:node/21:en','rendered_item','that there',216),('entity:node/21:en','rendered_item','that third',1401),('entity:node/21:en','rendered_item','that time',316),('entity:node/21:en','rendered_item','that transfer',485),('entity:node/21:en','rendered_item','that were',442),('entity:node/21:en','rendered_item','that you',1216),('entity:node/21:en','rendered_item','that your',420),('entity:node/21:en','rendered_item','the',93859),('entity:node/21:en','rendered_item','the accuracy',269),('entity:node/21:en','rendered_item','the actions',288),('entity:node/21:en','rendered_item','the administration',292),('entity:node/21:en','rendered_item','the affected',340),('entity:node/21:en','rendered_item','the agent',239),('entity:node/21:en','rendered_item','the applicable',272),('entity:node/21:en','rendered_item','the browser',545),('entity:node/21:en','rendered_item','the change',216),('entity:node/21:en','rendered_item','the choices',1000),('entity:node/21:en','rendered_item','the close',266),('entity:node/21:en','rendered_item','the code',1080),('entity:node/21:en','rendered_item','the collection',1000),('entity:node/21:en','rendered_item','the combined',1181),('entity:node/21:en','rendered_item','the concepts',993),('entity:node/21:en','rendered_item','the consequences',596),('entity:node/21:en','rendered_item','the contact',1557),('entity:node/21:en','rendered_item','the content',405),('entity:node/21:en','rendered_item','the corporation',366),('entity:node/21:en','rendered_item','the country',245),('entity:node/21:en','rendered_item','the course',854),('entity:node/21:en','rendered_item','the customer',221),('entity:node/21:en','rendered_item','the daa',279),('entity:node/21:en','rendered_item','the damage',238),('entity:node/21:en','rendered_item','the data',329),('entity:node/21:en','rendered_item','the designated',218),('entity:node/21:en','rendered_item','the device',1012),('entity:node/21:en','rendered_item','the digital',282),('entity:node/21:en','rendered_item','the disclosure',304),('entity:node/21:en','rendered_item','the divihn',1623),('entity:node/21:en','rendered_item','the duediligence',300),('entity:node/21:en','rendered_item','the eea',489),('entity:node/21:en','rendered_item','the effectiveness',286),('entity:node/21:en','rendered_item','the end',471),('entity:node/21:en','rendered_item','the entire',969),('entity:node/21:en','rendered_item','the european',793),('entity:node/21:en','rendered_item','the euus',474),('entity:node/21:en','rendered_item','the event',1753),('entity:node/21:en','rendered_item','the extent',527),('entity:node/21:en','rendered_item','the fact',228),('entity:node/21:en','rendered_item','the federal',224),('entity:node/21:en','rendered_item','the following',1154),('entity:node/21:en','rendered_item','the future',288),('entity:node/21:en','rendered_item','the grounds',343),('entity:node/21:en','rendered_item','the individual',463),('entity:node/21:en','rendered_item','the information',5190),('entity:node/21:en','rendered_item','the instructions',370),('entity:node/21:en','rendered_item','the interests',341),('entity:node/21:en','rendered_item','the internet',769),('entity:node/21:en','rendered_item','the investigatory',243),('entity:node/21:en','rendered_item','the job',261),('entity:node/21:en','rendered_item','the law',1266),('entity:node/21:en','rendered_item','the links',432),('entity:node/21:en','rendered_item','the matter',235),('entity:node/21:en','rendered_item','the mobile',272),('entity:node/21:en','rendered_item','the most',1000),('entity:node/21:en','rendered_item','the network',282),('entity:node/21:en','rendered_item','the new',216),('entity:node/21:en','rendered_item','the official',297),('entity:node/21:en','rendered_item','the online',451),('entity:node/21:en','rendered_item','the opportunity',1132),('entity:node/21:en','rendered_item','the opt',278),('entity:node/21:en','rendered_item','the optout',279),('entity:node/21:en','rendered_item','the other',227),('entity:node/21:en','rendered_item','the parent',714),('entity:node/21:en','rendered_item','the personal',241),('entity:node/21:en','rendered_item','the physical',506),('entity:node/21:en','rendered_item','the practice',225),('entity:node/21:en','rendered_item','the privacy',3710),('entity:node/21:en','rendered_item','the processing',528),('entity:node/21:en','rendered_item','the profile',227),('entity:node/21:en','rendered_item','the promotion',877),('entity:node/21:en','rendered_item','the property',662),('entity:node/21:en','rendered_item','the protection',394),('entity:node/21:en','rendered_item','the public',952),('entity:node/21:en','rendered_item','the purposes',702),('entity:node/21:en','rendered_item','the relevant',867),('entity:node/21:en','rendered_item','the request',305),('entity:node/21:en','rendered_item','the right',278),('entity:node/21:en','rendered_item','the rights',265),('entity:node/21:en','rendered_item','the safety',661),('entity:node/21:en','rendered_item','the same',867),('entity:node/21:en','rendered_item','the search',539),('entity:node/21:en','rendered_item','the security',247),('entity:node/21:en','rendered_item','the service',25973),('entity:node/21:en','rendered_item','the services',1623),('entity:node/21:en','rendered_item','the settings',273),('entity:node/21:en','rendered_item','the site',3657),('entity:node/21:en','rendered_item','the sponsor',294),('entity:node/21:en','rendered_item','the standard',243),('entity:node/21:en','rendered_item','the statement',219),('entity:node/21:en','rendered_item','the subject',219),('entity:node/21:en','rendered_item','the technology',492),('entity:node/21:en','rendered_item','the terms',381),('entity:node/21:en','rendered_item','the time',1107),('entity:node/21:en','rendered_item','the transmission',250),('entity:node/21:en','rendered_item','the types',279),('entity:node/21:en','rendered_item','the united',1716),('entity:node/21:en','rendered_item','the url',541),('entity:node/21:en','rendered_item','the use',1749),('entity:node/21:en','rendered_item','the way',216),('entity:node/21:en','rendered_item','the web',450),('entity:node/21:en','rendered_item','the website',1220),('entity:node/21:en','rendered_item','the your',370),('entity:node/21:en','rendered_item','theft',225),('entity:node/21:en','rendered_item','theft and',225),('entity:node/21:en','rendered_item','their',3154),('entity:node/21:en','rendered_item','their account',272),('entity:node/21:en','rendered_item','their choices',279),('entity:node/21:en','rendered_item','their direct',439),('entity:node/21:en','rendered_item','their experience',384),('entity:node/21:en','rendered_item','their own',1281),('entity:node/21:en','rendered_item','their personal',271),('entity:node/21:en','rendered_item','their privacy',227),('entity:node/21:en','rendered_item','them',888),('entity:node/21:en','rendered_item','them certain',272),('entity:node/21:en','rendered_item','them delete',272),('entity:node/21:en','rendered_item','them for',344),('entity:node/21:en','rendered_item','then',1376),('entity:node/21:en','rendered_item','then click',266),('entity:node/21:en','rendered_item','then transfers',240),('entity:node/21:en','rendered_item','then will',602),('entity:node/21:en','rendered_item','then your',267),('entity:node/21:en','rendered_item','there',633),('entity:node/21:en','rendered_item','there are',216),('entity:node/21:en','rendered_item','there consensus',416),('entity:node/21:en','rendered_item','these',4747),('entity:node/21:en','rendered_item','these channels',230),('entity:node/21:en','rendered_item','these companies',283),('entity:node/21:en','rendered_item','these countries',246),('entity:node/21:en','rendered_item','these other',227),('entity:node/21:en','rendered_item','these parties',570),('entity:node/21:en','rendered_item','these services',423),('entity:node/21:en','rendered_item','these summaries',1000),('entity:node/21:en','rendered_item','these tasks',318),('entity:node/21:en','rendered_item','these technologies',566),('entity:node/21:en','rendered_item','these third',318),('entity:node/21:en','rendered_item','these transactional',277),('entity:node/21:en','rendered_item','these vendors',289),('entity:node/21:en','rendered_item','they',1189),('entity:node/21:en','rendered_item','they are',617),('entity:node/21:en','rendered_item','they may',286),('entity:node/21:en','rendered_item','they provide',285),('entity:node/21:en','rendered_item','third',13619),('entity:node/21:en','rendered_item','third parties',9645),('entity:node/21:en','rendered_item','third party',3970),('entity:node/21:en','rendered_item','thirdparty',2965),('entity:node/21:en','rendered_item','thirdparty application',313),('entity:node/21:en','rendered_item','thirdparty content',550),('entity:node/21:en','rendered_item','thirdparty link',229),('entity:node/21:en','rendered_item','thirdparty service',1873),('entity:node/21:en','rendered_item','this',16299),('entity:node/21:en','rendered_item','this automatically',526),('entity:node/21:en','rendered_item','this context',413),('entity:node/21:en','rendered_item','this helps',861),('entity:node/21:en','rendered_item','this improve',525),('entity:node/21:en','rendered_item','this information',1315),('entity:node/21:en','rendered_item','this may',913),('entity:node/21:en','rendered_item','this policy',1217),('entity:node/21:en','rendered_item','this privacy',9003),('entity:node/21:en','rendered_item','this typically',667),('entity:node/21:en','rendered_item','this with',861),('entity:node/21:en','rendered_item','those',1133),('entity:node/21:en','rendered_item','those circumstances',312),('entity:node/21:en','rendered_item','those emails',278),('entity:node/21:en','rendered_item','those third',543),('entity:node/21:en','rendered_item','through',8363),('entity:node/21:en','rendered_item','through interactive',402),('entity:node/21:en','rendered_item','through other',401),('entity:node/21:en','rendered_item','through such',400),('entity:node/21:en','rendered_item','through the',4843),('entity:node/21:en','rendered_item','through these',230),('entity:node/21:en','rendered_item','through wwwdivihncom',1000),('entity:node/21:en','rendered_item','through your',1087),('entity:node/21:en','rendered_item','thus',248),('entity:node/21:en','rendered_item','thus while',248),('entity:node/21:en','rendered_item','time',2563),('entity:node/21:en','rendered_item','time and',216),('entity:node/21:en','rendered_item','time divihn',220),('entity:node/21:en','rendered_item','time have',316),('entity:node/21:en','rendered_item','time per',222),('entity:node/21:en','rendered_item','time that',372),('entity:node/21:en','rendered_item','time you',1217),('entity:node/21:en','rendered_item','timely',468),('entity:node/21:en','rendered_item','timely acknowledgment',232),('entity:node/21:en','rendered_item','timely and',236),('entity:node/21:en','rendered_item','times',1000),('entity:node/21:en','rendered_item','times please',1000),('entity:node/21:en','rendered_item','tls',251),('entity:node/21:en','rendered_item','tls when',251),('entity:node/21:en','rendered_item','together',1000),('entity:node/21:en','rendered_item','together with',1000),('entity:node/21:en','rendered_item','track',3951),('entity:node/21:en','rendered_item','track means',413),('entity:node/21:en','rendered_item','track please',409),('entity:node/21:en','rendered_item','track signal',828),('entity:node/21:en','rendered_item','track signals',421),('entity:node/21:en','rendered_item','track the',451),('entity:node/21:en','rendered_item','track users',498),('entity:node/21:en','rendered_item','track what',455),('entity:node/21:en','rendered_item','track your',474),('entity:node/21:en','rendered_item','tracking',743),('entity:node/21:en','rendered_item','tracking tags',457),('entity:node/21:en','rendered_item','tracking technologies',286),('entity:node/21:en','rendered_item','trade',467),('entity:node/21:en','rendered_item','trade commission',467),('entity:node/21:en','rendered_item','traffic',753),('entity:node/21:en','rendered_item','traffic routing',465),('entity:node/21:en','rendered_item','traffic the',288),('entity:node/21:en','rendered_item','transactional',277),('entity:node/21:en','rendered_item','transactional account',276),('entity:node/21:en','rendered_item','transactions',378),('entity:node/21:en','rendered_item','transactions and',378),('entity:node/21:en','rendered_item','transfer',1767),('entity:node/21:en','rendered_item','transfer mechanisms',244),('entity:node/21:en','rendered_item','transfer otherwise',301),('entity:node/21:en','rendered_item','transfer personal',492),('entity:node/21:en','rendered_item','transfer your',729),('entity:node/21:en','rendered_item','transfers',789),('entity:node/21:en','rendered_item','transfers divihn',303),('entity:node/21:en','rendered_item','transfers personal',246),('entity:node/21:en','rendered_item','transfers thirdparty',240),('entity:node/21:en','rendered_item','transmission',499),('entity:node/21:en','rendered_item','transmission over',249),('entity:node/21:en','rendered_item','transmission that',250),('entity:node/21:en','rendered_item','transmit',665),('entity:node/21:en','rendered_item','transmit international',247),('entity:node/21:en','rendered_item','transmit not',418),('entity:node/21:en','rendered_item','transport',501),('entity:node/21:en','rendered_item','transport layer',251),('entity:node/21:en','rendered_item','transport security',249),('entity:node/21:en','rendered_item','treat',1986),('entity:node/21:en','rendered_item','treat that',587),('entity:node/21:en','rendered_item','treat the',1181),('entity:node/21:en','rendered_item','treat your',216),('entity:node/21:en','rendered_item','trends',502),('entity:node/21:en','rendered_item','trends administer',501),('entity:node/21:en','rendered_item','types',279),('entity:node/21:en','rendered_item','types communications',278),('entity:node/21:en','rendered_item','typically',1234),('entity:node/21:en','rendered_item','typically accomplished',665),('entity:node/21:en','rendered_item','typically under',313),('entity:node/21:en','rendered_item','typically will',255),('entity:node/21:en','rendered_item','unable',391),('entity:node/21:en','rendered_item','unable and',390),('entity:node/21:en','rendered_item','unaffected',276),('entity:node/21:en','rendered_item','unaffected you',276),('entity:node/21:en','rendered_item','under',1753),('entity:node/21:en','rendered_item','under limited',230),('entity:node/21:en','rendered_item','under the',1210),('entity:node/21:en','rendered_item','under those',312),('entity:node/21:en','rendered_item','understand',2722),('entity:node/21:en','rendered_item','understand how',757),('entity:node/21:en','rendered_item','understand our',965),('entity:node/21:en','rendered_item','understand what',1000),('entity:node/21:en','rendered_item','unethical',657),('entity:node/21:en','rendered_item','unethical legally',656),('entity:node/21:en','rendered_item','union',284),('entity:node/21:en','rendered_item','union click',284),('entity:node/21:en','rendered_item','unique',970),('entity:node/21:en','rendered_item','unique device',517),('entity:node/21:en','rendered_item','unique identifier',452),('entity:node/21:en','rendered_item','united',1716),('entity:node/21:en','rendered_item','united states',1716),('entity:node/21:en','rendered_item','unless',1099),('entity:node/21:en','rendered_item','unless first',323),('entity:node/21:en','rendered_item','unless otherwise',227),('entity:node/21:en','rendered_item','unless you',549),('entity:node/21:en','rendered_item','unresolved',233),('entity:node/21:en','rendered_item','unresolved privacy',233),('entity:node/21:en','rendered_item','update',2465),('entity:node/21:en','rendered_item','update and',1000),('entity:node/21:en','rendered_item','update delete',642),('entity:node/21:en','rendered_item','update the',329),('entity:node/21:en','rendered_item','update their',279),('entity:node/21:en','rendered_item','update this',216),('entity:node/21:en','rendered_item','updates',269),('entity:node/21:en','rendered_item','updates that',269),('entity:node/21:en','rendered_item','upon',487),('entity:node/21:en','rendered_item','upon posting',216),('entity:node/21:en','rendered_item','upon request',270),('entity:node/21:en','rendered_item','uptodate',328),('entity:node/21:en','rendered_item','uptodate information',327),('entity:node/21:en','rendered_item','url',541),('entity:node/21:en','rendered_item','url advertisement',540),('entity:node/21:en','rendered_item','usage',467),('entity:node/21:en','rendered_item','usage divihn',466),('entity:node/21:en','rendered_item','use',19586),('entity:node/21:en','rendered_item','use access',508),('entity:node/21:en','rendered_item','use and',2334),('entity:node/21:en','rendered_item','use are',222),('entity:node/21:en','rendered_item','use both',480),('entity:node/21:en','rendered_item','use certain',460),('entity:node/21:en','rendered_item','use commercially',982),('entity:node/21:en','rendered_item','use cookies',1455),('entity:node/21:en','rendered_item','use device',655),('entity:node/21:en','rendered_item','use http',250),('entity:node/21:en','rendered_item','use information',1140),('entity:node/21:en','rendered_item','use our',1418),('entity:node/21:en','rendered_item','use share',396),('entity:node/21:en','rendered_item','use sns',314),('entity:node/21:en','rendered_item','use technologies',289),('entity:node/21:en','rendered_item','use technology',289),('entity:node/21:en','rendered_item','use that',286),('entity:node/21:en','rendered_item','use the',4167),('entity:node/21:en','rendered_item','use these',566),('entity:node/21:en','rendered_item','use third',423),('entity:node/21:en','rendered_item','use use',381),('entity:node/21:en','rendered_item','use variety',709),('entity:node/21:en','rendered_item','use your',1860),('entity:node/21:en','rendered_item','used',4197),('entity:node/21:en','rendered_item','used access',1014),('entity:node/21:en','rendered_item','used collect',491),('entity:node/21:en','rendered_item','used connect',645),('entity:node/21:en','rendered_item','used contact',828),('entity:node/21:en','rendered_item','used for',448),('entity:node/21:en','rendered_item','used these',318),('entity:node/21:en','rendered_item','used track',451),('entity:node/21:en','rendered_item','user',1777),('entity:node/21:en','rendered_item','user base',494),('entity:node/21:en','rendered_item','user forum',399),('entity:node/21:en','rendered_item','user request',346),('entity:node/21:en','rendered_item','user requests',271),('entity:node/21:en','rendered_item','user settings',266),('entity:node/21:en','rendered_item','usernames',2065),('entity:node/21:en','rendered_item','usernames also',696),('entity:node/21:en','rendered_item','usernames are',684),('entity:node/21:en','rendered_item','usernames nonidentifying',684),('entity:node/21:en','rendered_item','users',11059),('entity:node/21:en','rendered_item','users 18',750),('entity:node/21:en','rendered_item','users about',385),('entity:node/21:en','rendered_item','users all',252),('entity:node/21:en','rendered_item','users and',770),('entity:node/21:en','rendered_item','users but',249),('entity:node/21:en','rendered_item','users consider',686),('entity:node/21:en','rendered_item','users divihn',1021),('entity:node/21:en','rendered_item','users for',351),('entity:node/21:en','rendered_item','users interact',468),('entity:node/21:en','rendered_item','users may',1313),('entity:node/21:en','rendered_item','users movement',498),('entity:node/21:en','rendered_item','users navigate',443),('entity:node/21:en','rendered_item','users our',384),('entity:node/21:en','rendered_item','users some',678),('entity:node/21:en','rendered_item','users the',946),('entity:node/21:en','rendered_item','users this',861),('entity:node/21:en','rendered_item','users web',451),('entity:node/21:en','rendered_item','users who',549),('entity:node/21:en','rendered_item','uses',483),('entity:node/21:en','rendered_item','uses alternatively',221),('entity:node/21:en','rendered_item','uses automated',262),('entity:node/21:en','rendered_item','using',4162),('entity:node/21:en','rendered_item','using certain',274),('entity:node/21:en','rendered_item','using divihn',275),('entity:node/21:en','rendered_item','using industrystandard',252),('entity:node/21:en','rendered_item','using mathematical',663),('entity:node/21:en','rendered_item','using secure',250),('entity:node/21:en','rendered_item','using the',2445),('entity:node/21:en','rendered_item','valid',377),('entity:node/21:en','rendered_item','valid and',377),('entity:node/21:en','rendered_item','validate',790),('entity:node/21:en','rendered_item','validate your',787),('entity:node/21:en','rendered_item','variety',709),('entity:node/21:en','rendered_item','variety other',426),('entity:node/21:en','rendered_item','variety service',283),('entity:node/21:en','rendered_item','vendors',867),('entity:node/21:en','rendered_item','vendors may',289),('entity:node/21:en','rendered_item','vendors provide',288),('entity:node/21:en','rendered_item','vendors who',290),('entity:node/21:en','rendered_item','verification',803),('entity:node/21:en','rendered_item','verification may',800),('entity:node/21:en','rendered_item','verify',1149),('entity:node/21:en','rendered_item','verify the',377),('entity:node/21:en','rendered_item','verify this',769),('entity:node/21:en','rendered_item','very',383),('entity:node/21:en','rendered_item','very rare',383),('entity:node/21:en','rendered_item','via',1043),('entity:node/21:en','rendered_item','via email',277),('entity:node/21:en','rendered_item','via the',766),('entity:node/21:en','rendered_item','viewable',1063),('entity:node/21:en','rendered_item','viewable other',678),('entity:node/21:en','rendered_item','viewable via',383),('entity:node/21:en','rendered_item','viewed',725),('entity:node/21:en','rendered_item','viewed and',288),('entity:node/21:en','rendered_item','viewed embedded',436),('entity:node/21:en','rendered_item','viewing',612),('entity:node/21:en','rendered_item','viewing preferences',611),('entity:node/21:en','rendered_item','visit',2858),('entity:node/21:en','rendered_item','visit http',968),('entity:node/21:en','rendered_item','visit https',471),('entity:node/21:en','rendered_item','visit public',227),('entity:node/21:en','rendered_item','visit settings',266),('entity:node/21:en','rendered_item','visit the',509),('entity:node/21:en','rendered_item','visit there',416),('entity:node/21:en','rendered_item','visited',530),('entity:node/21:en','rendered_item','visited and',529),('entity:node/21:en','rendered_item','visiting',287),('entity:node/21:en','rendered_item','visiting the',287),('entity:node/21:en','rendered_item','visitor',818),('entity:node/21:en','rendered_item','visitor browser',410),('entity:node/21:en','rendered_item','visitor comments',407),('entity:node/21:en','rendered_item','visitors',851),('entity:node/21:en','rendered_item','visitors our',443),('entity:node/21:en','rendered_item','visitors the',407),('entity:node/21:en','rendered_item','visits',286),('entity:node/21:en','rendered_item','visits and',286),('entity:node/21:en','rendered_item','voice',294),('entity:node/21:en','rendered_item','voice likeness',294),('entity:node/21:en','rendered_item','voluntarily',395),('entity:node/21:en','rendered_item','voluntarily disclose',395),('entity:node/21:en','rendered_item','want',873),('entity:node/21:en','rendered_item','want receive',314),('entity:node/21:en','rendered_item','want visit',559),('entity:node/21:en','rendered_item','warrant',247),('entity:node/21:en','rendered_item','warrant the',247),('entity:node/21:en','rendered_item','way',1825),('entity:node/21:en','rendered_item','way encourage',977),('entity:node/21:en','rendered_item','way that',628),('entity:node/21:en','rendered_item','way treat',216),('entity:node/21:en','rendered_item','ways',676),('entity:node/21:en','rendered_item','ways comply',334),('entity:node/21:en','rendered_item','ways that',341),('entity:node/21:en','rendered_item','web',4076),('entity:node/21:en','rendered_item','web analytics',319),('entity:node/21:en','rendered_item','web beacons',2554),('entity:node/21:en','rendered_item','web pages',450),('entity:node/21:en','rendered_item','web sites',287),('entity:node/21:en','rendered_item','web traffic',465),('entity:node/21:en','rendered_item','website',1677),('entity:node/21:en','rendered_item','website and',496),('entity:node/21:en','rendered_item','website not',228),('entity:node/21:en','rendered_item','website the',453),('entity:node/21:en','rendered_item','website track',499),('entity:node/21:en','rendered_item','websites',4776),('entity:node/21:en','rendered_item','websites and',1603),('entity:node/21:en','rendered_item','websites features',1000),('entity:node/21:en','rendered_item','websites imitate',226),('entity:node/21:en','rendered_item','websites may',753),('entity:node/21:en','rendered_item','websites order',226),('entity:node/21:en','rendered_item','websites services',286),('entity:node/21:en','rendered_item','websites these',227),('entity:node/21:en','rendered_item','websites you',456),('entity:node/21:en','rendered_item','well',1286),('entity:node/21:en','rendered_item','well any',1000),('entity:node/21:en','rendered_item','well other',286),('entity:node/21:en','rendered_item','were',1953),('entity:node/21:en','rendered_item','were actually',878),('entity:node/21:en','rendered_item','were combined',632),('entity:node/21:en','rendered_item','were sent',442),('entity:node/21:en','rendered_item','what',3186),('entity:node/21:en','rendered_item','what choices',1000),('entity:node/21:en','rendered_item','what content',455),('entity:node/21:en','rendered_item','what happens',317),('entity:node/21:en','rendered_item','what information',1000),('entity:node/21:en','rendered_item','what not',413),('entity:node/21:en','rendered_item','when',5893),('entity:node/21:en','rendered_item','when browsers',528),('entity:node/21:en','rendered_item','when divihn',240),('entity:node/21:en','rendered_item','when receives',411),('entity:node/21:en','rendered_item','when they',619),('entity:node/21:en','rendered_item','when transfer',490),('entity:node/21:en','rendered_item','when visiting',287),('entity:node/21:en','rendered_item','when you',3314),('entity:node/21:en','rendered_item','whenever',548),('entity:node/21:en','rendered_item','whenever you',547),('entity:node/21:en','rendered_item','where',865),('entity:node/21:en','rendered_item','where determine',304),('entity:node/21:en','rendered_item','where prohibited',295),('entity:node/21:en','rendered_item','where you',266),('entity:node/21:en','rendered_item','whether',1675),('entity:node/21:en','rendered_item','whether hold',270),('entity:node/21:en','rendered_item','whether provision',597),('entity:node/21:en','rendered_item','whether share',547),('entity:node/21:en','rendered_item','whether the',259),('entity:node/21:en','rendered_item','which',2414),('entity:node/21:en','rendered_item','which are',451),('entity:node/21:en','rendered_item','which case',392),('entity:node/21:en','rendered_item','which expire',472),('entity:node/21:en','rendered_item','which may',296),('entity:node/21:en','rendered_item','which provides',558),('entity:node/21:en','rendered_item','which you',245),('entity:node/21:en','rendered_item','while',1790),('entity:node/21:en','rendered_item','while may',283),('entity:node/21:en','rendered_item','while strive',248),('entity:node/21:en','rendered_item','while strongly',259),('entity:node/21:en','rendered_item','while these',1000),('entity:node/21:en','rendered_item','who',1061),('entity:node/21:en','rendered_item','who access',549),('entity:node/21:en','rendered_item','who provide',223),('entity:node/21:en','rendered_item','who use',289),('entity:node/21:en','rendered_item','whole',493),('entity:node/21:en','rendered_item','whole the',492),('entity:node/21:en','rendered_item','why',390),('entity:node/21:en','rendered_item','why testimonials',390),('entity:node/21:en','rendered_item','widgets',1000),('entity:node/21:en','rendered_item','widgets online',1000),('entity:node/21:en','rendered_item','will',12373),('entity:node/21:en','rendered_item','will actively',257),('entity:node/21:en','rendered_item','will apply',1000),('entity:node/21:en','rendered_item','will attempt',237),('entity:node/21:en','rendered_item','will considered',394),('entity:node/21:en','rendered_item','will continue',284),('entity:node/21:en','rendered_item','will directed',229),('entity:node/21:en','rendered_item','will disclose',307),('entity:node/21:en','rendered_item','will disclosed',316),('entity:node/21:en','rendered_item','will display',216),('entity:node/21:en','rendered_item','will effective',216),('entity:node/21:en','rendered_item','will have',396),('entity:node/21:en','rendered_item','will honor',271),('entity:node/21:en','rendered_item','will let',391),('entity:node/21:en','rendered_item','will longer',267),('entity:node/21:en','rendered_item','will need',314),('entity:node/21:en','rendered_item','will not',1250),('entity:node/21:en','rendered_item','will protect',245),('entity:node/21:en','rendered_item','will provide',486),('entity:node/21:en','rendered_item','will publicly',631),('entity:node/21:en','rendered_item','will remain',271),('entity:node/21:en','rendered_item','will respond',485),('entity:node/21:en','rendered_item','will share',312),('entity:node/21:en','rendered_item','will still',589),('entity:node/21:en','rendered_item','will subject',316),('entity:node/21:en','rendered_item','will treat',1182),('entity:node/21:en','rendered_item','will typically',313),('entity:node/21:en','rendered_item','will use',1198),('entity:node/21:en','rendered_item','winner',582),('entity:node/21:en','rendered_item','winner list',290),('entity:node/21:en','rendered_item','winner selection',291),('entity:node/21:en','rendered_item','wish',1042),('entity:node/21:en','rendered_item','wish opt',285),('entity:node/21:en','rendered_item','wish receive',371),('entity:node/21:en','rendered_item','wish update',386),('entity:node/21:en','rendered_item','with',37150),('entity:node/21:en','rendered_item','with administrative',376),('entity:node/21:en','rendered_item','with advertisements',555),('entity:node/21:en','rendered_item','with advertising',290),('entity:node/21:en','rendered_item','with any',904),('entity:node/21:en','rendered_item','with comarketing',580),('entity:node/21:en','rendered_item','with divihn',1159),('entity:node/21:en','rendered_item','with government',620),('entity:node/21:en','rendered_item','with information',4669),('entity:node/21:en','rendered_item','with legal',335),('entity:node/21:en','rendered_item','with may',288),('entity:node/21:en','rendered_item','with merger',301),('entity:node/21:en','rendered_item','with network',288),('entity:node/21:en','rendered_item','with nonidentifying',609),('entity:node/21:en','rendered_item','with opportunity',316),('entity:node/21:en','rendered_item','with other',2372),('entity:node/21:en','rendered_item','with others',253),('entity:node/21:en','rendered_item','with our',1334),('entity:node/21:en','rendered_item','with outside',583),('entity:node/21:en','rendered_item','with permission',549),('entity:node/21:en','rendered_item','with personal',1277),('entity:node/21:en','rendered_item','with regard',797),('entity:node/21:en','rendered_item','with reporting',309),('entity:node/21:en','rendered_item','with respect',723),('entity:node/21:en','rendered_item','with similar',245),('entity:node/21:en','rendered_item','with sweepstakes',326),('entity:node/21:en','rendered_item','with that',447),('entity:node/21:en','rendered_item','with the',7335),('entity:node/21:en','rendered_item','with them',345),('entity:node/21:en','rendered_item','with these',285),('entity:node/21:en','rendered_item','with third',3088),('entity:node/21:en','rendered_item','with thirdparty',576),('entity:node/21:en','rendered_item','with unique',452),('entity:node/21:en','rendered_item','with websites',526),('entity:node/21:en','rendered_item','with winner',292),('entity:node/21:en','rendered_item','with you',904),('entity:node/21:en','rendered_item','with your',2843),('entity:node/21:en','rendered_item','withholding',594),('entity:node/21:en','rendered_item','withholding such',593),('entity:node/21:en','rendered_item','within',1342),('entity:node/21:en','rendered_item','within 30',268),('entity:node/21:en','rendered_item','within closed',256),('entity:node/21:en','rendered_item','within mobile',287),('entity:node/21:en','rendered_item','within the',530),('entity:node/21:en','rendered_item','without',1691),('entity:node/21:en','rendered_item','without limitation',1690),('entity:node/21:en','rendered_item','work',1835),('entity:node/21:en','rendered_item','work and',1000),('entity:node/21:en','rendered_item','work diaries',257),('entity:node/21:en','rendered_item','work with',578),('entity:node/21:en','rendered_item','works',289),('entity:node/21:en','rendered_item','works with',288),('entity:node/21:en','rendered_item','would',1165),('entity:node/21:en','rendered_item','would considered',637),('entity:node/21:en','rendered_item','would like',527),('entity:node/21:en','rendered_item','write',218),('entity:node/21:en','rendered_item','write the',218),('entity:node/21:en','rendered_item','writing',219),('entity:node/21:en','rendered_item','writing you',218),('entity:node/21:en','rendered_item','wwwaboutadsinfo',279),('entity:node/21:en','rendered_item','wwwaboutadsinfo choices',279),('entity:node/21:en','rendered_item','wwwallaboutdntcom',408),('entity:node/21:en','rendered_item','wwwallaboutdntcom visitor',407),('entity:node/21:en','rendered_item','wwwconsumerftcgov',224),('entity:node/21:en','rendered_item','wwwconsumerftcgov articles',224),('entity:node/21:en','rendered_item','wwwdivihncom',1000),('entity:node/21:en','rendered_item','wwwdivihncom the',1000),('entity:node/21:en','rendered_item','wwwjamsadrcom',231),('entity:node/21:en','rendered_item','wwwjamsadrcom euusprivacyshield',231),('entity:node/21:en','rendered_item','wwwnetworkadvertisingorg',280),('entity:node/21:en','rendered_item','wwwnetworkadvertisingorg managing',280),('entity:node/21:en','rendered_item','wwwprivacyshieldgov',480),('entity:node/21:en','rendered_item','wwwprivacyshieldgov list',240),('entity:node/21:en','rendered_item','wwwprivacyshieldgov when',240),('entity:node/21:en','rendered_item','year',221),('entity:node/21:en','rendered_item','year information',221),('entity:node/21:en','rendered_item','years',332),('entity:node/21:en','rendered_item','years your',331),('entity:node/21:en','rendered_item','you',66139),('entity:node/21:en','rendered_item','you access',547),('entity:node/21:en','rendered_item','you advertisements',289),('entity:node/21:en','rendered_item','you agree',633),('entity:node/21:en','rendered_item','you also',592),('entity:node/21:en','rendered_item','you and',1738),('entity:node/21:en','rendered_item','you are',2819),('entity:node/21:en','rendered_item','you ask',267),('entity:node/21:en','rendered_item','you automatically',418),('entity:node/21:en','rendered_item','you believe',484),('entity:node/21:en','rendered_item','you both',368),('entity:node/21:en','rendered_item','you can',1405),('entity:node/21:en','rendered_item','you certain',277),('entity:node/21:en','rendered_item','you choice',220),('entity:node/21:en','rendered_item','you choose',3231),('entity:node/21:en','rendered_item','you click',432),('entity:node/21:en','rendered_item','you close',257),('entity:node/21:en','rendered_item','you collected',589),('entity:node/21:en','rendered_item','you combine',589),('entity:node/21:en','rendered_item','you completely',267),('entity:node/21:en','rendered_item','you comply',380),('entity:node/21:en','rendered_item','you conducting',260),('entity:node/21:en','rendered_item','you consent',216),('entity:node/21:en','rendered_item','you create',227),('entity:node/21:en','rendered_item','you decide',373),('entity:node/21:en','rendered_item','you directly',647),('entity:node/21:en','rendered_item','you disconnect',428),('entity:node/21:en','rendered_item','you email',216),('entity:node/21:en','rendered_item','you encourage',227),('entity:node/21:en','rendered_item','you enter',251),('entity:node/21:en','rendered_item','you entered',536),('entity:node/21:en','rendered_item','you first',259),('entity:node/21:en','rendered_item','you from',1584),('entity:node/21:en','rendered_item','you government',307),('entity:node/21:en','rendered_item','you have',2120),('entity:node/21:en','rendered_item','you identified',627),('entity:node/21:en','rendered_item','you improve',524),('entity:node/21:en','rendered_item','you including',617),('entity:node/21:en','rendered_item','you information',327),('entity:node/21:en','rendered_item','you initially',245),('entity:node/21:en','rendered_item','you know',1391),('entity:node/21:en','rendered_item','you later',315),('entity:node/21:en','rendered_item','you logged',266),('entity:node/21:en','rendered_item','you longer',686),('entity:node/21:en','rendered_item','you may',5342),('entity:node/21:en','rendered_item','you much',349),('entity:node/21:en','rendered_item','you must',437),('entity:node/21:en','rendered_item','you nor',254),('entity:node/21:en','rendered_item','you not',1059),('entity:node/21:en','rendered_item','you opt',276),('entity:node/21:en','rendered_item','you participate',405),('entity:node/21:en','rendered_item','you personal',1679),('entity:node/21:en','rendered_item','you please',233),('entity:node/21:en','rendered_item','you post',396),('entity:node/21:en','rendered_item','you posted',782),('entity:node/21:en','rendered_item','you provide',2684),('entity:node/21:en','rendered_item','you provided',259),('entity:node/21:en','rendered_item','you publicly',383),('entity:node/21:en','rendered_item','you read',1200),('entity:node/21:en','rendered_item','you receive',726),('entity:node/21:en','rendered_item','you regarding',1000),('entity:node/21:en','rendered_item','you registered',279),('entity:node/21:en','rendered_item','you represent',365),('entity:node/21:en','rendered_item','you request',602),('entity:node/21:en','rendered_item','you review',449),('entity:node/21:en','rendered_item','you routinely',329),('entity:node/21:en','rendered_item','you specific',839),('entity:node/21:en','rendered_item','you submit',269),('entity:node/21:en','rendered_item','you submitted',484),('entity:node/21:en','rendered_item','you targeted',285),('entity:node/21:en','rendered_item','you the',1475),('entity:node/21:en','rendered_item','you then',603),('entity:node/21:en','rendered_item','you this',1438),('entity:node/21:en','rendered_item','you transmit',247),('entity:node/21:en','rendered_item','you understand',1000),('entity:node/21:en','rendered_item','you update',256),('entity:node/21:en','rendered_item','you use',2858),('entity:node/21:en','rendered_item','you visit',929),('entity:node/21:en','rendered_item','you visited',530),('entity:node/21:en','rendered_item','you web',452),('entity:node/21:en','rendered_item','you whenever',548),('entity:node/21:en','rendered_item','you will',1093),('entity:node/21:en','rendered_item','you wish',671),('entity:node/21:en','rendered_item','you with',2215),('entity:node/21:en','rendered_item','you would',527),('entity:node/21:en','rendered_item','you you',1262),('entity:node/21:en','rendered_item','you your',217),('entity:node/21:en','rendered_item','younger',2176),('entity:node/21:en','rendered_item','younger than',2174),('entity:node/21:en','rendered_item','your',43088),('entity:node/21:en','rendered_item','your ability',219),('entity:node/21:en','rendered_item','your access',1000),('entity:node/21:en','rendered_item','your account',1827),('entity:node/21:en','rendered_item','your activity',643),('entity:node/21:en','rendered_item','your browser',890),('entity:node/21:en','rendered_item','your california',442),('entity:node/21:en','rendered_item','your child',704),('entity:node/21:en','rendered_item','your choices',982),('entity:node/21:en','rendered_item','your comment',396),('entity:node/21:en','rendered_item','your comments',1196),('entity:node/21:en','rendered_item','your complaint',693),('entity:node/21:en','rendered_item','your compliance',474),('entity:node/21:en','rendered_item','your computer',1618),('entity:node/21:en','rendered_item','your concerns',236),('entity:node/21:en','rendered_item','your consent',1438),('entity:node/21:en','rendered_item','your contact',269),('entity:node/21:en','rendered_item','your data',253),('entity:node/21:en','rendered_item','your date',797),('entity:node/21:en','rendered_item','your device',793),('entity:node/21:en','rendered_item','your email',436),('entity:node/21:en','rendered_item','your governmentissued',767),('entity:node/21:en','rendered_item','your identity',787),('entity:node/21:en','rendered_item','your information',2031),('entity:node/21:en','rendered_item','your inquiries',715),('entity:node/21:en','rendered_item','your interactions',433),('entity:node/21:en','rendered_item','your issue',235),('entity:node/21:en','rendered_item','your job',519),('entity:node/21:en','rendered_item','your login',560),('entity:node/21:en','rendered_item','your mailing',217),('entity:node/21:en','rendered_item','your name',3650),('entity:node/21:en','rendered_item','your online',547),('entity:node/21:en','rendered_item','your personal',9302),('entity:node/21:en','rendered_item','your profile',226),('entity:node/21:en','rendered_item','your proposal',364),('entity:node/21:en','rendered_item','your questions',236),('entity:node/21:en','rendered_item','your registration',855),('entity:node/21:en','rendered_item','your request',847),('entity:node/21:en','rendered_item','your requests',638),('entity:node/21:en','rendered_item','your testimonial',772),('entity:node/21:en','rendered_item','your transactions',378),('entity:node/21:en','rendered_item','your use',2327),('entity:node/21:en','rendered_item','your viewing',612),('entity:node/21:en','rendered_item','your visits',286),('entity:node/21:en','rendered_item','your work',257),('entity:node/21:en','rendered_item','your writing',219),('entity:node/21:en','rendered_item','zip',913),('entity:node/21:en','rendered_item','zip code',217),('entity:node/21:en','rendered_item','zip codes',694),('entity:node/21:en','title','policy',8000),('entity:node/21:en','title','privacy',8000),('entity:node/21:en','title','privacy policy',8000),('entity:node/23:en','title','serve',8000),('entity:node/23:en','title','who',8000),('entity:node/23:en','title','who serve',8000),('entity:node/24:en','title','cmmi',8000),('entity:node/25:en','title','9001',8000),('entity:node/25:en','title','iso',8000),('entity:node/25:en','title','iso 9001',8000),('entity:node/26:en','title','20000',8000),('entity:node/26:en','title','iso',8000),('entity:node/26:en','title','iso 20000',8000),('entity:node/27:en','title','27001',8000),('entity:node/27:en','title','iso',8000),('entity:node/27:en','title','iso 27001',8000),('entity:node/28:en','title','and',8000),('entity:node/28:en','title','and solutions',8000),('entity:node/28:en','title','government',8000),('entity:node/28:en','title','holistic',8000),('entity:node/28:en','title','holistic technology',8000),('entity:node/28:en','title','our',8000),('entity:node/28:en','title','our government',8000),('entity:node/28:en','title','service',8000),('entity:node/28:en','title','service our',8000),('entity:node/28:en','title','services',8000),('entity:node/28:en','title','services and',8000),('entity:node/28:en','title','solutions',8000),('entity:node/28:en','title','solutions service',8000),('entity:node/28:en','title','technology',8000),('entity:node/28:en','title','technology services',8000),('entity:node/29:en','title','and',8000),('entity:node/29:en','title','and solutions',8000),('entity:node/29:en','title','government',8000),('entity:node/29:en','title','holistic',8000),('entity:node/29:en','title','holistic technology',8000),('entity:node/29:en','title','our',8000),('entity:node/29:en','title','our government',8000),('entity:node/29:en','title','service',8000),('entity:node/29:en','title','service our',8000),('entity:node/29:en','title','services',8000),('entity:node/29:en','title','services and',8000),('entity:node/29:en','title','solutions',8000),('entity:node/29:en','title','solutions service',8000),('entity:node/29:en','title','technology',8000),('entity:node/29:en','title','technology services',8000),('entity:node/2:en','title','and',8000),('entity:node/2:en','title','and collaborative',8000),('entity:node/2:en','title','approaches',8000),('entity:node/2:en','title','approaches proven',8000),('entity:node/2:en','title','collaborative',8000),('entity:node/2:en','title','collaborative partnerships',8000),('entity:node/2:en','title','expertise',8000),('entity:node/2:en','title','expertise and',8000),('entity:node/2:en','title','holistic',8000),('entity:node/2:en','title','holistic approaches',8000),('entity:node/2:en','title','mindful',8000),('entity:node/2:en','title','mindful technology',8000),('entity:node/2:en','title','partnerships',8000),('entity:node/2:en','title','proven',8000),('entity:node/2:en','title','proven expertise',8000),('entity:node/2:en','title','solutions',8000),('entity:node/2:en','title','solutions through',8000),('entity:node/2:en','title','technology',8000),('entity:node/2:en','title','technology solutions',8000),('entity:node/2:en','title','through',8000),('entity:node/2:en','title','through holistic',8000),('entity:node/31:en','title','digital',8000),('entity:node/31:en','title','digital strategy',8000),('entity:node/31:en','title','strategy',8000),('entity:node/31:en','title','strategy transformation',8000),('entity:node/31:en','title','transformation',8000),('entity:node/38:en','title','divihn',8000),('entity:node/38:en','title','why',8000),('entity:node/38:en','title','why divihn',8000),('entity:node/41:en','title','cat3',8000),('entity:node/41:en','title','cat3 jpmc',8000),('entity:node/41:en','title','jpmc',8000),('entity:node/41:en','title','tops',8000),('entity:node/41:en','title','tops cat3',8000),('entity:node/42:en','title','cooperative',8000),('entity:node/42:en','title','education',8000),('entity:node/42:en','title','education cooperative',8000),('entity:node/42:en','title','higher',8000),('entity:node/42:en','title','higher education',8000),('entity:node/42:en','title','illinois',8000),('entity:node/42:en','title','illinois public',8000),('entity:node/42:en','title','public',8000),('entity:node/42:en','title','public higher',8000),('entity:node/43:en','title','gonc',8000),('entity:node/43:en','title','laszlo',8000),('entity:node/43:en','title','laszlo gonc',8000),('entity:node/44:en','title','cybersecurity',8000),('entity:node/44:en','title','device',8000),('entity:node/44:en','title','device cybersecurity',8000),('entity:node/44:en','title','iot',8000),('entity:node/44:en','title','iot medical',8000),('entity:node/44:en','title','medical',8000),('entity:node/44:en','title','medical device',8000),('entity:node/46:en','title','business',8000),('entity:node/46:en','title','securing',8000),('entity:node/46:en','title','securing your',8000),('entity:node/46:en','title','trust',8000),('entity:node/46:en','title','trust securing',8000),('entity:node/46:en','title','your',8000),('entity:node/46:en','title','your business',8000),('entity:node/46:en','title','zero',8000),('entity:node/46:en','title','zero trust',8000),('entity:node/47:en','title','cybersecurity',8000),('entity:node/47:en','title','cybersecurity incident',8000),('entity:node/47:en','title','incident',8000),('entity:node/47:en','title','incident response',8000),('entity:node/47:en','title','preparedness',8000),('entity:node/47:en','title','response',8000),('entity:node/47:en','title','response preparedness',8000),('entity:node/48:en','title','business',8000),('entity:node/48:en','title','business risk',8000),('entity:node/48:en','title','context',8000),('entity:node/48:en','title','context increased',8000),('entity:node/48:en','title','increased',8000),('entity:node/48:en','title','increased remote',8000),('entity:node/48:en','title','managing',8000),('entity:node/48:en','title','managing business',8000),('entity:node/48:en','title','remote',8000),('entity:node/48:en','title','risk',8000),('entity:node/48:en','title','risk the',8000),('entity:node/48:en','title','the',8000),('entity:node/48:en','title','the context',8000),('entity:node/49:en','title','awareness',8000),('entity:node/49:en','title','awareness training',8000),('entity:node/49:en','title','employee',8000),('entity:node/49:en','title','employee security',8000),('entity:node/49:en','title','security',8000),('entity:node/49:en','title','security awareness',8000),('entity:node/49:en','title','training',8000),('entity:node/50:en','title','chain',8000),('entity:node/50:en','title','chain risk',8000),('entity:node/50:en','title','covid19',8000),('entity:node/50:en','title','during',8000),('entity:node/50:en','title','during the',8000),('entity:node/50:en','title','risk',8000),('entity:node/50:en','title','risk during',8000),('entity:node/50:en','title','supply',8000),('entity:node/50:en','title','supply chain',8000),('entity:node/50:en','title','the',8000),('entity:node/50:en','title','the covid19',8000),('entity:node/50:en','title','thirdparty',8000),('entity:node/50:en','title','thirdparty supply',8000),('entity:node/51:en','title','enterprise',8000),('entity:node/51:en','title','enterprise security',8000),('entity:node/51:en','title','model',8000),('entity:node/51:en','title','security',8000),('entity:node/51:en','title','security model',8000),('entity:node/51:en','title','trust',8000),('entity:node/51:en','title','trust enterprise',8000),('entity:node/51:en','title','zero',8000),('entity:node/51:en','title','zero trust',8000),('entity:node/53:en','title','and',8000),('entity:node/53:en','title','and preparation',8000),('entity:node/53:en','title','applicability',8000),('entity:node/53:en','title','applicability and',8000),('entity:node/53:en','title','ccpa',8000),('entity:node/53:en','title','ccpa insights',8000),('entity:node/53:en','title','insights',8000),('entity:node/53:en','title','insights into',8000),('entity:node/53:en','title','into',8000),('entity:node/53:en','title','into applicability',8000),('entity:node/53:en','title','preparation',8000),('entity:node/55:en','title','managing',8000),('entity:node/55:en','title','managing risk',8000),('entity:node/55:en','title','open',8000),('entity:node/55:en','title','open source',8000),('entity:node/55:en','title','risk',8000),('entity:node/55:en','title','risk open',8000),('entity:node/55:en','title','source',8000),('entity:node/55:en','title','whitepaper',8000),('entity:node/55:en','title','whitepaper managing',8000),('entity:node/57:en','title','management',8000),('entity:node/57:en','title','ransomware',8000),('entity:node/57:en','title','ransomware threat',8000),('entity:node/57:en','title','threat',8000),('entity:node/57:en','title','threat management',8000),('entity:node/57:en','title','whitepaper',8000),('entity:node/57:en','title','whitepaper ransomware',8000),('entity:node/58:en','title','joseph',8000),('entity:node/58:en','title','joseph norton',8000),('entity:node/58:en','title','norton',8000),('entity:node/59:en','title','govilkar',8000),('entity:node/59:en','title','shantanoo',8000),('entity:node/59:en','title','shantanoo govilkar',8000),('entity:node/5:en','title','excellence',8000),('entity:node/5:en','title','excellence with',8000),('entity:node/5:en','title','grace',8000),('entity:node/5:en','title','seeking',8000),('entity:node/5:en','title','seeking excellence',8000),('entity:node/5:en','title','with',8000),('entity:node/5:en','title','with grace',8000),('entity:node/60:en','title','adoption',8000),('entity:node/60:en','title','adoption federal',8000),('entity:node/60:en','title','architecture',8000),('entity:node/60:en','title','architecture adoption',8000),('entity:node/60:en','title','federal',8000),('entity:node/60:en','title','federal government',8000),('entity:node/60:en','title','government',8000),('entity:node/60:en','title','trust',8000),('entity:node/60:en','title','trust architecture',8000),('entity:node/60:en','title','zero',8000),('entity:node/60:en','title','zero trust',8000),('entity:node/61:en','title','cybersecurity',8000),('entity:node/61:en','title','effective',8000),('entity:node/61:en','title','effective cybersecurity',8000),('entity:node/61:en','title','practicing',8000),('entity:node/61:en','title','practicing effective',8000),('entity:node/62:en','title','adoption',8000),('entity:node/62:en','title','adoption federal',8000),('entity:node/62:en','title','architecture',8000),('entity:node/62:en','title','architecture adoption',8000),('entity:node/62:en','title','federal',8000),('entity:node/62:en','title','federal government',8000),('entity:node/62:en','title','government',8000),('entity:node/62:en','title','trust',8000),('entity:node/62:en','title','trust architecture',8000),('entity:node/62:en','title','zero',8000),('entity:node/62:en','title','zero trust',8000),('entity:node/63:en','title','adoption',8000),('entity:node/63:en','title','adoption federal',8000),('entity:node/63:en','title','architecture',8000),('entity:node/63:en','title','architecture adoption',8000),('entity:node/63:en','title','federal',8000),('entity:node/63:en','title','federal government',8000),('entity:node/63:en','title','government',8000),('entity:node/63:en','title','trust',8000),('entity:node/63:en','title','trust architecture',8000),('entity:node/63:en','title','zero',8000),('entity:node/63:en','title','zero trust',8000),('entity:node/64:en','title','design',8000),('entity:node/64:en','title','security',8000),('entity:node/64:en','title','security design',8000),('entity:node/65:en','title','2',8000),('entity:node/65:en','title','design',8000),('entity:node/65:en','title','design part',8000),('entity:node/65:en','title','part',8000),('entity:node/65:en','title','part 2',8000),('entity:node/65:en','title','security',8000),('entity:node/65:en','title','security design',8000),('entity:node/66:en','title','3',8000),('entity:node/66:en','title','design',8000),('entity:node/66:en','title','design part',8000),('entity:node/66:en','title','part',8000),('entity:node/66:en','title','part 3',8000),('entity:node/66:en','title','security',8000),('entity:node/66:en','title','security design',8000),('entity:node/67:en','title','4',8000),('entity:node/67:en','title','design',8000),('entity:node/67:en','title','design part',8000),('entity:node/67:en','title','part',8000),('entity:node/67:en','title','part 4',8000),('entity:node/67:en','title','security',8000),('entity:node/67:en','title','security design',8000),('entity:node/68:en','title','5',8000),('entity:node/68:en','title','design',8000),('entity:node/68:en','title','design part',8000),('entity:node/68:en','title','part',8000),('entity:node/68:en','title','part 5',8000),('entity:node/68:en','title','security',8000),('entity:node/68:en','title','security design',8000),('entity:node/69:en','title','jeff',8000),('entity:node/69:en','title','jeff lanham',8000),('entity:node/69:en','title','lanham',8000),('entity:node/6:en','title','and',8000),('entity:node/6:en','title','and roadmaps',8000),('entity:node/6:en','title','architecture',8000),('entity:node/6:en','title','architecture and',8000),('entity:node/6:en','title','enterprise',8000),('entity:node/6:en','title','enterprise architecture',8000),('entity:node/6:en','title','roadmaps',8000),('entity:node/70:en','title','eliza',8000),('entity:node/70:en','title','legacy',8000),('entity:node/70:en','title','legacy eliza',8000),('entity:node/70:en','title','the',8000),('entity:node/70:en','title','the legacy',8000),('entity:node/71:en','title','agencies',8000),('entity:node/71:en','title','and',16000),('entity:node/71:en','title','and government',8000),('entity:node/71:en','title','and talent',8000),('entity:node/71:en','title','education',8000),('entity:node/71:en','title','education and',8000),('entity:node/71:en','title','for',8000),('entity:node/71:en','title','for state',8000),('entity:node/71:en','title','government',8000),('entity:node/71:en','title','government agencies',8000),('entity:node/71:en','title','local',8000),('entity:node/71:en','title','local education',8000),('entity:node/71:en','title','solutions',8000),('entity:node/71:en','title','solutions for',8000),('entity:node/71:en','title','state',8000),('entity:node/71:en','title','state local',8000),('entity:node/71:en','title','talent',8000),('entity:node/71:en','title','talent solutions',8000),('entity:node/71:en','title','technology',8000),('entity:node/71:en','title','technology and',8000),('entity:node/72:en','title','kannan',8000),('entity:node/72:en','title','kannan venkataraman',8000),('entity:node/72:en','title','venkataraman',8000),('entity:node/73:en','title','benefits',8000),('entity:node/73:en','title','benefits salesforce',8000),('entity:node/73:en','title','communities',8000),('entity:node/73:en','title','salesforce',8000),('entity:node/73:en','title','salesforce communities',8000),('entity:node/73:en','title','the',8000),('entity:node/73:en','title','the benefits',8000),('entity:node/74:en','title','all',8000),('entity:node/74:en','title','all responsibly',8000),('entity:node/74:en','title','artificial',8000),('entity:node/74:en','title','artificial intelligence',8000),('entity:node/74:en','title','for',8000),('entity:node/74:en','title','for all',8000),('entity:node/74:en','title','intelligence',8000),('entity:node/74:en','title','intelligence for',8000),('entity:node/74:en','title','responsibly',8000),('entity:node/75:en','title','doug',8000),('entity:node/75:en','title','doug picirillo',8000),('entity:node/75:en','title','picirillo',8000),('entity:node/76:en','title','applications',8000),('entity:node/76:en','title','enterprise',8000),('entity:node/76:en','title','enterprise applications',8000),('entity:node/76:en','title','mainstream',8000),('entity:node/76:en','title','mainstream enterprise',8000),('entity:node/77:en','title','does',8000),('entity:node/77:en','title','does offer',8000),('entity:node/77:en','title','humankind',8000),('entity:node/77:en','title','offer',8000),('entity:node/77:en','title','offer humankind',8000),('entity:node/77:en','title','what',8000),('entity:node/77:en','title','what does',8000),('entity:node/78:en','title','does',8000),('entity:node/78:en','title','does offer',8000),('entity:node/78:en','title','enterprise',8000),('entity:node/78:en','title','enterprise systems',8000),('entity:node/78:en','title','mainstream',8000),('entity:node/78:en','title','mainstream enterprise',8000),('entity:node/78:en','title','offer',8000),('entity:node/78:en','title','offer users',8000),('entity:node/78:en','title','systems',8000),('entity:node/78:en','title','users',8000),('entity:node/78:en','title','users mainstream',8000),('entity:node/78:en','title','what',8000),('entity:node/78:en','title','what does',8000),('entity:node/79:en','title','and',8000),('entity:node/79:en','title','and compliance',8000),('entity:node/79:en','title','compliance',8000),('entity:node/79:en','title','compliance grc',8000),('entity:node/79:en','title','definitive',8000),('entity:node/79:en','title','definitive guide',8000),('entity:node/79:en','title','governance',8000),('entity:node/79:en','title','governance risk',8000),('entity:node/79:en','title','grc',8000),('entity:node/79:en','title','grc definitive',8000),('entity:node/79:en','title','guide',8000),('entity:node/79:en','title','risk',8000),('entity:node/79:en','title','risk and',8000),('entity:node/79:en','title','what',8000),('entity:node/79:en','title','what governance',8000),('entity:node/7:en','title','modern',8000),('entity:node/7:en','title','modern platform',8000),('entity:node/7:en','title','platform',8000),('entity:node/7:en','title','powered',8000),('entity:node/7:en','title','powered modern',8000),('entity:node/7:en','title','salesforce',8000),('entity:node/7:en','title','salesforce powered',8000),('entity:node/80:en','title','15',8000),('entity:node/80:en','title','15 best',8000),('entity:node/80:en','title','best',8000),('entity:node/80:en','title','best practices',8000),('entity:node/80:en','title','development',8000),('entity:node/80:en','title','practices',8000),('entity:node/80:en','title','practices salesforce',8000),('entity:node/80:en','title','salesforce',8000),('entity:node/80:en','title','salesforce development',8000),('entity:node/81:en','title','adaptive',8000),('entity:node/81:en','title','adaptive enterprise',8000),('entity:node/81:en','title','architecture',8000),('entity:node/81:en','title','business',8000),('entity:node/81:en','title','business potential',8000),('entity:node/81:en','title','enterprise',8000),('entity:node/81:en','title','enterprise architecture',8000),('entity:node/81:en','title','potential',8000),('entity:node/81:en','title','potential the',8000),('entity:node/81:en','title','power',8000),('entity:node/81:en','title','power adaptive',8000),('entity:node/81:en','title','the',8000),('entity:node/81:en','title','the power',8000),('entity:node/81:en','title','unleashing',8000),('entity:node/81:en','title','unleashing business',8000),('entity:node/82:en','title','6',8000),('entity:node/82:en','title','design',8000),('entity:node/82:en','title','design part',8000),('entity:node/82:en','title','part',8000),('entity:node/82:en','title','part 6',8000),('entity:node/82:en','title','security',8000),('entity:node/82:en','title','security design',8000),('entity:node/83:en','title','7',8000),('entity:node/83:en','title','design',8000),('entity:node/83:en','title','design part',8000),('entity:node/83:en','title','part',8000),('entity:node/83:en','title','part 7',8000),('entity:node/83:en','title','security',8000),('entity:node/83:en','title','security design',8000),('entity:node/84:en','title','8',8000),('entity:node/84:en','title','design',8000),('entity:node/84:en','title','design part',8000),('entity:node/84:en','title','part',8000),('entity:node/84:en','title','part 8',8000),('entity:node/84:en','title','security',8000),('entity:node/84:en','title','security design',8000),('entity:node/85:en','title','9',8000),('entity:node/85:en','title','design',8000),('entity:node/85:en','title','design part',8000),('entity:node/85:en','title','part',8000),('entity:node/85:en','title','part 9',8000),('entity:node/85:en','title','security',8000),('entity:node/85:en','title','security design',8000),('entity:node/86:en','title','10',8000),('entity:node/86:en','title','design',8000),('entity:node/86:en','title','design part',8000),('entity:node/86:en','title','part',8000),('entity:node/86:en','title','part 10',8000),('entity:node/86:en','title','security',8000),('entity:node/86:en','title','security design',8000),('entity:node/87:en','title','11',8000),('entity:node/87:en','title','design',8000),('entity:node/87:en','title','design part',8000),('entity:node/87:en','title','part',8000),('entity:node/87:en','title','part 11',8000),('entity:node/87:en','title','security',8000),('entity:node/87:en','title','security design',8000),('entity:node/88:en','title','12',8000),('entity:node/88:en','title','design',8000),('entity:node/88:en','title','design part',8000),('entity:node/88:en','title','part',8000),('entity:node/88:en','title','part 12',8000),('entity:node/88:en','title','security',8000),('entity:node/88:en','title','security design',8000),('entity:node/89:en','title','13',8000),('entity:node/89:en','title','design',8000),('entity:node/89:en','title','design part',8000),('entity:node/89:en','title','part',8000),('entity:node/89:en','title','part 13',8000),('entity:node/89:en','title','security',8000),('entity:node/89:en','title','security design',8000),('entity:node/8:en','title','cash',8000),('entity:node/8:en','title','cash platform',8000),('entity:node/8:en','title','custom',8000),('entity:node/8:en','title','custom lead',8000),('entity:node/8:en','title','lead',8000),('entity:node/8:en','title','lead cash',8000),('entity:node/8:en','title','platform',8000),('entity:node/90:en','title','14',8000),('entity:node/90:en','title','design',8000),('entity:node/90:en','title','design part',8000),('entity:node/90:en','title','part',8000),('entity:node/90:en','title','part 14',8000),('entity:node/90:en','title','security',8000),('entity:node/90:en','title','security design',8000),('entity:node/91:en','title','ciso',8000),('entity:node/91:en','title','ciso exchange',8000),('entity:node/91:en','title','digital',8000),('entity:node/91:en','title','digital world',8000),('entity:node/91:en','title','exchange',8000),('entity:node/91:en','title','exchange for',8000),('entity:node/91:en','title','for',8000),('entity:node/91:en','title','for safer',8000),('entity:node/91:en','title','safer',8000),('entity:node/91:en','title','safer digital',8000),('entity:node/91:en','title','the',8000),('entity:node/91:en','title','the ciso',8000),('entity:node/91:en','title','world',8000),('entity:node/92:en','title','perspectives',8000),('entity:node/93:en','title','network',8000),('entity:node/93:en','title','our',8000),('entity:node/93:en','title','our network',8000),('entity:node/93:en','title','talent',8000),('entity:node/93:en','title','talent our',8000),('entity:node/93:en','title','your',8000),('entity:node/93:en','title','your talent',8000),('entity:node/94:en','title','job',8000),('entity:node/94:en','title','job openings',8000),('entity:node/94:en','title','openings',8000),('entity:node/95:en','title','grow',8000),('entity:node/95:en','title','grow with',8000),('entity:node/95:en','title','purpose',8000),('entity:node/95:en','title','with',8000),('entity:node/95:en','title','with purpose',8000),('entity:node/96:en','title','1',8000),('entity:node/96:en','title','day',8000),('entity:node/96:en','title','day 1',8000),('entity:node/96:en','title','integration',8000),('entity:node/96:en','title','integration preannounce',8000),('entity:node/96:en','title','preannounce',8000),('entity:node/96:en','title','preannounce through',8000),('entity:node/96:en','title','through',8000),('entity:node/96:en','title','through day',8000),('entity:node/97:en','title','cyber',8000),('entity:node/97:en','title','cyber pmo',8000),('entity:node/97:en','title','pmo',8000),('entity:node/97:en','title','pmo project',8000),('entity:node/97:en','title','prioritization',8000),('entity:node/97:en','title','project',8000),('entity:node/97:en','title','project prioritization',8000),('entity:node/98:en','title','architecture',8000),('entity:node/98:en','title','architecture for',8000),('entity:node/98:en','title','county',8000),('entity:node/98:en','title','county government',8000),('entity:node/98:en','title','cybersecurity',8000),('entity:node/98:en','title','cybersecurity architecture',8000),('entity:node/98:en','title','for',8000),('entity:node/98:en','title','for county',8000),('entity:node/98:en','title','government',8000),('entity:node/99:en','title','management',8000),('entity:node/99:en','title','party',8000),('entity:node/99:en','title','party risk',8000),('entity:node/99:en','title','risk',8000),('entity:node/99:en','title','risk management',8000),('entity:node/99:en','title','third',8000),('entity:node/99:en','title','third party',8000);

--
